66.249.64.71 - - [07/Dec/2025:16:45:22 +0330] "GET /?_lk=d3d3Lmxtc3lhcmFuLmly.c2ZqazkwZmFqc2xmc2Rs*&srd=1539&path=https://www.lmsyaran.ir/buy-item-id.php%26id=006175999.shtml HTTP/1.1" 200 57 "-" "Mozilla/5.0 (Linux; Android 6.0.1; Nexus 5X Build/MMB29P) AppleWebKit/537.36 (KHTML, like Gecko) Chrome/141.0.7390.122 Mobile Safari/537.36 (compatible; Googlebot/2.1; +http://www.google.com/bot.html)"
104.210.140.143 - - [07/Dec/2025:16:45:59 +0330] "GET /robots.txt HTTP/1.1" 404 - "-" "Mozilla/5.0 (Macintosh; Intel Mac OS X 10_15_7) AppleWebKit/537.36 (KHTML, like Gecko) Chrome/131.0.0.0 Safari/537.36; compatible; OAI-SearchBot/1.0; +https://openai.com/searchbot"
66.249.64.71 - - [07/Dec/2025:16:51:46 +0330] "GET /?_lk=d3d3Lmxtc3lhcmFuLmly.c2ZqazkwZmFqc2xmc2Rs*&srd=1539&path=https://www.lmsyaran.ir/buy-item-id.php%26id=089832649.shtml HTTP/1.1" 200 57 "-" "Mozilla/5.0 (Linux; Android 6.0.1; Nexus 5X Build/MMB29P) AppleWebKit/537.36 (KHTML, like Gecko) Chrome/141.0.7390.122 Mobile Safari/537.36 (compatible; Googlebot/2.1; +http://www.google.com/bot.html)"
66.249.64.71 - - [07/Dec/2025:16:58:09 +0330] "GET /?_lk=d3d3Lmxtc3lhcmFuLmly.c2ZqazkwZmFqc2xmc2Rs*&srd=1539&path=https://www.lmsyaran.ir/buy-item-id.php%26id=198316128.shtml HTTP/1.1" 200 57 "-" "Mozilla/5.0 (Linux; Android 6.0.1; Nexus 5X Build/MMB29P) AppleWebKit/537.36 (KHTML, like Gecko) Chrome/141.0.7390.122 Mobile Safari/537.36 (compatible; Googlebot/2.1; +http://www.google.com/bot.html)"
66.249.64.69 - - [07/Dec/2025:17:04:32 +0330] "GET /?_lk=d3d3Lmxtc3lhcmFuLmly.c2ZqazkwZmFqc2xmc2Rs*&srd=1539&path=https://www.lmsyaran.ir/buy-item-id.php%26id=178184666.shtml HTTP/1.1" 200 57 "-" "Mozilla/5.0 (Linux; Android 6.0.1; Nexus 5X Build/MMB29P) AppleWebKit/537.36 (KHTML, like Gecko) Chrome/141.0.7390.122 Mobile Safari/537.36 (compatible; Googlebot/2.1; +http://www.google.com/bot.html)"
188.166.230.55 - - [07/Dec/2025:17:07:07 +0330] "POST /administrator/index.php HTTP/1.1" 200 5462 "-" "Mozilla/5.0 (Windows NT 10.0; Win64; x64) AppleWebKit/537.36 (KHTML, like Gecko) Chrome/120.0.6099.71 Safari/537.36"
66.249.64.69 - - [07/Dec/2025:17:10:56 +0330] "GET /?_lk=d3d3Lmxtc3lhcmFuLmly.c2ZqazkwZmFqc2xmc2Rs*&srd=1539&path=https://www.lmsyaran.ir/buy-item-id.php%26id=257189116.shtml HTTP/1.1" 200 57 "-" "Mozilla/5.0 (Linux; Android 6.0.1; Nexus 5X Build/MMB29P) AppleWebKit/537.36 (KHTML, like Gecko) Chrome/141.0.7390.122 Mobile Safari/537.36 (compatible; Googlebot/2.1; +http://www.google.com/bot.html)"
194.187.251.170 - - [07/Dec/2025:17:16:57 +0330] "GET /payment/index.php HTTP/1.1" 404 - "-" "Mozilla/5.0 (Linux; Android 7.0; SM-A510S Build/NRD90M; wv) AppleWebKit/537.36 (KHTML, like Gecko) Version/4.0 Chrome/61.0.3163.98 Mobile Safari/537.36"
66.249.64.71 - - [07/Dec/2025:17:17:19 +0330] "GET /?_lk=d3d3Lmxtc3lhcmFuLmly.c2ZqazkwZmFqc2xmc2Rs*&srd=1539&path=https://www.lmsyaran.ir/buy-item-id.php%26id=790586419.shtml HTTP/1.1" 200 57 "-" "Mozilla/5.0 (Linux; Android 6.0.1; Nexus 5X Build/MMB29P) AppleWebKit/537.36 (KHTML, like Gecko) Chrome/141.0.7390.122 Mobile Safari/537.36 (compatible; Googlebot/2.1; +http://www.google.com/bot.html)"
91.224.92.157 - - [07/Dec/2025:17:18:32 +0330] "HEAD / HTTP/1.1" 200 - "-" "python-requests/2.32.5"
91.224.92.157 - - [07/Dec/2025:17:18:33 +0330] "GET /wp-admin/ HTTP/1.1" 404 - "binance.com" "Mozilla/5.0 (Linux; Android 14; SM-S918B) AppleWebKit/537.36 (KHTML, like Gecko) Chrome/120.0.0.0 Mobile Safari/537.36"
66.249.64.70 - - [07/Dec/2025:17:23:06 +0330] "GET /?_lk=d3d3Lmxtc3lhcmFuLmly.c2ZqazkwZmFqc2xmc2Rs*&srd=1539&path=https://www.lmsyaran.ir/buy-item-id.php%26id=97018143.shtml HTTP/1.1" 200 57 "-" "Mozilla/5.0 (Linux; Android 6.0.1; Nexus 5X Build/MMB29P) AppleWebKit/537.36 (KHTML, like Gecko) Chrome/141.0.7390.122 Mobile Safari/537.36 (compatible; Googlebot/2.1; +http://www.google.com/bot.html)"
188.166.230.55 - - [07/Dec/2025:17:24:06 +0330] "GET /administrator/index.php HTTP/1.1" 200 5462 "-" "Mozilla/5.0 (Windows NT 10.0; Win64; x64) AppleWebKit/537.36 (KHTML, like Gecko) Chrome/120.0.6099.71 Safari/537.36"
188.166.230.55 - - [07/Dec/2025:17:24:06 +0330] "GET /administrator/index.php HTTP/1.1" 200 5462 "-" "Mozilla/5.0 (Windows NT 10.0; Win64; x64) AppleWebKit/537.36 (KHTML, like Gecko) Chrome/120.0.6099.71 Safari/537.36"
188.166.230.55 - - [07/Dec/2025:17:24:07 +0330] "GET /administrator/index.php HTTP/1.1" 200 5462 "-" "Mozilla/5.0 (Windows NT 10.0; Win64; x64) AppleWebKit/537.36 (KHTML, like Gecko) Chrome/120.0.6099.71 Safari/537.36"
188.166.230.55 - - [07/Dec/2025:17:24:07 +0330] "GET /administrator/index.php HTTP/1.1" 200 5462 "-" "Mozilla/5.0 (Windows NT 10.0; Win64; x64) AppleWebKit/537.36 (KHTML, like Gecko) Chrome/120.0.6099.71 Safari/537.36"
188.166.230.55 - - [07/Dec/2025:17:24:08 +0330] "POST /administrator/index.php HTTP/1.1" 200 5462 "-" "Mozilla/5.0 (Windows NT 10.0; Win64; x64) AppleWebKit/537.36 (KHTML, like Gecko) Chrome/120.0.6099.71 Safari/537.36"
188.166.230.55 - - [07/Dec/2025:17:24:08 +0330] "GET /administrator/index.php HTTP/1.1" 200 5462 "-" "Mozilla/5.0 (Windows NT 10.0; Win64; x64) AppleWebKit/537.36 (KHTML, like Gecko) Chrome/120.0.6099.71 Safari/537.36"
66.249.64.69 - - [07/Dec/2025:17:28:53 +0330] "GET /?_lk=d3d3Lmxtc3lhcmFuLmly.c2ZqazkwZmFqc2xmc2Rs*&srd=1539&path=https://www.lmsyaran.ir/buy-item-id.php%26id=827205539.shtml HTTP/1.1" 200 57 "-" "Mozilla/5.0 (Linux; Android 6.0.1; Nexus 5X Build/MMB29P) AppleWebKit/537.36 (KHTML, like Gecko) Chrome/141.0.7390.122 Mobile Safari/537.36 (compatible; Googlebot/2.1; +http://www.google.com/bot.html)"
66.249.64.69 - - [07/Dec/2025:17:34:42 +0330] "GET /?_lk=d3d3Lmxtc3lhcmFuLmly.c2ZqazkwZmFqc2xmc2Rs*&srd=1539&path=https://www.lmsyaran.ir/buy-item-id.php%26id=303228694.shtml HTTP/1.1" 200 57 "-" "Mozilla/5.0 (Linux; Android 6.0.1; Nexus 5X Build/MMB29P) AppleWebKit/537.36 (KHTML, like Gecko) Chrome/141.0.7390.122 Mobile Safari/537.36 (compatible; Googlebot/2.1; +http://www.google.com/bot.html)"
66.249.64.71 - - [07/Dec/2025:17:40:43 +0330] "GET /?_lk=d3d3Lmxtc3lhcmFuLmly.c2ZqazkwZmFqc2xmc2Rs*&srd=1539&path=https://www.lmsyaran.ir/buy-item-id.php%26id=976707836.shtml HTTP/1.1" 200 57 "-" "Mozilla/5.0 (Linux; Android 6.0.1; Nexus 5X Build/MMB29P) AppleWebKit/537.36 (KHTML, like Gecko) Chrome/141.0.7390.122 Mobile Safari/537.36 (compatible; Googlebot/2.1; +http://www.google.com/bot.html)"
66.249.64.71 - - [07/Dec/2025:17:45:36 +0330] "GET /?_lk=d3d3Lmxtc3lhcmFuLmly.c2ZqazkwZmFqc2xmc2Rs*&srd=1539&path=https://www.lmsyaran.ir/buy-item-id.php%26id=120323009.shtml HTTP/1.1" 200 57 "-" "Mozilla/5.0 (Linux; Android 6.0.1; Nexus 5X Build/MMB29P) AppleWebKit/537.36 (KHTML, like Gecko) Chrome/141.0.7390.122 Mobile Safari/537.36 (compatible; Googlebot/2.1; +http://www.google.com/bot.html)"
66.249.64.70 - - [07/Dec/2025:17:46:15 +0330] "GET /00901856188.shtml HTTP/1.1" 404 - "-" "Mozilla/5.0 (Linux; Android 6.0.1; Nexus 5X Build/MMB29P) AppleWebKit/537.36 (KHTML, like Gecko) Chrome/141.0.7390.122 Mobile Safari/537.36 (compatible; Googlebot/2.1; +http://www.google.com/bot.html)"
165.22.107.56 - - [07/Dec/2025:17:50:00 +0330] "GET /administrator/index.php HTTP/1.1" 200 5462 "-" "Mozilla/5.0"
165.22.107.56 - - [07/Dec/2025:17:50:00 +0330] "POST /administrator/index.php HTTP/1.1" 200 5462 "-" "Mozilla/5.0"
66.249.64.71 - - [07/Dec/2025:17:52:02 +0330] "GET /?_lk=d3d3Lmxtc3lhcmFuLmly.c2ZqazkwZmFqc2xmc2Rs*&srd=1539&path=https://www.lmsyaran.ir/buy-item-id.php%26id=949088565.shtml HTTP/1.1" 200 57 "-" "Mozilla/5.0 (Linux; Android 6.0.1; Nexus 5X Build/MMB29P) AppleWebKit/537.36 (KHTML, like Gecko) Chrome/141.0.7390.122 Mobile Safari/537.36 (compatible; Googlebot/2.1; +http://www.google.com/bot.html)"
66.132.153.113 - - [07/Dec/2025:17:53:44 +0330] "GET / HTTP/1.1" 200 57 "-" "Mozilla/5.0 (compatible; CensysInspect/1.1; +https://about.censys.io/)"
66.249.64.69 - - [07/Dec/2025:17:57:49 +0330] "GET /?_lk=d3d3Lmxtc3lhcmFuLmly.c2ZqazkwZmFqc2xmc2Rs*&srd=1539&path=https://www.lmsyaran.ir/buy-item-id.php%26id=183461302.shtml HTTP/1.1" 200 57 "-" "Mozilla/5.0 (Linux; Android 6.0.1; Nexus 5X Build/MMB29P) AppleWebKit/537.36 (KHTML, like Gecko) Chrome/141.0.7390.122 Mobile Safari/537.36 (compatible; Googlebot/2.1; +http://www.google.com/bot.html)"
37.27.59.176 - - [07/Dec/2025:18:01:20 +0330] "GET /robots.txt HTTP/1.1" 404 - "-" "Mozilla/5.0 (compatible; SERankingBacklinksBot/1.0; +https://seranking.com/backlinks-crawler)"
37.27.59.176 - - [07/Dec/2025:18:01:21 +0330] "GET / HTTP/1.1" 200 57 "-" "Mozilla/5.0 (compatible; SERankingBacklinksBot/1.0; +https://seranking.com/backlinks-crawler)"
66.249.64.70 - - [07/Dec/2025:18:03:36 +0330] "GET /?_lk=d3d3Lmxtc3lhcmFuLmly.c2ZqazkwZmFqc2xmc2Rs*&srd=1539&path=https://www.lmsyaran.ir/buy-item-id.php%26id=522094171.shtml HTTP/1.1" 200 57 "-" "Mozilla/5.0 (Linux; Android 6.0.1; Nexus 5X Build/MMB29P) AppleWebKit/537.36 (KHTML, like Gecko) Chrome/141.0.7390.122 Mobile Safari/537.36 (compatible; Googlebot/2.1; +http://www.google.com/bot.html)"
66.249.64.71 - - [07/Dec/2025:18:09:24 +0330] "GET /?_lk=d3d3Lmxtc3lhcmFuLmly.c2ZqazkwZmFqc2xmc2Rs*&srd=1539&path=https://www.lmsyaran.ir/buy-item-id.php%26id=753277342.shtml HTTP/1.1" 200 57 "-" "Mozilla/5.0 (Linux; Android 6.0.1; Nexus 5X Build/MMB29P) AppleWebKit/537.36 (KHTML, like Gecko) Chrome/141.0.7390.122 Mobile Safari/537.36 (compatible; Googlebot/2.1; +http://www.google.com/bot.html)"
66.249.70.66 - - [07/Dec/2025:18:15:11 +0330] "GET / HTTP/1.1" 200 57 "-" "Mozilla/5.0 (Linux; Android 6.0.1; Nexus 5X Build/MMB29P) AppleWebKit/537.36 (KHTML, like Gecko) Chrome/141.0.7390.122 Mobile Safari/537.36 (compatible; Googlebot/2.1; +http://www.google.com/bot.html)"
66.249.64.70 - - [07/Dec/2025:18:21:23 +0330] "GET /?_lk=d3d3Lmxtc3lhcmFuLmly.c2ZqazkwZmFqc2xmc2Rs*&srd=1539&path=https://www.lmsyaran.ir/buy-item-id.php%26id=111375713.shtml HTTP/1.1" 200 57 "-" "Mozilla/5.0 (Linux; Android 6.0.1; Nexus 5X Build/MMB29P) AppleWebKit/537.36 (KHTML, like Gecko) Chrome/141.0.7390.122 Mobile Safari/537.36 (compatible; Googlebot/2.1; +http://www.google.com/bot.html)"
66.249.64.70 - - [07/Dec/2025:18:24:24 +0330] "GET /?_lk=d3d3Lmxtc3lhcmFuLmly.c2ZqazkwZmFqc2xmc2Rs*&srd=1539&path=https://www.lmsyaran.ir/buy-item-id.php%26id=300891402.shtml HTTP/1.1" 200 57 "-" "Mozilla/5.0 (Linux; Android 6.0.1; Nexus 5X Build/MMB29P) AppleWebKit/537.36 (KHTML, like Gecko) Chrome/141.0.7390.122 Mobile Safari/537.36 (compatible; Googlebot/2.1; +http://www.google.com/bot.html)"
66.249.64.70 - - [07/Dec/2025:18:26:45 +0330] "GET /?_lk=d3d3Lmxtc3lhcmFuLmly.c2ZqazkwZmFqc2xmc2Rs*&srd=1539&path=https://www.lmsyaran.ir/buy-item-id.php%26id=048795769.shtml HTTP/1.1" 200 57 "-" "Mozilla/5.0 (Linux; Android 6.0.1; Nexus 5X Build/MMB29P) AppleWebKit/537.36 (KHTML, like Gecko) Chrome/141.0.7390.122 Mobile Safari/537.36 (compatible; Googlebot/2.1; +http://www.google.com/bot.html)"
152.42.199.91 - - [07/Dec/2025:18:27:45 +0330] "GET /administrator/index.php HTTP/1.1" 200 5462 "-" "Mozilla/5.0 (Windows NT 10.0; Win64; x64) AppleWebKit/537.36 (KHTML, like Gecko) Chrome/120.0.6099.71 Safari/537.36"
152.42.199.91 - - [07/Dec/2025:18:27:46 +0330] "GET /administrator/index.php HTTP/1.1" 200 5462 "-" "Mozilla/5.0 (Windows NT 10.0; Win64; x64) AppleWebKit/537.36 (KHTML, like Gecko) Chrome/120.0.6099.71 Safari/537.36"
152.42.199.91 - - [07/Dec/2025:18:27:46 +0330] "GET /administrator/index.php HTTP/1.1" 200 5462 "-" "Mozilla/5.0 (Windows NT 10.0; Win64; x64) AppleWebKit/537.36 (KHTML, like Gecko) Chrome/120.0.6099.71 Safari/537.36"
152.42.199.91 - - [07/Dec/2025:18:27:47 +0330] "GET /administrator/index.php HTTP/1.1" 200 5462 "-" "Mozilla/5.0 (Windows NT 10.0; Win64; x64) AppleWebKit/537.36 (KHTML, like Gecko) Chrome/120.0.6099.71 Safari/537.36"
152.42.199.91 - - [07/Dec/2025:18:27:47 +0330] "POST /administrator/index.php HTTP/1.1" 200 5462 "-" "Mozilla/5.0 (Windows NT 10.0; Win64; x64) AppleWebKit/537.36 (KHTML, like Gecko) Chrome/120.0.6099.71 Safari/537.36"
152.42.199.91 - - [07/Dec/2025:18:27:48 +0330] "GET /administrator/index.php HTTP/1.1" 200 5462 "-" "Mozilla/5.0 (Windows NT 10.0; Win64; x64) AppleWebKit/537.36 (KHTML, like Gecko) Chrome/120.0.6099.71 Safari/537.36"
152.42.199.91 - - [07/Dec/2025:18:28:58 +0330] "GET /administrator/index.php HTTP/1.1" 200 5462 "-" "Mozilla/5.0 (Windows NT 10.0; Win64; x64) AppleWebKit/537.36 (KHTML, like Gecko) Chrome/120.0.6099.71 Safari/537.36"
152.42.199.91 - - [07/Dec/2025:18:28:58 +0330] "GET /administrator/index.php HTTP/1.1" 200 5462 "-" "Mozilla/5.0 (Windows NT 10.0; Win64; x64) AppleWebKit/537.36 (KHTML, like Gecko) Chrome/120.0.6099.71 Safari/537.36"
152.42.199.91 - - [07/Dec/2025:18:28:59 +0330] "GET /administrator/index.php HTTP/1.1" 200 5462 "-" "Mozilla/5.0 (Windows NT 10.0; Win64; x64) AppleWebKit/537.36 (KHTML, like Gecko) Chrome/120.0.6099.71 Safari/537.36"
152.42.199.91 - - [07/Dec/2025:18:28:59 +0330] "GET /administrator/index.php HTTP/1.1" 200 5462 "-" "Mozilla/5.0 (Windows NT 10.0; Win64; x64) AppleWebKit/537.36 (KHTML, like Gecko) Chrome/120.0.6099.71 Safari/537.36"
152.42.199.91 - - [07/Dec/2025:18:29:00 +0330] "POST /administrator/index.php HTTP/1.1" 200 5462 "-" "Mozilla/5.0 (Windows NT 10.0; Win64; x64) AppleWebKit/537.36 (KHTML, like Gecko) Chrome/120.0.6099.71 Safari/537.36"
152.42.199.91 - - [07/Dec/2025:18:29:00 +0330] "GET /administrator/index.php HTTP/1.1" 200 5462 "-" "Mozilla/5.0 (Windows NT 10.0; Win64; x64) AppleWebKit/537.36 (KHTML, like Gecko) Chrome/120.0.6099.71 Safari/537.36"
103.125.40.246 - - [07/Dec/2025:18:29:11 +0330] "GET /administrator/index.php HTTP/1.1" 200 5462 "-" "Mozilla/5.0 (Windows NT 10.0; Win64; x64) AppleWebKit/537.36 (KHTML, like Gecko) Chrome/120.0.6099.71 Safari/537.36"
103.125.40.246 - - [07/Dec/2025:18:29:12 +0330] "GET /administrator/index.php HTTP/1.1" 200 5462 "-" "Mozilla/5.0 (Windows NT 10.0; Win64; x64) AppleWebKit/537.36 (KHTML, like Gecko) Chrome/120.0.6099.71 Safari/537.36"
103.125.40.246 - - [07/Dec/2025:18:29:12 +0330] "GET /administrator/index.php HTTP/1.1" 200 5462 "-" "Mozilla/5.0 (Windows NT 10.0; Win64; x64) AppleWebKit/537.36 (KHTML, like Gecko) Chrome/120.0.6099.71 Safari/537.36"
103.125.40.246 - - [07/Dec/2025:18:29:13 +0330] "GET /administrator/index.php HTTP/1.1" 200 5462 "-" "Mozilla/5.0 (Windows NT 10.0; Win64; x64) AppleWebKit/537.36 (KHTML, like Gecko) Chrome/120.0.6099.71 Safari/537.36"
103.125.40.246 - - [07/Dec/2025:18:29:13 +0330] "POST /administrator/index.php HTTP/1.1" 200 5462 "-" "Mozilla/5.0 (Windows NT 10.0; Win64; x64) AppleWebKit/537.36 (KHTML, like Gecko) Chrome/120.0.6099.71 Safari/537.36"
103.125.40.246 - - [07/Dec/2025:18:29:14 +0330] "GET /administrator/index.php HTTP/1.1" 200 5462 "-" "Mozilla/5.0 (Windows NT 10.0; Win64; x64) AppleWebKit/537.36 (KHTML, like Gecko) Chrome/120.0.6099.71 Safari/537.36"
66.249.64.69 - - [07/Dec/2025:18:32:32 +0330] "GET /?_lk=d3d3Lmxtc3lhcmFuLmly.c2ZqazkwZmFqc2xmc2Rs*&srd=1539&path=https://www.lmsyaran.ir/buy-item-id.php%26id=599058856.shtml HTTP/1.1" 200 57 "-" "Mozilla/5.0 (Linux; Android 6.0.1; Nexus 5X Build/MMB29P) AppleWebKit/537.36 (KHTML, like Gecko) Chrome/141.0.7390.122 Mobile Safari/537.36 (compatible; Googlebot/2.1; +http://www.google.com/bot.html)"
66.249.64.71 - - [07/Dec/2025:18:37:35 +0330] "GET /?_lk=d3d3Lmxtc3lhcmFuLmly.c2ZqazkwZmFqc2xmc2Rs*&srd=1539&path=https://www.lmsyaran.ir/buy-item-id.php%26id=402415360.shtml HTTP/1.1" 200 57 "-" "Mozilla/5.0 (Linux; Android 6.0.1; Nexus 5X Build/MMB29P) AppleWebKit/537.36 (KHTML, like Gecko) Chrome/141.0.7390.122 Mobile Safari/537.36 (compatible; Googlebot/2.1; +http://www.google.com/bot.html)"
66.249.64.71 - - [07/Dec/2025:18:42:37 +0330] "GET /?_lk=d3d3Lmxtc3lhcmFuLmly.c2ZqazkwZmFqc2xmc2Rs*&srd=1539&path=https://www.lmsyaran.ir/buy-item-id.php%26id=586772733.shtml HTTP/1.1" 200 57 "-" "Mozilla/5.0 (Linux; Android 6.0.1; Nexus 5X Build/MMB29P) AppleWebKit/537.36 (KHTML, like Gecko) Chrome/141.0.7390.122 Mobile Safari/537.36 (compatible; Googlebot/2.1; +http://www.google.com/bot.html)"
66.249.64.70 - - [07/Dec/2025:18:47:40 +0330] "GET /?_lk=d3d3Lmxtc3lhcmFuLmly.c2ZqazkwZmFqc2xmc2Rs*&srd=1539&path=https://www.lmsyaran.ir/buy-item-id.php%26id=097817786.shtml HTTP/1.1" 200 57 "-" "Mozilla/5.0 (Linux; Android 6.0.1; Nexus 5X Build/MMB29P) AppleWebKit/537.36 (KHTML, like Gecko) Chrome/141.0.7390.122 Mobile Safari/537.36 (compatible; Googlebot/2.1; +http://www.google.com/bot.html)"
66.249.64.69 - - [07/Dec/2025:18:52:42 +0330] "GET /?_lk=d3d3Lmxtc3lhcmFuLmly.c2ZqazkwZmFqc2xmc2Rs*&srd=1539&path=https://www.lmsyaran.ir/buy-item-id.php%26id=858199171.shtml HTTP/1.1" 200 57 "-" "Mozilla/5.0 (Linux; Android 6.0.1; Nexus 5X Build/MMB29P) AppleWebKit/537.36 (KHTML, like Gecko) Chrome/141.0.7390.122 Mobile Safari/537.36 (compatible; Googlebot/2.1; +http://www.google.com/bot.html)"
66.249.64.70 - - [07/Dec/2025:18:57:44 +0330] "GET /?_lk=d3d3Lmxtc3lhcmFuLmly.c2ZqazkwZmFqc2xmc2Rs*&srd=1539&path=https://www.lmsyaran.ir/buy-item-id.php%26id=385984335.shtml HTTP/1.1" 200 57 "-" "Mozilla/5.0 (Linux; Android 6.0.1; Nexus 5X Build/MMB29P) AppleWebKit/537.36 (KHTML, like Gecko) Chrome/141.0.7390.122 Mobile Safari/537.36 (compatible; Googlebot/2.1; +http://www.google.com/bot.html)"
66.249.64.71 - - [07/Dec/2025:19:02:47 +0330] "GET /?_lk=d3d3Lmxtc3lhcmFuLmly.c2ZqazkwZmFqc2xmc2Rs*&srd=1539&path=https://www.lmsyaran.ir/buy-item-id.php%26id=097674671.shtml HTTP/1.1" 200 57 "-" "Mozilla/5.0 (Linux; Android 6.0.1; Nexus 5X Build/MMB29P) AppleWebKit/537.36 (KHTML, like Gecko) Chrome/141.0.7390.122 Mobile Safari/537.36 (compatible; Googlebot/2.1; +http://www.google.com/bot.html)"
66.249.64.71 - - [07/Dec/2025:19:07:49 +0330] "GET /?_lk=d3d3Lmxtc3lhcmFuLmly.c2ZqazkwZmFqc2xmc2Rs*&srd=1539&path=https://www.lmsyaran.ir/buy-item-id.php%26id=828958993.shtml HTTP/1.1" 200 57 "-" "Mozilla/5.0 (Linux; Android 6.0.1; Nexus 5X Build/MMB29P) AppleWebKit/537.36 (KHTML, like Gecko) Chrome/141.0.7390.122 Mobile Safari/537.36 (compatible; Googlebot/2.1; +http://www.google.com/bot.html)"
66.249.64.71 - - [07/Dec/2025:19:11:45 +0330] "GET /?_lk=d3d3Lmxtc3lhcmFuLmly.c2ZqazkwZmFqc2xmc2Rs*&srd=1539&path=https://www.lmsyaran.ir/buy-item-id.php%26id=793425792.shtml HTTP/1.1" 200 57 "-" "Mozilla/5.0 (Linux; Android 6.0.1; Nexus 5X Build/MMB29P) AppleWebKit/537.36 (KHTML, like Gecko) Chrome/141.0.7390.122 Mobile Safari/537.36 (compatible; Googlebot/2.1; +http://www.google.com/bot.html)"
66.249.64.70 - - [07/Dec/2025:19:12:52 +0330] "GET /?_lk=d3d3Lmxtc3lhcmFuLmly.c2ZqazkwZmFqc2xmc2Rs*&srd=1539&path=https://www.lmsyaran.ir/buy-item-id.php%26id=289836976.shtml HTTP/1.1" 200 57 "-" "Mozilla/5.0 (Linux; Android 6.0.1; Nexus 5X Build/MMB29P) AppleWebKit/537.36 (KHTML, like Gecko) Chrome/141.0.7390.122 Mobile Safari/537.36 (compatible; Googlebot/2.1; +http://www.google.com/bot.html)"
66.249.64.70 - - [07/Dec/2025:19:17:54 +0330] "GET /?_lk=d3d3Lmxtc3lhcmFuLmly.c2ZqazkwZmFqc2xmc2Rs*&srd=1539&path=https://www.lmsyaran.ir/buy-item-id.php%26id=481023526.shtml HTTP/1.1" 200 57 "-" "Mozilla/5.0 (Linux; Android 6.0.1; Nexus 5X Build/MMB29P) AppleWebKit/537.36 (KHTML, like Gecko) Chrome/141.0.7390.122 Mobile Safari/537.36 (compatible; Googlebot/2.1; +http://www.google.com/bot.html)"
188.166.230.55 - - [07/Dec/2025:19:17:55 +0330] "GET /administrator/index.php HTTP/1.1" 200 5462 "-" "Mozilla/5.0 (Windows NT 10.0; Win64; x64) AppleWebKit/537.36 (KHTML, like Gecko) Chrome/120.0.6099.71 Safari/537.36"
188.166.230.55 - - [07/Dec/2025:19:17:56 +0330] "GET /administrator/index.php HTTP/1.1" 200 5462 "-" "Mozilla/5.0 (Windows NT 10.0; Win64; x64) AppleWebKit/537.36 (KHTML, like Gecko) Chrome/120.0.6099.71 Safari/537.36"
188.166.230.55 - - [07/Dec/2025:19:17:56 +0330] "GET /administrator/index.php HTTP/1.1" 200 5462 "-" "Mozilla/5.0 (Windows NT 10.0; Win64; x64) AppleWebKit/537.36 (KHTML, like Gecko) Chrome/120.0.6099.71 Safari/537.36"
188.166.230.55 - - [07/Dec/2025:19:17:56 +0330] "GET /administrator/index.php HTTP/1.1" 200 5462 "-" "Mozilla/5.0 (Windows NT 10.0; Win64; x64) AppleWebKit/537.36 (KHTML, like Gecko) Chrome/120.0.6099.71 Safari/537.36"
188.166.230.55 - - [07/Dec/2025:19:17:57 +0330] "POST /administrator/index.php HTTP/1.1" 200 5462 "-" "Mozilla/5.0 (Windows NT 10.0; Win64; x64) AppleWebKit/537.36 (KHTML, like Gecko) Chrome/120.0.6099.71 Safari/537.36"
188.166.230.55 - - [07/Dec/2025:19:17:57 +0330] "GET /administrator/index.php HTTP/1.1" 200 5462 "-" "Mozilla/5.0 (Windows NT 10.0; Win64; x64) AppleWebKit/537.36 (KHTML, like Gecko) Chrome/120.0.6099.71 Safari/537.36"
165.22.107.56 - - [07/Dec/2025:19:19:24 +0330] "GET /administrator/index.php HTTP/1.1" 200 5462 "-" "Mozilla/5.0"
165.22.107.56 - - [07/Dec/2025:19:19:24 +0330] "POST /administrator/index.php HTTP/1.1" 200 5462 "-" "Mozilla/5.0"
66.249.64.71 - - [07/Dec/2025:19:22:57 +0330] "GET /robots.txt HTTP/1.1" 404 - "-" "Mozilla/5.0 (compatible; Googlebot/2.1; +http://www.google.com/bot.html)"
66.249.64.71 - - [07/Dec/2025:19:22:57 +0330] "GET /?_lk=d3d3Lmxtc3lhcmFuLmly.c2ZqazkwZmFqc2xmc2Rs*&srd=1539&path=https://www.lmsyaran.ir/buy-item-id.php%26id=53839693.shtml HTTP/1.1" 200 57 "-" "Mozilla/5.0 (Linux; Android 6.0.1; Nexus 5X Build/MMB29P) AppleWebKit/537.36 (KHTML, like Gecko) Chrome/141.0.7390.122 Mobile Safari/537.36 (compatible; Googlebot/2.1; +http://www.google.com/bot.html)"
66.249.64.69 - - [07/Dec/2025:19:27:59 +0330] "GET /robots.txt HTTP/1.1" 404 - "-" "Mozilla/5.0 (compatible; Googlebot/2.1; +http://www.google.com/bot.html)"
66.249.64.69 - - [07/Dec/2025:19:27:59 +0330] "GET /?_lk=d3d3Lmxtc3lhcmFuLmly.c2ZqazkwZmFqc2xmc2Rs*&srd=1539&path=https://www.lmsyaran.ir/buy-item-id.php%26id=908862124.shtml HTTP/1.1" 200 57 "-" "Mozilla/5.0 (Linux; Android 6.0.1; Nexus 5X Build/MMB29P) AppleWebKit/537.36 (KHTML, like Gecko) Chrome/141.0.7390.122 Mobile Safari/537.36 (compatible; Googlebot/2.1; +http://www.google.com/bot.html)"
66.249.64.71 - - [07/Dec/2025:19:38:04 +0330] "GET /?_lk=d3d3Lmxtc3lhcmFuLmly.c2ZqazkwZmFqc2xmc2Rs*&srd=1539&path=https://www.lmsyaran.ir/buy-item-id.php%26id=981699962.shtml HTTP/1.1" 200 57 "-" "Mozilla/5.0 (Linux; Android 6.0.1; Nexus 5X Build/MMB29P) AppleWebKit/537.36 (KHTML, like Gecko) Chrome/141.0.7390.122 Mobile Safari/537.36 (compatible; Googlebot/2.1; +http://www.google.com/bot.html)"
91.231.222.253 - - [07/Dec/2025:19:42:04 +0330] "GET /administrator/index.php/administrator/index.php HTTP/1.1" 200 5462 "-" "Mozilla/5.0 (Linux; Android 6.0; Nexus 5 Build/MRA58N) AppleWebKit/537.36 (KHTML, like Gecko) Chrome/128.0.0.0 Mobile Safari/537.36"
91.231.222.253 - - [07/Dec/2025:19:42:06 +0330] "GET /administrator/index.php/administrator/index.php HTTP/1.1" 200 5462 "-" "Mozilla/5.0 (Linux; Android 6.0; Nexus 5 Build/MRA58N) AppleWebKit/537.36 (KHTML, like Gecko) Chrome/128.0.0.0 Mobile Safari/537.36"
66.249.64.71 - - [07/Dec/2025:19:43:06 +0330] "GET /?_lk=d3d3Lmxtc3lhcmFuLmly.c2ZqazkwZmFqc2xmc2Rs*&srd=1539&path=https://www.lmsyaran.ir/buy-item-id.php%26id=248309673.shtml HTTP/1.1" 200 57 "-" "Mozilla/5.0 (Linux; Android 6.0.1; Nexus 5X Build/MMB29P) AppleWebKit/537.36 (KHTML, like Gecko) Chrome/141.0.7390.122 Mobile Safari/537.36 (compatible; Googlebot/2.1; +http://www.google.com/bot.html)"
66.249.64.69 - - [07/Dec/2025:19:46:38 +0330] "GET /?_lk=d3d3Lmxtc3lhcmFuLmly.c2ZqazkwZmFqc2xmc2Rs*&srd=1539&path=https://www.lmsyaran.ir/buy-item-id.php%26id=991225328.shtml HTTP/1.1" 200 57 "-" "Mozilla/5.0 (Linux; Android 6.0.1; Nexus 5X Build/MMB29P) AppleWebKit/537.36 (KHTML, like Gecko) Chrome/141.0.7390.122 Mobile Safari/537.36 (compatible; Googlebot/2.1; +http://www.google.com/bot.html)"
66.249.64.69 - - [07/Dec/2025:19:48:09 +0330] "GET /?_lk=d3d3Lmxtc3lhcmFuLmly.c2ZqazkwZmFqc2xmc2Rs*&srd=1539&path=https://www.lmsyaran.ir/buy-item-id.php%26id=029206846.shtml HTTP/1.1" 200 57 "-" "Mozilla/5.0 (Linux; Android 6.0.1; Nexus 5X Build/MMB29P) AppleWebKit/537.36 (KHTML, like Gecko) Chrome/141.0.7390.122 Mobile Safari/537.36 (compatible; Googlebot/2.1; +http://www.google.com/bot.html)"
194.233.101.158 - - [07/Dec/2025:19:51:11 +0330] "GET /administrator/index.php HTTP/1.1" 200 5462 "-" "Mozilla/5.0 (Windows NT 10.0; Win64; x64) AppleWebKit/537.36 (KHTML, like Gecko) Chrome/120.0.6099.71 Safari/537.36"
194.233.101.158 - - [07/Dec/2025:19:51:11 +0330] "GET /administrator/index.php HTTP/1.1" 200 5462 "-" "Mozilla/5.0 (Windows NT 10.0; Win64; x64) AppleWebKit/537.36 (KHTML, like Gecko) Chrome/120.0.6099.71 Safari/537.36"
194.233.101.158 - - [07/Dec/2025:19:51:12 +0330] "GET /administrator/index.php HTTP/1.1" 200 5462 "-" "Mozilla/5.0 (Windows NT 10.0; Win64; x64) AppleWebKit/537.36 (KHTML, like Gecko) Chrome/120.0.6099.71 Safari/537.36"
194.233.101.158 - - [07/Dec/2025:19:51:12 +0330] "GET /administrator/index.php HTTP/1.1" 200 5462 "-" "Mozilla/5.0 (Windows NT 10.0; Win64; x64) AppleWebKit/537.36 (KHTML, like Gecko) Chrome/120.0.6099.71 Safari/537.36"
194.233.101.158 - - [07/Dec/2025:19:51:13 +0330] "POST /administrator/index.php HTTP/1.1" 200 5462 "-" "Mozilla/5.0 (Windows NT 10.0; Win64; x64) AppleWebKit/537.36 (KHTML, like Gecko) Chrome/120.0.6099.71 Safari/537.36"
194.233.101.158 - - [07/Dec/2025:19:51:13 +0330] "GET /administrator/index.php HTTP/1.1" 200 5462 "-" "Mozilla/5.0 (Windows NT 10.0; Win64; x64) AppleWebKit/537.36 (KHTML, like Gecko) Chrome/120.0.6099.71 Safari/537.36"
66.249.64.69 - - [07/Dec/2025:19:53:11 +0330] "GET /?_lk=d3d3Lmxtc3lhcmFuLmly.c2ZqazkwZmFqc2xmc2Rs*&srd=1539&path=https://www.lmsyaran.ir/buy-item-id.php%26id=217074696.shtml HTTP/1.1" 200 57 "-" "Mozilla/5.0 (Linux; Android 6.0.1; Nexus 5X Build/MMB29P) AppleWebKit/537.36 (KHTML, like Gecko) Chrome/141.0.7390.122 Mobile Safari/537.36 (compatible; Googlebot/2.1; +http://www.google.com/bot.html)"
103.125.40.246 - - [07/Dec/2025:19:58:04 +0330] "GET /administrator/index.php HTTP/1.1" 200 5462 "-" "Mozilla/5.0 (Windows NT 10.0; Win64; x64) AppleWebKit/537.36 (KHTML, like Gecko) Chrome/120.0.6099.71 Safari/537.36"
103.125.40.246 - - [07/Dec/2025:19:58:05 +0330] "GET /administrator/index.php HTTP/1.1" 200 5462 "-" "Mozilla/5.0 (Windows NT 10.0; Win64; x64) AppleWebKit/537.36 (KHTML, like Gecko) Chrome/120.0.6099.71 Safari/537.36"
103.125.40.246 - - [07/Dec/2025:19:58:05 +0330] "GET /administrator/index.php HTTP/1.1" 200 5462 "-" "Mozilla/5.0 (Windows NT 10.0; Win64; x64) AppleWebKit/537.36 (KHTML, like Gecko) Chrome/120.0.6099.71 Safari/537.36"
103.125.40.246 - - [07/Dec/2025:19:58:06 +0330] "GET /administrator/index.php HTTP/1.1" 200 5462 "-" "Mozilla/5.0 (Windows NT 10.0; Win64; x64) AppleWebKit/537.36 (KHTML, like Gecko) Chrome/120.0.6099.71 Safari/537.36"
103.125.40.246 - - [07/Dec/2025:19:58:06 +0330] "POST /administrator/index.php HTTP/1.1" 200 5462 "-" "Mozilla/5.0 (Windows NT 10.0; Win64; x64) AppleWebKit/537.36 (KHTML, like Gecko) Chrome/120.0.6099.71 Safari/537.36"
103.125.40.246 - - [07/Dec/2025:19:58:06 +0330] "GET /administrator/index.php HTTP/1.1" 200 5462 "-" "Mozilla/5.0 (Windows NT 10.0; Win64; x64) AppleWebKit/537.36 (KHTML, like Gecko) Chrome/120.0.6099.71 Safari/537.36"
66.249.64.69 - - [07/Dec/2025:19:59:29 +0330] "GET /?_lk=d3d3Lmxtc3lhcmFuLmly.c2ZqazkwZmFqc2xmc2Rs*&srd=1539&path=https://www.lmsyaran.ir/buy-item-id.php%26id=79189764.shtml HTTP/1.1" 200 57 "-" "Mozilla/5.0 (Linux; Android 6.0.1; Nexus 5X Build/MMB29P) AppleWebKit/537.36 (KHTML, like Gecko) Chrome/141.0.7390.122 Mobile Safari/537.36 (compatible; Googlebot/2.1; +http://www.google.com/bot.html)"
66.249.64.70 - - [07/Dec/2025:20:08:19 +0330] "GET /?_lk=d3d3Lmxtc3lhcmFuLmly.c2ZqazkwZmFqc2xmc2Rs*&srd=1539&path=https://www.lmsyaran.ir/buy-item-id.php%26id=701953068.shtml HTTP/1.1" 200 57 "-" "Mozilla/5.0 (Linux; Android 6.0.1; Nexus 5X Build/MMB29P) AppleWebKit/537.36 (KHTML, like Gecko) Chrome/141.0.7390.122 Mobile Safari/537.36 (compatible; Googlebot/2.1; +http://www.google.com/bot.html)"
188.166.230.55 - - [07/Dec/2025:20:10:23 +0330] "GET /administrator/ HTTP/1.1" 200 5462 "-" "Mozilla/5.0 (Windows NT 10.0; Win64; x64) AppleWebKit/537.36 (KHTML, like Gecko) Chrome/120.0.6099.71 Safari/537.36"
188.166.230.55 - - [07/Dec/2025:20:10:24 +0330] "GET /administrator/ HTTP/1.1" 200 5462 "-" "Mozilla/5.0 (Windows NT 10.0; Win64; x64) AppleWebKit/537.36 (KHTML, like Gecko) Chrome/120.0.6099.71 Safari/537.36"
188.166.230.55 - - [07/Dec/2025:20:10:24 +0330] "GET /administrator/ HTTP/1.1" 200 5462 "-" "Mozilla/5.0 (Windows NT 10.0; Win64; x64) AppleWebKit/537.36 (KHTML, like Gecko) Chrome/120.0.6099.71 Safari/537.36"
188.166.230.55 - - [07/Dec/2025:20:10:24 +0330] "GET /administrator/ HTTP/1.1" 200 5462 "-" "Mozilla/5.0 (Windows NT 10.0; Win64; x64) AppleWebKit/537.36 (KHTML, like Gecko) Chrome/120.0.6099.71 Safari/537.36"
188.166.230.55 - - [07/Dec/2025:20:10:25 +0330] "POST /administrator/ HTTP/1.1" 200 5462 "-" "Mozilla/5.0 (Windows NT 10.0; Win64; x64) AppleWebKit/537.36 (KHTML, like Gecko) Chrome/120.0.6099.71 Safari/537.36"
188.166.230.55 - - [07/Dec/2025:20:10:25 +0330] "GET /administrator/ HTTP/1.1" 200 5462 "-" "Mozilla/5.0 (Windows NT 10.0; Win64; x64) AppleWebKit/537.36 (KHTML, like Gecko) Chrome/120.0.6099.71 Safari/537.36"
66.249.64.70 - - [07/Dec/2025:20:13:21 +0330] "GET /?_lk=d3d3Lmxtc3lhcmFuLmly.c2ZqazkwZmFqc2xmc2Rs*&srd=1539&path=https://www.lmsyaran.ir/buy-item-id.php%26id=370583551.shtml HTTP/1.1" 200 57 "-" "Mozilla/5.0 (Linux; Android 6.0.1; Nexus 5X Build/MMB29P) AppleWebKit/537.36 (KHTML, like Gecko) Chrome/141.0.7390.122 Mobile Safari/537.36 (compatible; Googlebot/2.1; +http://www.google.com/bot.html)"
66.249.64.70 - - [07/Dec/2025:20:14:33 +0330] "GET /?_lk=d3d3Lmxtc3lhcmFuLmly.c2ZqazkwZmFqc2xmc2Rs*&srd=1539&path=https://www.lmsyaran.ir/buy-item-id.php%26id=053829398.shtml HTTP/1.1" 200 57 "-" "Mozilla/5.0 (Linux; Android 6.0.1; Nexus 5X Build/MMB29P) AppleWebKit/537.36 (KHTML, like Gecko) Chrome/141.0.7390.122 Mobile Safari/537.36 (compatible; Googlebot/2.1; +http://www.google.com/bot.html)"
66.249.64.69 - - [07/Dec/2025:20:16:34 +0330] "GET /028671886766.shtml HTTP/1.1" 404 - "-" "Mozilla/5.0 (Linux; Android 6.0.1; Nexus 5X Build/MMB29P) AppleWebKit/537.36 (KHTML, like Gecko) Chrome/141.0.7390.122 Mobile Safari/537.36 (compatible; Googlebot/2.1; +http://www.google.com/bot.html)"
66.249.64.69 - - [07/Dec/2025:20:20:41 +0330] "GET /?_lk=d3d3Lmxtc3lhcmFuLmly.c2ZqazkwZmFqc2xmc2Rs*&srd=1539&path=https://www.lmsyaran.ir/buy-item-id.php%26id=438633474.shtml HTTP/1.1" 200 57 "-" "Mozilla/5.0 (Linux; Android 6.0.1; Nexus 5X Build/MMB29P) AppleWebKit/537.36 (KHTML, like Gecko) Chrome/141.0.7390.122 Mobile Safari/537.36 (compatible; Googlebot/2.1; +http://www.google.com/bot.html)"
165.22.107.56 - - [07/Dec/2025:20:25:01 +0330] "GET /administrator/index.php HTTP/1.1" 200 5462 "-" "Mozilla/5.0"
165.22.107.56 - - [07/Dec/2025:20:25:02 +0330] "POST /administrator/index.php HTTP/1.1" 200 5462 "-" "Mozilla/5.0"
114.119.129.199 - - [07/Dec/2025:20:26:10 +0330] "GET /robots.txt HTTP/1.1" 404 - "-" "Mozilla/5.0 (compatible;PetalBot;+https://webmaster.petalsearch.com/site/petalbot)"
66.249.64.71 - - [07/Dec/2025:20:28:01 +0330] "GET /?_lk=d3d3Lmxtc3lhcmFuLmly.c2ZqazkwZmFqc2xmc2Rs*&srd=1539&path=https://www.lmsyaran.ir/buy-item-id.php%26id=137971177.shtml HTTP/1.1" 200 57 "-" "Mozilla/5.0 (Linux; Android 6.0.1; Nexus 5X Build/MMB29P) AppleWebKit/537.36 (KHTML, like Gecko) Chrome/141.0.7390.122 Mobile Safari/537.36 (compatible; Googlebot/2.1; +http://www.google.com/bot.html)"
189.6.240.14 - - [07/Dec/2025:20:30:58 +0330] "POST /xmlrpc.php HTTP/1.1" 301 225 "-" "Mozilla/5.0 (Windows NT 6.3; x64) AppleWebKit/537.36 (KHTML, like Gecko) Firefox/99.0.0.0 Safari/537.36"
41.86.38.47 - - [07/Dec/2025:20:32:40 +0330] "POST /xmlrpc.php HTTP/1.1" 301 225 "-" "Mozilla/5.0 (Linux; Android 10; x86) AppleWebKit/537.36 (KHTML, like Gecko) Safari/11.0.0.0 Safari/537.36"
103.46.202.225 - - [07/Dec/2025:20:34:07 +0330] "POST /xmlrpc.php HTTP/1.1" 301 225 "-" "Mozilla/5.0 (Linux; Android 10; arm64) AppleWebKit/537.36 (KHTML, like Gecko) Safari/14.0.0.0 Safari/537.36"
66.249.64.69 - - [07/Dec/2025:20:35:21 +0330] "GET /?_lk=d3d3Lmxtc3lhcmFuLmly.c2ZqazkwZmFqc2xmc2Rs*&srd=1539&path=https://www.lmsyaran.ir/buy-item-id.php%26id=913603937.shtml HTTP/1.1" 200 57 "-" "Mozilla/5.0 (Linux; Android 6.0.1; Nexus 5X Build/MMB29P) AppleWebKit/537.36 (KHTML, like Gecko) Chrome/141.0.7390.122 Mobile Safari/537.36 (compatible; Googlebot/2.1; +http://www.google.com/bot.html)"
66.249.64.70 - - [07/Dec/2025:20:42:40 +0330] "GET /?_lk=d3d3Lmxtc3lhcmFuLmly.c2ZqazkwZmFqc2xmc2Rs*&srd=1539&path=https://www.lmsyaran.ir/buy-item-id.php%26id=909775799.shtml HTTP/1.1" 200 57 "-" "Mozilla/5.0 (Linux; Android 6.0.1; Nexus 5X Build/MMB29P) AppleWebKit/537.36 (KHTML, like Gecko) Chrome/141.0.7390.122 Mobile Safari/537.36 (compatible; Googlebot/2.1; +http://www.google.com/bot.html)"
66.249.64.70 - - [07/Dec/2025:20:50:01 +0330] "GET /?_lk=d3d3Lmxtc3lhcmFuLmly.c2ZqazkwZmFqc2xmc2Rs*&srd=1539&path=https://www.lmsyaran.ir/buy-item-id.php%26id=689525749.shtml HTTP/1.1" 200 57 "-" "Mozilla/5.0 (Linux; Android 6.0.1; Nexus 5X Build/MMB29P) AppleWebKit/537.36 (KHTML, like Gecko) Chrome/141.0.7390.122 Mobile Safari/537.36 (compatible; Googlebot/2.1; +http://www.google.com/bot.html)"
66.249.64.69 - - [07/Dec/2025:20:57:03 +0330] "GET /?_lk=d3d3Lmxtc3lhcmFuLmly.c2ZqazkwZmFqc2xmc2Rs*&srd=1539&path=https://www.lmsyaran.ir/buy-item-id.php%26id=336883293.shtml HTTP/1.1" 200 57 "-" "Mozilla/5.0 (Linux; Android 6.0.1; Nexus 5X Build/MMB29P) AppleWebKit/537.36 (KHTML, like Gecko) Chrome/141.0.7390.122 Mobile Safari/537.36 (compatible; Googlebot/2.1; +http://www.google.com/bot.html)"
66.249.64.70 - - [07/Dec/2025:20:57:20 +0330] "GET /?_lk=d3d3Lmxtc3lhcmFuLmly.c2ZqazkwZmFqc2xmc2Rs*&srd=1539&path=https://www.lmsyaran.ir/buy-item-id.php%26id=014829431.shtml HTTP/1.1" 200 57 "-" "Mozilla/5.0 (Linux; Android 6.0.1; Nexus 5X Build/MMB29P) AppleWebKit/537.36 (KHTML, like Gecko) Chrome/141.0.7390.122 Mobile Safari/537.36 (compatible; Googlebot/2.1; +http://www.google.com/bot.html)"
91.231.222.128 - - [07/Dec/2025:21:04:26 +0330] "GET / HTTP/1.1" 200 57 "-" "Mozilla/5.0 (Linux; Android 6.0; Nexus 5 Build/MRA58N) AppleWebKit/537.36 (KHTML, like Gecko) Chrome/128.0.0.0 Mobile Safari/537.36"
66.249.64.69 - - [07/Dec/2025:21:05:22 +0330] "GET /?_lk=d3d3Lmxtc3lhcmFuLmly.c2ZqazkwZmFqc2xmc2Rs*&srd=1539&path=https://www.lmsyaran.ir/buy-item-id.php%26id=712079005.shtml HTTP/1.1" 200 57 "-" "Mozilla/5.0 (Linux; Android 6.0.1; Nexus 5X Build/MMB29P) AppleWebKit/537.36 (KHTML, like Gecko) Chrome/141.0.7390.122 Mobile Safari/537.36 (compatible; Googlebot/2.1; +http://www.google.com/bot.html)"
91.231.222.128 - - [07/Dec/2025:21:06:14 +0330] "GET / HTTP/1.1" 200 57 "-" "Mozilla/5.0 (Linux; Android 6.0; Nexus 5 Build/MRA58N) AppleWebKit/537.36 (KHTML, like Gecko) Chrome/128.0.0.0 Mobile Safari/537.36"
91.231.222.128 - - [07/Dec/2025:21:07:08 +0330] "GET / HTTP/1.1" 200 57 "-" "Mozilla/5.0 (Linux; Android 6.0; Nexus 5 Build/MRA58N) AppleWebKit/537.36 (KHTML, like Gecko) Chrome/128.0.0.0 Mobile Safari/537.36"
66.249.64.70 - - [07/Dec/2025:21:08:22 +0330] "GET /?_lk=d3d3Lmxtc3lhcmFuLmly.c2ZqazkwZmFqc2xmc2Rs*&srd=1539&path=https://www.lmsyaran.ir/buy-item-id.php%26id=847896753.shtml HTTP/1.1" 200 57 "-" "Mozilla/5.0 (Linux; Android 6.0.1; Nexus 5X Build/MMB29P) AppleWebKit/537.36 (KHTML, like Gecko) Chrome/141.0.7390.122 Mobile Safari/537.36 (compatible; Googlebot/2.1; +http://www.google.com/bot.html)"
66.249.64.71 - - [07/Dec/2025:21:12:00 +0330] "GET /?_lk=d3d3Lmxtc3lhcmFuLmly.c2ZqazkwZmFqc2xmc2Rs*&srd=1539&path=https://www.lmsyaran.ir/buy-item-id.php%26id=178517104.shtml HTTP/1.1" 200 57 "-" "Mozilla/5.0 (Linux; Android 6.0.1; Nexus 5X Build/MMB29P) AppleWebKit/537.36 (KHTML, like Gecko) Chrome/141.0.7390.122 Mobile Safari/537.36 (compatible; Googlebot/2.1; +http://www.google.com/bot.html)"
66.249.64.70 - - [07/Dec/2025:21:19:20 +0330] "GET /?_lk=d3d3Lmxtc3lhcmFuLmly.c2ZqazkwZmFqc2xmc2Rs*&srd=1539&path=https://www.lmsyaran.ir/buy-item-id.php%26id=572355084.shtml HTTP/1.1" 200 57 "-" "Mozilla/5.0 (Linux; Android 6.0.1; Nexus 5X Build/MMB29P) AppleWebKit/537.36 (KHTML, like Gecko) Chrome/141.0.7390.122 Mobile Safari/537.36 (compatible; Googlebot/2.1; +http://www.google.com/bot.html)"
66.249.64.71 - - [07/Dec/2025:21:27:20 +0330] "GET /?_lk=d3d3Lmxtc3lhcmFuLmly.c2ZqazkwZmFqc2xmc2Rs*&srd=1539&path=https://www.lmsyaran.ir/buy-item-id.php%26id=804314963.shtml HTTP/1.1" 200 57 "-" "Mozilla/5.0 (Linux; Android 6.0.1; Nexus 5X Build/MMB29P) AppleWebKit/537.36 (KHTML, like Gecko) Chrome/141.0.7390.122 Mobile Safari/537.36 (compatible; Googlebot/2.1; +http://www.google.com/bot.html)"
66.249.64.70 - - [07/Dec/2025:21:34:21 +0330] "GET /?_lk=d3d3Lmxtc3lhcmFuLmly.c2ZqazkwZmFqc2xmc2Rs*&srd=1539&path=https://www.lmsyaran.ir/buy-item-id.php%26id=56501878.shtml HTTP/1.1" 200 57 "-" "Mozilla/5.0 (Linux; Android 6.0.1; Nexus 5X Build/MMB29P) AppleWebKit/537.36 (KHTML, like Gecko) Chrome/141.0.7390.122 Mobile Safari/537.36 (compatible; Googlebot/2.1; +http://www.google.com/bot.html)"
66.249.64.69 - - [07/Dec/2025:21:37:22 +0330] "GET /?_lk=d3d3Lmxtc3lhcmFuLmly.c2ZqazkwZmFqc2xmc2Rs*&srd=1539&path=https://www.lmsyaran.ir/buy-item-id.php%26id=264438765.shtml HTTP/1.1" 200 57 "-" "Mozilla/5.0 (Linux; Android 6.0.1; Nexus 5X Build/MMB29P) AppleWebKit/537.36 (KHTML, like Gecko) Chrome/141.0.7390.122 Mobile Safari/537.36 (compatible; Googlebot/2.1; +http://www.google.com/bot.html)"
194.233.101.158 - - [07/Dec/2025:21:38:09 +0330] "GET /administrator/index.php HTTP/1.1" 200 5462 "-" "Mozilla/5.0 (Windows NT 10.0; Win64; x64) AppleWebKit/537.36 (KHTML, like Gecko) Chrome/120.0.6099.71 Safari/537.36"
194.233.101.158 - - [07/Dec/2025:21:38:09 +0330] "GET /administrator/index.php HTTP/1.1" 200 5462 "-" "Mozilla/5.0 (Windows NT 10.0; Win64; x64) AppleWebKit/537.36 (KHTML, like Gecko) Chrome/120.0.6099.71 Safari/537.36"
194.233.101.158 - - [07/Dec/2025:21:38:10 +0330] "GET /administrator/index.php HTTP/1.1" 200 5462 "-" "Mozilla/5.0 (Windows NT 10.0; Win64; x64) AppleWebKit/537.36 (KHTML, like Gecko) Chrome/120.0.6099.71 Safari/537.36"
194.233.101.158 - - [07/Dec/2025:21:38:10 +0330] "GET /administrator/index.php HTTP/1.1" 200 5462 "-" "Mozilla/5.0 (Windows NT 10.0; Win64; x64) AppleWebKit/537.36 (KHTML, like Gecko) Chrome/120.0.6099.71 Safari/537.36"
194.233.101.158 - - [07/Dec/2025:21:38:11 +0330] "POST /administrator/index.php HTTP/1.1" 200 5462 "-" "Mozilla/5.0 (Windows NT 10.0; Win64; x64) AppleWebKit/537.36 (KHTML, like Gecko) Chrome/120.0.6099.71 Safari/537.36"
194.233.101.158 - - [07/Dec/2025:21:38:12 +0330] "GET /administrator/index.php HTTP/1.1" 200 5462 "-" "Mozilla/5.0 (Windows NT 10.0; Win64; x64) AppleWebKit/537.36 (KHTML, like Gecko) Chrome/120.0.6099.71 Safari/537.36"
66.249.64.69 - - [07/Dec/2025:21:41:23 +0330] "GET /?_lk=d3d3Lmxtc3lhcmFuLmly.c2ZqazkwZmFqc2xmc2Rs*&srd=1539&path=https://www.lmsyaran.ir/buy-item-id.php%26id=818361058.shtml HTTP/1.1" 200 57 "-" "Mozilla/5.0 (Linux; Android 6.0.1; Nexus 5X Build/MMB29P) AppleWebKit/537.36 (KHTML, like Gecko) Chrome/141.0.7390.122 Mobile Safari/537.36 (compatible; Googlebot/2.1; +http://www.google.com/bot.html)"
66.249.64.70 - - [07/Dec/2025:21:44:38 +0330] "GET /?_lk=d3d3Lmxtc3lhcmFuLmly.c2ZqazkwZmFqc2xmc2Rs*&srd=1539&path=https://www.lmsyaran.ir/buy-item-id.php%26id=143782811.shtml HTTP/1.1" 200 57 "-" "Mozilla/5.0 (Linux; Android 6.0.1; Nexus 5X Build/MMB29P) AppleWebKit/537.36 (KHTML, like Gecko) Chrome/141.0.7390.122 Mobile Safari/537.36 (compatible; Googlebot/2.1; +http://www.google.com/bot.html)"
66.249.64.69 - - [07/Dec/2025:21:44:40 +0330] "GET /?_lk=d3d3Lmxtc3lhcmFuLmly.c2ZqazkwZmFqc2xmc2Rs*&srd=1539&path=https://www.lmsyaran.ir/buy-item-id.php%26id=58869885.shtml HTTP/1.1" 200 57 "-" "Mozilla/5.0 (Linux; Android 6.0.1; Nexus 5X Build/MMB29P) AppleWebKit/537.36 (KHTML, like Gecko) Chrome/141.0.7390.122 Mobile Safari/537.36 (compatible; Googlebot/2.1; +http://www.google.com/bot.html)"
162.19.18.220 - - [07/Dec/2025:21:48:00 +0330] "GET / HTTP/1.1" 200 57 "-" "Mozilla/5.0 (Linux; Android 7.0; SM-G928C Build/NRD90M) AppleWebKit/537.36 (KHTML, like Gecko) Chrome/56.0.2924.87 Mobile Safari/537.36"
66.249.64.69 - - [07/Dec/2025:21:48:39 +0330] "GET /?_lk=d3d3Lmxtc3lhcmFuLmly.c2ZqazkwZmFqc2xmc2Rs*&srd=1539&path=https://www.lmsyaran.ir/buy-item-id.php%26id=078487282.shtml HTTP/1.1" 200 57 "-" "Mozilla/5.0 (Linux; Android 6.0.1; Nexus 5X Build/MMB29P) AppleWebKit/537.36 (KHTML, like Gecko) Chrome/141.0.7390.122 Mobile Safari/537.36 (compatible; Googlebot/2.1; +http://www.google.com/bot.html)"
217.160.36.145 - - [07/Dec/2025:21:49:03 +0330] "GET /payment/index.php HTTP/1.1" 404 - "-" "Mozilla/5.0 (Linux; Android 6.0.1; SM-G610F Build/MMB29K; wv) AppleWebKit/537.36 (KHTML, like Gecko) Version/4.0 Chrome/59.0.3071.122 Mobile Safari/537.36"
66.249.64.69 - - [07/Dec/2025:21:55:59 +0330] "GET /?_lk=d3d3Lmxtc3lhcmFuLmly.c2ZqazkwZmFqc2xmc2Rs*&srd=1539&path=https://www.lmsyaran.ir/buy-item-id.php%26id=917098926.shtml HTTP/1.1" 200 57 "-" "Mozilla/5.0 (Linux; Android 6.0.1; Nexus 5X Build/MMB29P) AppleWebKit/537.36 (KHTML, like Gecko) Chrome/141.0.7390.122 Mobile Safari/537.36 (compatible; Googlebot/2.1; +http://www.google.com/bot.html)"
66.249.64.69 - - [07/Dec/2025:22:03:18 +0330] "GET /?_lk=d3d3Lmxtc3lhcmFuLmly.c2ZqazkwZmFqc2xmc2Rs*&srd=1539&path=https://www.lmsyaran.ir/buy-item-id.php%26id=501865368.shtml HTTP/1.1" 200 57 "-" "Mozilla/5.0 (Linux; Android 6.0.1; Nexus 5X Build/MMB29P) AppleWebKit/537.36 (KHTML, like Gecko) Chrome/141.0.7390.122 Mobile Safari/537.36 (compatible; Googlebot/2.1; +http://www.google.com/bot.html)"
66.249.64.71 - - [07/Dec/2025:22:10:38 +0330] "GET /?_lk=d3d3Lmxtc3lhcmFuLmly.c2ZqazkwZmFqc2xmc2Rs*&srd=1539&path=https://www.lmsyaran.ir/buy-item-id.php%26id=708542592.shtml HTTP/1.1" 200 57 "-" "Mozilla/5.0 (Linux; Android 6.0.1; Nexus 5X Build/MMB29P) AppleWebKit/537.36 (KHTML, like Gecko) Chrome/141.0.7390.122 Mobile Safari/537.36 (compatible; Googlebot/2.1; +http://www.google.com/bot.html)"
66.249.64.70 - - [07/Dec/2025:22:17:54 +0330] "GET /?_lk=d3d3Lmxtc3lhcmFuLmly.c2ZqazkwZmFqc2xmc2Rs*&srd=1539&path=https://www.lmsyaran.ir/buy-item-id.php%26id=815966245.shtml HTTP/1.1" 200 57 "-" "Mozilla/5.0 (Linux; Android 6.0.1; Nexus 5X Build/MMB29P) AppleWebKit/537.36 (KHTML, like Gecko) Chrome/141.0.7390.122 Mobile Safari/537.36 (compatible; Googlebot/2.1; +http://www.google.com/bot.html)"
165.22.107.56 - - [07/Dec/2025:22:23:22 +0330] "GET /administrator/index.php HTTP/1.1" 200 5462 "-" "Mozilla/5.0"
165.22.107.56 - - [07/Dec/2025:22:23:23 +0330] "POST /administrator/index.php HTTP/1.1" 200 5462 "-" "Mozilla/5.0"
66.249.64.71 - - [07/Dec/2025:22:25:11 +0330] "GET /?_lk=d3d3Lmxtc3lhcmFuLmly.c2ZqazkwZmFqc2xmc2Rs*&srd=1539&path=https://www.lmsyaran.ir/buy-item-id.php%26id=724713340.shtml HTTP/1.1" 200 57 "-" "Mozilla/5.0 (Linux; Android 6.0.1; Nexus 5X Build/MMB29P) AppleWebKit/537.36 (KHTML, like Gecko) Chrome/141.0.7390.122 Mobile Safari/537.36 (compatible; Googlebot/2.1; +http://www.google.com/bot.html)"
66.249.64.70 - - [07/Dec/2025:22:32:27 +0330] "GET /?_lk=d3d3Lmxtc3lhcmFuLmly.c2ZqazkwZmFqc2xmc2Rs*&srd=1539&path=https://www.lmsyaran.ir/buy-item-id.php%26id=948584031.shtml HTTP/1.1" 200 57 "-" "Mozilla/5.0 (Linux; Android 6.0.1; Nexus 5X Build/MMB29P) AppleWebKit/537.36 (KHTML, like Gecko) Chrome/141.0.7390.122 Mobile Safari/537.36 (compatible; Googlebot/2.1; +http://www.google.com/bot.html)"
66.249.64.69 - - [07/Dec/2025:22:39:43 +0330] "GET /?_lk=d3d3Lmxtc3lhcmFuLmly.c2ZqazkwZmFqc2xmc2Rs*&srd=1539&path=https://www.lmsyaran.ir/buy-item-id.php%26id=391088974.shtml HTTP/1.1" 200 57 "-" "Mozilla/5.0 (Linux; Android 6.0.1; Nexus 5X Build/MMB29P) AppleWebKit/537.36 (KHTML, like Gecko) Chrome/141.0.7390.122 Mobile Safari/537.36 (compatible; Googlebot/2.1; +http://www.google.com/bot.html)"
165.22.107.56 - - [07/Dec/2025:22:45:29 +0330] "GET /administrator/index.php HTTP/1.1" 200 5462 "-" "Mozilla/5.0"
165.22.107.56 - - [07/Dec/2025:22:45:29 +0330] "POST /administrator/index.php HTTP/1.1" 200 5462 "-" "Mozilla/5.0"
66.249.64.70 - - [07/Dec/2025:22:46:59 +0330] "GET /?_lk=d3d3Lmxtc3lhcmFuLmly.c2ZqazkwZmFqc2xmc2Rs*&srd=1539&path=https://www.lmsyaran.ir/buy-item-id.php%26id=193189577.shtml HTTP/1.1" 200 57 "-" "Mozilla/5.0 (Linux; Android 6.0.1; Nexus 5X Build/MMB29P) AppleWebKit/537.36 (KHTML, like Gecko) Chrome/141.0.7390.122 Mobile Safari/537.36 (compatible; Googlebot/2.1; +http://www.google.com/bot.html)"
66.249.64.71 - - [07/Dec/2025:22:54:15 +0330] "GET /?_lk=d3d3Lmxtc3lhcmFuLmly.c2ZqazkwZmFqc2xmc2Rs*&srd=1539&path=https://www.lmsyaran.ir/buy-item-id.php%26id=07961765.shtml HTTP/1.1" 200 57 "-" "Mozilla/5.0 (Linux; Android 6.0.1; Nexus 5X Build/MMB29P) AppleWebKit/537.36 (KHTML, like Gecko) Chrome/141.0.7390.122 Mobile Safari/537.36 (compatible; Googlebot/2.1; +http://www.google.com/bot.html)"
66.249.64.69 - - [07/Dec/2025:23:01:32 +0330] "GET /?_lk=d3d3Lmxtc3lhcmFuLmly.c2ZqazkwZmFqc2xmc2Rs*&srd=1539&path=https://www.lmsyaran.ir/buy-item-id.php%26id=902285799.shtml HTTP/1.1" 200 57 "-" "Mozilla/5.0 (Linux; Android 6.0.1; Nexus 5X Build/MMB29P) AppleWebKit/537.36 (KHTML, like Gecko) Chrome/141.0.7390.122 Mobile Safari/537.36 (compatible; Googlebot/2.1; +http://www.google.com/bot.html)"
66.249.64.70 - - [07/Dec/2025:23:08:48 +0330] "GET /?_lk=d3d3Lmxtc3lhcmFuLmly.c2ZqazkwZmFqc2xmc2Rs*&srd=1539&path=https://www.lmsyaran.ir/buy-item-id.php%26id=109398616.shtml HTTP/1.1" 200 57 "-" "Mozilla/5.0 (Linux; Android 6.0.1; Nexus 5X Build/MMB29P) AppleWebKit/537.36 (KHTML, like Gecko) Chrome/141.0.7390.122 Mobile Safari/537.36 (compatible; Googlebot/2.1; +http://www.google.com/bot.html)"
66.249.64.70 - - [07/Dec/2025:23:16:04 +0330] "GET /?_lk=d3d3Lmxtc3lhcmFuLmly.c2ZqazkwZmFqc2xmc2Rs*&srd=1539&path=https://www.lmsyaran.ir/buy-item-id.php%26id=024041618.shtml HTTP/1.1" 200 57 "-" "Mozilla/5.0 (Linux; Android 6.0.1; Nexus 5X Build/MMB29P) AppleWebKit/537.36 (KHTML, like Gecko) Chrome/141.0.7390.122 Mobile Safari/537.36 (compatible; Googlebot/2.1; +http://www.google.com/bot.html)"
194.225.50.88 - - [07/Dec/2025:23:22:40 +0330] "GET / HTTP/1.1" 200 57 "-" "Mozilla/5.0 (Linux; Android 9; SM-G973F) AppleWebKit/537.36 (KHTML, like Gecko) Chrome/85.0.4183.81 Mobile Safari/537.36"
66.249.64.69 - - [07/Dec/2025:23:23:22 +0330] "GET /?_lk=d3d3Lmxtc3lhcmFuLmly.c2ZqazkwZmFqc2xmc2Rs*&srd=1539&path=https://www.lmsyaran.ir/buy-item-id.php%26id=852897074.shtml HTTP/1.1" 200 57 "-" "Mozilla/5.0 (Linux; Android 6.0.1; Nexus 5X Build/MMB29P) AppleWebKit/537.36 (KHTML, like Gecko) Chrome/141.0.7390.122 Mobile Safari/537.36 (compatible; Googlebot/2.1; +http://www.google.com/bot.html)"
66.249.64.69 - - [07/Dec/2025:23:30:40 +0330] "GET /?_lk=d3d3Lmxtc3lhcmFuLmly.c2ZqazkwZmFqc2xmc2Rs*&srd=1539&path=https://www.lmsyaran.ir/buy-item-id.php%26id=228182338.shtml HTTP/1.1" 200 57 "-" "Mozilla/5.0 (Linux; Android 6.0.1; Nexus 5X Build/MMB29P) AppleWebKit/537.36 (KHTML, like Gecko) Chrome/141.0.7390.122 Mobile Safari/537.36 (compatible; Googlebot/2.1; +http://www.google.com/bot.html)"
66.249.64.70 - - [07/Dec/2025:23:37:59 +0330] "GET /?_lk=d3d3Lmxtc3lhcmFuLmly.c2ZqazkwZmFqc2xmc2Rs*&srd=1539&path=https://www.lmsyaran.ir/buy-item-id.php%26id=170608324.shtml HTTP/1.1" 200 57 "-" "Mozilla/5.0 (Linux; Android 6.0.1; Nexus 5X Build/MMB29P) AppleWebKit/537.36 (KHTML, like Gecko) Chrome/141.0.7390.122 Mobile Safari/537.36 (compatible; Googlebot/2.1; +http://www.google.com/bot.html)"
57.129.25.70 - - [07/Dec/2025:23:44:08 +0330] "GET / HTTP/1.1" 200 57 "-" "Mozilla/5.0 (Linux; Android 4.4.2; LG-D685 Build/KOT49I.D68520d) AppleWebKit/537.36 (KHTML, like Gecko) Chrome/50.0.2661.89 Mobile Safari/537.36"
66.249.64.70 - - [07/Dec/2025:23:45:17 +0330] "GET /?_lk=d3d3Lmxtc3lhcmFuLmly.c2ZqazkwZmFqc2xmc2Rs*&srd=1539&path=https://www.lmsyaran.ir/buy-item-id.php%26id=524645432.shtml HTTP/1.1" 200 57 "-" "Mozilla/5.0 (Linux; Android 6.0.1; Nexus 5X Build/MMB29P) AppleWebKit/537.36 (KHTML, like Gecko) Chrome/141.0.7390.122 Mobile Safari/537.36 (compatible; Googlebot/2.1; +http://www.google.com/bot.html)"
66.249.64.69 - - [07/Dec/2025:23:53:32 +0330] "GET /?_lk=d3d3Lmxtc3lhcmFuLmly.c2ZqazkwZmFqc2xmc2Rs*&srd=1539&path=https://www.lmsyaran.ir/buy-item-id.php%26id=069873408.shtml HTTP/1.1" 200 57 "-" "Mozilla/5.0 (Linux; Android 6.0.1; Nexus 5X Build/MMB29P) AppleWebKit/537.36 (KHTML, like Gecko) Chrome/141.0.7390.122 Mobile Safari/537.36 (compatible; Googlebot/2.1; +http://www.google.com/bot.html)"
66.249.70.66 - - [08/Dec/2025:00:00:33 +0330] "GET /97487792812.shtml HTTP/1.1" 404 - "-" "Mozilla/5.0 (Linux; Android 6.0.1; Nexus 5X Build/MMB29P) AppleWebKit/537.36 (KHTML, like Gecko) Chrome/141.0.7390.122 Mobile Safari/537.36 (compatible; Googlebot/2.1; +http://www.google.com/bot.html)"
66.249.64.69 - - [08/Dec/2025:00:07:34 +0330] "GET /218171637808.shtml HTTP/1.1" 404 - "-" "Mozilla/5.0 (Linux; Android 6.0.1; Nexus 5X Build/MMB29P) AppleWebKit/537.36 (KHTML, like Gecko) Chrome/141.0.7390.122 Mobile Safari/537.36 (compatible; Googlebot/2.1; +http://www.google.com/bot.html)"
66.249.64.71 - - [08/Dec/2025:00:14:35 +0330] "GET /?_lk=d3d3Lmxtc3lhcmFuLmly.c2ZqazkwZmFqc2xmc2Rs*&srd=1539&path=https://www.lmsyaran.ir/buy-item-id.php%26id=787306178.shtml HTTP/1.1" 200 57 "-" "Mozilla/5.0 (Linux; Android 6.0.1; Nexus 5X Build/MMB29P) AppleWebKit/537.36 (KHTML, like Gecko) Chrome/141.0.7390.122 Mobile Safari/537.36 (compatible; Googlebot/2.1; +http://www.google.com/bot.html)"
66.249.64.71 - - [08/Dec/2025:00:18:50 +0330] "GET /?_lk=d3d3Lmxtc3lhcmFuLmly.c2ZqazkwZmFqc2xmc2Rs*&srd=1539&path=https://www.lmsyaran.ir/buy-item-id.php%26id=464102208.shtml HTTP/1.1" 200 57 "-" "Mozilla/5.0 (Linux; Android 6.0.1; Nexus 5X Build/MMB29P) AppleWebKit/537.36 (KHTML, like Gecko) Chrome/141.0.7390.122 Mobile Safari/537.36 (compatible; Googlebot/2.1; +http://www.google.com/bot.html)"
