66.249.64.71 - - [08/Dec/2025:07:34:42 +0330] "GET /?_lk=d3d3Lmxtc3lhcmFuLmly.c2ZqazkwZmFqc2xmc2Rs*&srd=1539&path=https://www.lmsyaran.ir/buy-item-id.php%26id=765234226.shtml HTTP/1.1" 200 57 "-" "Mozilla/5.0 (Linux; Android 6.0.1; Nexus 5X Build/MMB29P) AppleWebKit/537.36 (KHTML, like Gecko) Chrome/141.0.7390.122 Mobile Safari/537.36 (compatible; Googlebot/2.1; +http://www.google.com/bot.html)"
66.249.64.69 - - [08/Dec/2025:07:35:42 +0330] "GET /robots.txt HTTP/1.1" 404 - "-" "Mozilla/5.0 (compatible; Googlebot/2.1; +http://www.google.com/bot.html)"
66.249.64.71 - - [08/Dec/2025:07:35:42 +0330] "GET /?_lk=d3d3Lmxtc3lhcmFuLmly.c2ZqazkwZmFqc2xmc2Rs*&srd=1539&path=https://www.lmsyaran.ir/buy-item-id.php%26id=659804871.shtml HTTP/1.1" 200 57 "-" "Mozilla/5.0 (Linux; Android 6.0.1; Nexus 5X Build/MMB29P) AppleWebKit/537.36 (KHTML, like Gecko) Chrome/141.0.7390.122 Mobile Safari/537.36 (compatible; Googlebot/2.1; +http://www.google.com/bot.html)"
66.249.64.71 - - [08/Dec/2025:07:39:43 +0330] "GET /robots.txt HTTP/1.1" 404 - "-" "Mozilla/5.0 (compatible; Googlebot/2.1; +http://www.google.com/bot.html)"
66.249.64.70 - - [08/Dec/2025:07:39:43 +0330] "GET /?_lk=d3d3Lmxtc3lhcmFuLmly.c2ZqazkwZmFqc2xmc2Rs*&srd=1539&path=https://www.lmsyaran.ir/buy-item-id.php%26id=287281069.shtml HTTP/1.1" 200 57 "-" "Mozilla/5.0 (Linux; Android 6.0.1; Nexus 5X Build/MMB29P) AppleWebKit/537.36 (KHTML, like Gecko) Chrome/141.0.7390.122 Mobile Safari/537.36 (compatible; Googlebot/2.1; +http://www.google.com/bot.html)"
66.249.64.71 - - [08/Dec/2025:07:44:40 +0330] "GET /?_lk=d3d3Lmxtc3lhcmFuLmly.c2ZqazkwZmFqc2xmc2Rs*&srd=1539&path=https://www.lmsyaran.ir/buy-item-id.php%26id=255182110.shtml HTTP/1.1" 200 57 "-" "Mozilla/5.0 (Linux; Android 6.0.1; Nexus 5X Build/MMB29P) AppleWebKit/537.36 (KHTML, like Gecko) Chrome/141.0.7390.122 Mobile Safari/537.36 (compatible; Googlebot/2.1; +http://www.google.com/bot.html)"
104.210.140.140 - - [08/Dec/2025:07:48:38 +0330] "GET /robots.txt HTTP/1.1" 404 - "-" "Mozilla/5.0 (Macintosh; Intel Mac OS X 10_15_7) AppleWebKit/537.36 (KHTML, like Gecko) Chrome/131.0.0.0 Safari/537.36; compatible; OAI-SearchBot/1.0; +https://openai.com/searchbot"
66.249.64.71 - - [08/Dec/2025:07:49:41 +0330] "GET /?_lk=d3d3Lmxtc3lhcmFuLmly.c2ZqazkwZmFqc2xmc2Rs*&srd=1539&path=https://www.lmsyaran.ir/buy-item-id.php%26id=246917102.shtml HTTP/1.1" 200 57 "-" "Mozilla/5.0 (Linux; Android 6.0.1; Nexus 5X Build/MMB29P) AppleWebKit/537.36 (KHTML, like Gecko) Chrome/141.0.7390.122 Mobile Safari/537.36 (compatible; Googlebot/2.1; +http://www.google.com/bot.html)"
15.204.182.106 - - [08/Dec/2025:07:53:13 +0330] "GET / HTTP/1.1" 200 57 "-" "Mozilla/5.0 (X11; Linux x86_64) AppleWebKit/537.36 (KHTML, like Gecko) Chrome/141.0.0.0 Safari/537.36"
66.249.64.71 - - [08/Dec/2025:07:54:42 +0330] "GET /?_lk=d3d3Lmxtc3lhcmFuLmly.c2ZqazkwZmFqc2xmc2Rs*&srd=1539&path=https://www.lmsyaran.ir/buy-item-id.php%26id=487757115.shtml HTTP/1.1" 200 57 "-" "Mozilla/5.0 (Linux; Android 6.0.1; Nexus 5X Build/MMB29P) AppleWebKit/537.36 (KHTML, like Gecko) Chrome/141.0.7390.122 Mobile Safari/537.36 (compatible; Googlebot/2.1; +http://www.google.com/bot.html)"
66.249.64.69 - - [08/Dec/2025:08:04:43 +0330] "GET /?_lk=d3d3Lmxtc3lhcmFuLmly.c2ZqazkwZmFqc2xmc2Rs*&srd=1539&path=https://www.lmsyaran.ir/buy-item-id.php%26id=517717266.shtml HTTP/1.1" 200 57 "-" "Mozilla/5.0 (Linux; Android 6.0.1; Nexus 5X Build/MMB29P) AppleWebKit/537.36 (KHTML, like Gecko) Chrome/141.0.7390.122 Mobile Safari/537.36 (compatible; Googlebot/2.1; +http://www.google.com/bot.html)"
66.249.64.70 - - [08/Dec/2025:08:09:44 +0330] "GET /?_lk=d3d3Lmxtc3lhcmFuLmly.c2ZqazkwZmFqc2xmc2Rs*&srd=1539&path=https://www.lmsyaran.ir/buy-item-id.php%26id=562149762.shtml HTTP/1.1" 200 57 "-" "Mozilla/5.0 (Linux; Android 6.0.1; Nexus 5X Build/MMB29P) AppleWebKit/537.36 (KHTML, like Gecko) Chrome/141.0.7390.122 Mobile Safari/537.36 (compatible; Googlebot/2.1; +http://www.google.com/bot.html)"
66.249.64.71 - - [08/Dec/2025:08:14:41 +0330] "GET /?_lk=d3d3Lmxtc3lhcmFuLmly.c2ZqazkwZmFqc2xmc2Rs*&srd=1539&path=https://www.lmsyaran.ir/buy-item-id.php%26id=948702827.shtml HTTP/1.1" 200 57 "-" "Mozilla/5.0 (Linux; Android 6.0.1; Nexus 5X Build/MMB29P) AppleWebKit/537.36 (KHTML, like Gecko) Chrome/141.0.7390.122 Mobile Safari/537.36 (compatible; Googlebot/2.1; +http://www.google.com/bot.html)"
91.222.174.151 - - [08/Dec/2025:08:20:18 +0330] "GET /administrator/index.php HTTP/1.1" 200 5462 "-" "Mozilla/5.0 (Windows NT 10.0; WOW64) AppleWebKit/537.36 (KHTML, like Gecko) Chrome/104.0.5112.102 Safari/537.36"
66.249.64.69 - - [08/Dec/2025:08:20:42 +0330] "GET /?_lk=d3d3Lmxtc3lhcmFuLmly.c2ZqazkwZmFqc2xmc2Rs*&srd=1539&path=https://www.lmsyaran.ir/buy-item-id.php%26id=39750358.shtml HTTP/1.1" 200 57 "-" "Mozilla/5.0 (Linux; Android 6.0.1; Nexus 5X Build/MMB29P) AppleWebKit/537.36 (KHTML, like Gecko) Chrome/141.0.7390.122 Mobile Safari/537.36 (compatible; Googlebot/2.1; +http://www.google.com/bot.html)"
66.249.64.70 - - [08/Dec/2025:08:25:43 +0330] "GET /?_lk=d3d3Lmxtc3lhcmFuLmly.c2ZqazkwZmFqc2xmc2Rs*&srd=1539&path=https://www.lmsyaran.ir/buy-item-id.php%26id=828117896.shtml HTTP/1.1" 200 57 "-" "Mozilla/5.0 (Linux; Android 6.0.1; Nexus 5X Build/MMB29P) AppleWebKit/537.36 (KHTML, like Gecko) Chrome/141.0.7390.122 Mobile Safari/537.36 (compatible; Googlebot/2.1; +http://www.google.com/bot.html)"
66.249.64.71 - - [08/Dec/2025:08:29:44 +0330] "GET /?_lk=d3d3Lmxtc3lhcmFuLmly.c2ZqazkwZmFqc2xmc2Rs*&srd=1539&path=https://www.lmsyaran.ir/buy-item-id.php%26id=782402308.shtml HTTP/1.1" 200 57 "-" "Mozilla/5.0 (Linux; Android 6.0.1; Nexus 5X Build/MMB29P) AppleWebKit/537.36 (KHTML, like Gecko) Chrome/141.0.7390.122 Mobile Safari/537.36 (compatible; Googlebot/2.1; +http://www.google.com/bot.html)"
66.249.64.69 - - [08/Dec/2025:08:30:45 +0330] "GET /?_lk=d3d3Lmxtc3lhcmFuLmly.c2ZqazkwZmFqc2xmc2Rs*&srd=1539&path=https://www.lmsyaran.ir/buy-item-id.php%26id=933878717.shtml HTTP/1.1" 200 57 "-" "Mozilla/5.0 (Linux; Android 6.0.1; Nexus 5X Build/MMB29P) AppleWebKit/537.36 (KHTML, like Gecko) Chrome/141.0.7390.122 Mobile Safari/537.36 (compatible; Googlebot/2.1; +http://www.google.com/bot.html)"
66.249.64.70 - - [08/Dec/2025:08:35:45 +0330] "GET /?_lk=d3d3Lmxtc3lhcmFuLmly.c2ZqazkwZmFqc2xmc2Rs*&srd=1539&path=https://www.lmsyaran.ir/buy-item-id.php%26id=942763890.shtml HTTP/1.1" 200 57 "-" "Mozilla/5.0 (Linux; Android 6.0.1; Nexus 5X Build/MMB29P) AppleWebKit/537.36 (KHTML, like Gecko) Chrome/141.0.7390.122 Mobile Safari/537.36 (compatible; Googlebot/2.1; +http://www.google.com/bot.html)"
66.249.64.69 - - [08/Dec/2025:08:40:46 +0330] "GET /?_lk=d3d3Lmxtc3lhcmFuLmly.c2ZqazkwZmFqc2xmc2Rs*&srd=1539&path=https://www.lmsyaran.ir/buy-item-id.php%26id=852502752.shtml HTTP/1.1" 200 57 "-" "Mozilla/5.0 (Linux; Android 6.0.1; Nexus 5X Build/MMB29P) AppleWebKit/537.36 (KHTML, like Gecko) Chrome/141.0.7390.122 Mobile Safari/537.36 (compatible; Googlebot/2.1; +http://www.google.com/bot.html)"
66.249.64.69 - - [08/Dec/2025:08:45:45 +0330] "GET /?_lk=d3d3Lmxtc3lhcmFuLmly.c2ZqazkwZmFqc2xmc2Rs*&srd=1539&path=https://www.lmsyaran.ir/buy-item-id.php%26id=697722943.shtml HTTP/1.1" 200 57 "-" "Mozilla/5.0 (Linux; Android 6.0.1; Nexus 5X Build/MMB29P) AppleWebKit/537.36 (KHTML, like Gecko) Chrome/141.0.7390.122 Mobile Safari/537.36 (compatible; Googlebot/2.1; +http://www.google.com/bot.html)"
66.249.64.69 - - [08/Dec/2025:08:50:46 +0330] "GET /?_lk=d3d3Lmxtc3lhcmFuLmly.c2ZqazkwZmFqc2xmc2Rs*&srd=1539&path=https://www.lmsyaran.ir/buy-item-id.php%26id=121642247.shtml HTTP/1.1" 200 57 "-" "Mozilla/5.0 (Linux; Android 6.0.1; Nexus 5X Build/MMB29P) AppleWebKit/537.36 (KHTML, like Gecko) Chrome/141.0.7390.122 Mobile Safari/537.36 (compatible; Googlebot/2.1; +http://www.google.com/bot.html)"
15.204.182.106 - - [08/Dec/2025:08:53:37 +0330] "GET / HTTP/1.1" 200 57 "-" "Mozilla/5.0 (X11; Linux x86_64) AppleWebKit/537.36 (KHTML, like Gecko) Chrome/141.0.0.0 Safari/537.36"
51.68.236.87 - - [08/Dec/2025:08:54:01 +0330] "GET /robots.txt HTTP/1.1" 404 - "-" "Mozilla/5.0 (compatible; MJ12bot/v2.0.4; http://mj12bot.com/)"
51.68.236.87 - - [08/Dec/2025:08:54:01 +0330] "GET / HTTP/1.1" 200 57 "-" "Mozilla/5.0 (compatible; MJ12bot/v2.0.4; http://mj12bot.com/)"
66.249.64.69 - - [08/Dec/2025:08:54:46 +0330] "GET /?_lk=d3d3Lmxtc3lhcmFuLmly.c2ZqazkwZmFqc2xmc2Rs*&srd=1539&path=https://www.lmsyaran.ir/buy-item-id.php%26id=588899615.shtml HTTP/1.1" 200 57 "-" "Mozilla/5.0 (Linux; Android 6.0.1; Nexus 5X Build/MMB29P) AppleWebKit/537.36 (KHTML, like Gecko) Chrome/141.0.7390.122 Mobile Safari/537.36 (compatible; Googlebot/2.1; +http://www.google.com/bot.html)"
66.249.64.69 - - [08/Dec/2025:08:55:47 +0330] "GET /?_lk=d3d3Lmxtc3lhcmFuLmly.c2ZqazkwZmFqc2xmc2Rs*&srd=1539&path=https://www.lmsyaran.ir/buy-item-id.php%26id=120159545.shtml HTTP/1.1" 200 57 "-" "Mozilla/5.0 (Linux; Android 6.0.1; Nexus 5X Build/MMB29P) AppleWebKit/537.36 (KHTML, like Gecko) Chrome/141.0.7390.122 Mobile Safari/537.36 (compatible; Googlebot/2.1; +http://www.google.com/bot.html)"
66.249.64.71 - - [08/Dec/2025:09:00:48 +0330] "GET /?_lk=d3d3Lmxtc3lhcmFuLmly.c2ZqazkwZmFqc2xmc2Rs*&srd=1539&path=https://www.lmsyaran.ir/buy-item-id.php%26id=908823832.shtml HTTP/1.1" 200 57 "-" "Mozilla/5.0 (Linux; Android 6.0.1; Nexus 5X Build/MMB29P) AppleWebKit/537.36 (KHTML, like Gecko) Chrome/141.0.7390.122 Mobile Safari/537.36 (compatible; Googlebot/2.1; +http://www.google.com/bot.html)"
91.222.174.151 - - [08/Dec/2025:09:03:46 +0330] "GET /administrator/index.php HTTP/1.1" 200 5462 "-" "Mozilla/5.0 (Windows NT 10.0; WOW64) AppleWebKit/537.36 (KHTML, like Gecko) Chrome/101.0.4951.64 Safari/537.36"
66.249.64.71 - - [08/Dec/2025:09:05:49 +0330] "GET /?_lk=d3d3Lmxtc3lhcmFuLmly.c2ZqazkwZmFqc2xmc2Rs*&srd=1539&path=https://www.lmsyaran.ir/buy-item-id.php%26id=279635091.shtml HTTP/1.1" 200 57 "-" "Mozilla/5.0 (Linux; Android 6.0.1; Nexus 5X Build/MMB29P) AppleWebKit/537.36 (KHTML, like Gecko) Chrome/141.0.7390.122 Mobile Safari/537.36 (compatible; Googlebot/2.1; +http://www.google.com/bot.html)"
66.249.64.71 - - [08/Dec/2025:09:10:50 +0330] "GET /?_lk=d3d3Lmxtc3lhcmFuLmly.c2ZqazkwZmFqc2xmc2Rs*&srd=1539&path=https://www.lmsyaran.ir/buy-item-id.php%26id=801218947.shtml HTTP/1.1" 200 57 "-" "Mozilla/5.0 (Linux; Android 6.0.1; Nexus 5X Build/MMB29P) AppleWebKit/537.36 (KHTML, like Gecko) Chrome/141.0.7390.122 Mobile Safari/537.36 (compatible; Googlebot/2.1; +http://www.google.com/bot.html)"
66.249.64.70 - - [08/Dec/2025:09:15:46 +0330] "GET /?_lk=d3d3Lmxtc3lhcmFuLmly.c2ZqazkwZmFqc2xmc2Rs*&srd=1539&path=https://www.lmsyaran.ir/buy-item-id.php%26id=991408112.shtml HTTP/1.1" 200 57 "-" "Mozilla/5.0 (Linux; Android 6.0.1; Nexus 5X Build/MMB29P) AppleWebKit/537.36 (KHTML, like Gecko) Chrome/141.0.7390.122 Mobile Safari/537.36 (compatible; Googlebot/2.1; +http://www.google.com/bot.html)"
185.213.83.160 - - [08/Dec/2025:09:18:06 +0330] "GET /administrator/index.php HTTP/1.1" 200 5462 "-" "Mozilla/5.0 (Windows NT 10.0; WOW64) AppleWebKit/537.36 (KHTML, like Gecko) Chrome/107.0.5304.91 Safari/537.36"
66.249.64.70 - - [08/Dec/2025:09:20:46 +0330] "GET /?_lk=d3d3Lmxtc3lhcmFuLmly.c2ZqazkwZmFqc2xmc2Rs*&srd=1539&path=https://www.lmsyaran.ir/buy-item-id.php%26id=95690455.shtml HTTP/1.1" 200 57 "-" "Mozilla/5.0 (Linux; Android 6.0.1; Nexus 5X Build/MMB29P) AppleWebKit/537.36 (KHTML, like Gecko) Chrome/141.0.7390.122 Mobile Safari/537.36 (compatible; Googlebot/2.1; +http://www.google.com/bot.html)"
185.213.83.160 - - [08/Dec/2025:09:21:00 +0330] "GET /administrator/index.php HTTP/1.1" 200 5462 "-" "Mozilla/5.0 (Windows NT 10.0) AppleWebKit/537.36 (KHTML, like Gecko) Chrome/106.0.5249.65 Safari/537.36"
66.249.64.69 - - [08/Dec/2025:09:24:47 +0330] "GET /?_lk=d3d3Lmxtc3lhcmFuLmly.c2ZqazkwZmFqc2xmc2Rs*&srd=1539&path=https://www.lmsyaran.ir/buy-item-id.php%26id=785764436.shtml HTTP/1.1" 200 57 "-" "Mozilla/5.0 (Linux; Android 6.0.1; Nexus 5X Build/MMB29P) AppleWebKit/537.36 (KHTML, like Gecko) Chrome/141.0.7390.122 Mobile Safari/537.36 (compatible; Googlebot/2.1; +http://www.google.com/bot.html)"
91.222.174.151 - - [08/Dec/2025:09:26:25 +0330] "GET /administrator/ HTTP/1.1" 200 5462 "-" "Mozilla/5.0 (Windows NT 10.0; Win64; x64) AppleWebKit/537.36 (KHTML, like Gecko) Chrome/105.0.5195.54 Safari/537.36"
66.249.64.71 - - [08/Dec/2025:09:29:48 +0330] "GET /?_lk=d3d3Lmxtc3lhcmFuLmly.c2ZqazkwZmFqc2xmc2Rs*&srd=1539&path=https://www.lmsyaran.ir/buy-item-id.php%26id=023167770.shtml HTTP/1.1" 200 57 "-" "Mozilla/5.0 (Linux; Android 6.0.1; Nexus 5X Build/MMB29P) AppleWebKit/537.36 (KHTML, like Gecko) Chrome/141.0.7390.122 Mobile Safari/537.36 (compatible; Googlebot/2.1; +http://www.google.com/bot.html)"
66.249.64.69 - - [08/Dec/2025:09:34:49 +0330] "GET /?_lk=d3d3Lmxtc3lhcmFuLmly.c2ZqazkwZmFqc2xmc2Rs*&srd=1539&path=https://www.lmsyaran.ir/buy-item-id.php%26id=702622079.shtml HTTP/1.1" 200 57 "-" "Mozilla/5.0 (Linux; Android 6.0.1; Nexus 5X Build/MMB29P) AppleWebKit/537.36 (KHTML, like Gecko) Chrome/141.0.7390.122 Mobile Safari/537.36 (compatible; Googlebot/2.1; +http://www.google.com/bot.html)"
66.249.64.69 - - [08/Dec/2025:09:39:50 +0330] "GET /?_lk=d3d3Lmxtc3lhcmFuLmly.c2ZqazkwZmFqc2xmc2Rs*&srd=1539&path=https://www.lmsyaran.ir/buy-item-id.php%26id=574088645.shtml HTTP/1.1" 200 57 "-" "Mozilla/5.0 (Linux; Android 6.0.1; Nexus 5X Build/MMB29P) AppleWebKit/537.36 (KHTML, like Gecko) Chrome/141.0.7390.122 Mobile Safari/537.36 (compatible; Googlebot/2.1; +http://www.google.com/bot.html)"
66.249.64.69 - - [08/Dec/2025:09:44:43 +0330] "GET /?_lk=d3d3Lmxtc3lhcmFuLmly.c2ZqazkwZmFqc2xmc2Rs*&srd=1539&path=https://www.lmsyaran.ir/buy-item-id.php%26id=749448324.shtml HTTP/1.1" 200 57 "-" "Mozilla/5.0 (Linux; Android 6.0.1; Nexus 5X Build/MMB29P) AppleWebKit/537.36 (KHTML, like Gecko) Chrome/141.0.7390.122 Mobile Safari/537.36 (compatible; Googlebot/2.1; +http://www.google.com/bot.html)"
66.249.64.71 - - [08/Dec/2025:09:49:44 +0330] "GET /?_lk=d3d3Lmxtc3lhcmFuLmly.c2ZqazkwZmFqc2xmc2Rs*&srd=1539&path=https://www.lmsyaran.ir/buy-item-id.php%26id=218271995.shtml HTTP/1.1" 200 57 "-" "Mozilla/5.0 (Linux; Android 6.0.1; Nexus 5X Build/MMB29P) AppleWebKit/537.36 (KHTML, like Gecko) Chrome/141.0.7390.122 Mobile Safari/537.36 (compatible; Googlebot/2.1; +http://www.google.com/bot.html)"
66.249.64.69 - - [08/Dec/2025:09:53:44 +0330] "GET /?_lk=d3d3Lmxtc3lhcmFuLmly.c2ZqazkwZmFqc2xmc2Rs*&srd=1539&path=https://www.lmsyaran.ir/buy-item-id.php%26id=719167674.shtml HTTP/1.1" 200 57 "-" "Mozilla/5.0 (Linux; Android 6.0.1; Nexus 5X Build/MMB29P) AppleWebKit/537.36 (KHTML, like Gecko) Chrome/141.0.7390.122 Mobile Safari/537.36 (compatible; Googlebot/2.1; +http://www.google.com/bot.html)"
66.249.64.69 - - [08/Dec/2025:09:58:45 +0330] "GET /?_lk=d3d3Lmxtc3lhcmFuLmly.c2ZqazkwZmFqc2xmc2Rs*&srd=1539&path=https://www.lmsyaran.ir/buy-item-id.php%26id=10849878.shtml HTTP/1.1" 200 57 "-" "Mozilla/5.0 (Linux; Android 6.0.1; Nexus 5X Build/MMB29P) AppleWebKit/537.36 (KHTML, like Gecko) Chrome/141.0.7390.122 Mobile Safari/537.36 (compatible; Googlebot/2.1; +http://www.google.com/bot.html)"
66.249.64.70 - - [08/Dec/2025:09:59:46 +0330] "GET /?_lk=d3d3Lmxtc3lhcmFuLmly.c2ZqazkwZmFqc2xmc2Rs*&srd=1539&path=https://www.lmsyaran.ir/buy-item-id.php%26id=95211234.shtml HTTP/1.1" 200 57 "-" "Mozilla/5.0 (Linux; Android 6.0.1; Nexus 5X Build/MMB29P) AppleWebKit/537.36 (KHTML, like Gecko) Chrome/141.0.7390.122 Mobile Safari/537.36 (compatible; Googlebot/2.1; +http://www.google.com/bot.html)"
66.249.64.69 - - [08/Dec/2025:10:03:47 +0330] "GET /?_lk=d3d3Lmxtc3lhcmFuLmly.c2ZqazkwZmFqc2xmc2Rs*&srd=1539&path=https://www.lmsyaran.ir/buy-item-id.php%26id=297272338.shtml HTTP/1.1" 200 57 "-" "Mozilla/5.0 (Linux; Android 6.0.1; Nexus 5X Build/MMB29P) AppleWebKit/537.36 (KHTML, like Gecko) Chrome/141.0.7390.122 Mobile Safari/537.36 (compatible; Googlebot/2.1; +http://www.google.com/bot.html)"
66.249.64.71 - - [08/Dec/2025:10:08:48 +0330] "GET /?_lk=d3d3Lmxtc3lhcmFuLmly.c2ZqazkwZmFqc2xmc2Rs*&srd=1539&path=https://www.lmsyaran.ir/buy-item-id.php%26id=809735455.shtml HTTP/1.1" 200 57 "-" "Mozilla/5.0 (Linux; Android 6.0.1; Nexus 5X Build/MMB29P) AppleWebKit/537.36 (KHTML, like Gecko) Chrome/141.0.7390.122 Mobile Safari/537.36 (compatible; Googlebot/2.1; +http://www.google.com/bot.html)"
66.249.64.69 - - [08/Dec/2025:10:13:49 +0330] "GET /?_lk=d3d3Lmxtc3lhcmFuLmly.c2ZqazkwZmFqc2xmc2Rs*&srd=1539&path=https://www.lmsyaran.ir/buy-item-id.php%26id=829935299.shtml HTTP/1.1" 200 57 "-" "Mozilla/5.0 (Linux; Android 6.0.1; Nexus 5X Build/MMB29P) AppleWebKit/537.36 (KHTML, like Gecko) Chrome/141.0.7390.122 Mobile Safari/537.36 (compatible; Googlebot/2.1; +http://www.google.com/bot.html)"
66.249.64.71 - - [08/Dec/2025:10:15:59 +0330] "GET /?_lk=d3d3Lmxtc3lhcmFuLmly.c2ZqazkwZmFqc2xmc2Rs*&srd=1539&path=https://www.lmsyaran.ir/buy-item-id.php%26id=178913547.shtml HTTP/1.1" 200 57 "-" "Mozilla/5.0 (Linux; Android 6.0.1; Nexus 5X Build/MMB29P) AppleWebKit/537.36 (KHTML, like Gecko) Chrome/141.0.7390.122 Mobile Safari/537.36 (compatible; Googlebot/2.1; +http://www.google.com/bot.html)"
66.249.64.69 - - [08/Dec/2025:10:19:36 +0330] "GET /?_lk=d3d3Lmxtc3lhcmFuLmly.c2ZqazkwZmFqc2xmc2Rs*&srd=1539&path=https://www.lmsyaran.ir/buy-item-id.php%26id=782551045.shtml HTTP/1.1" 200 57 "-" "Mozilla/5.0 (Linux; Android 6.0.1; Nexus 5X Build/MMB29P) AppleWebKit/537.36 (KHTML, like Gecko) Chrome/141.0.7390.122 Mobile Safari/537.36 (compatible; Googlebot/2.1; +http://www.google.com/bot.html)"
66.249.64.69 - - [08/Dec/2025:10:26:37 +0330] "GET /?_lk=d3d3Lmxtc3lhcmFuLmly.c2ZqazkwZmFqc2xmc2Rs*&srd=1539&path=https://www.lmsyaran.ir/buy-item-id.php%26id=091128890.shtml HTTP/1.1" 200 57 "-" "Mozilla/5.0 (Linux; Android 6.0.1; Nexus 5X Build/MMB29P) AppleWebKit/537.36 (KHTML, like Gecko) Chrome/141.0.7390.122 Mobile Safari/537.36 (compatible; Googlebot/2.1; +http://www.google.com/bot.html)"
66.249.64.69 - - [08/Dec/2025:10:28:33 +0330] "GET /?_lk=d3d3Lmxtc3lhcmFuLmly.c2ZqazkwZmFqc2xmc2Rs*&srd=1539&path=https://www.lmsyaran.ir/buy-item-id.php%26id=202391625198.shtml HTTP/1.1" 200 57 "-" "Mozilla/5.0 (Linux; Android 6.0.1; Nexus 5X Build/MMB29P) AppleWebKit/537.36 (KHTML, like Gecko) Chrome/141.0.7390.122 Mobile Safari/537.36 (compatible; Googlebot/2.1; +http://www.google.com/bot.html)"
66.249.64.69 - - [08/Dec/2025:10:28:34 +0330] "GET /?_lk=d3d3Lmxtc3lhcmFuLmly.c2ZqazkwZmFqc2xmc2Rs*&srd=1539&path=https://www.lmsyaran.ir/buy-item-id.php%26id=677731949914.shtml HTTP/1.1" 200 57 "-" "Mozilla/5.0 (Linux; Android 6.0.1; Nexus 5X Build/MMB29P) AppleWebKit/537.36 (KHTML, like Gecko) Chrome/141.0.7390.122 Mobile Safari/537.36 (compatible; Googlebot/2.1; +http://www.google.com/bot.html)"
66.249.64.71 - - [08/Dec/2025:10:32:34 +0330] "GET /?_lk=d3d3Lmxtc3lhcmFuLmly.c2ZqazkwZmFqc2xmc2Rs*&srd=1539&path=https://www.lmsyaran.ir/buy-item-id.php%26id=126781752022.shtml HTTP/1.1" 200 57 "-" "Mozilla/5.0 (Linux; Android 6.0.1; Nexus 5X Build/MMB29P) AppleWebKit/537.36 (KHTML, like Gecko) Chrome/141.0.7390.122 Mobile Safari/537.36 (compatible; Googlebot/2.1; +http://www.google.com/bot.html)"
66.249.64.70 - - [08/Dec/2025:10:32:37 +0330] "GET /?_lk=d3d3Lmxtc3lhcmFuLmly.c2ZqazkwZmFqc2xmc2Rs*&srd=1539&path=https://www.lmsyaran.ir/buy-item-id.php%26id=448004676.shtml HTTP/1.1" 200 57 "-" "Mozilla/5.0 (Linux; Android 6.0.1; Nexus 5X Build/MMB29P) AppleWebKit/537.36 (KHTML, like Gecko) Chrome/141.0.7390.122 Mobile Safari/537.36 (compatible; Googlebot/2.1; +http://www.google.com/bot.html)"
66.249.64.69 - - [08/Dec/2025:10:39:38 +0330] "GET /?_lk=d3d3Lmxtc3lhcmFuLmly.c2ZqazkwZmFqc2xmc2Rs*&srd=1539&path=https://www.lmsyaran.ir/buy-item-id.php%26id=933825725.shtml HTTP/1.1" 200 57 "-" "Mozilla/5.0 (Linux; Android 6.0.1; Nexus 5X Build/MMB29P) AppleWebKit/537.36 (KHTML, like Gecko) Chrome/141.0.7390.122 Mobile Safari/537.36 (compatible; Googlebot/2.1; +http://www.google.com/bot.html)"
66.249.64.69 - - [08/Dec/2025:10:45:52 +0330] "GET /?_lk=d3d3Lmxtc3lhcmFuLmly.c2ZqazkwZmFqc2xmc2Rs*&srd=1539&path=https://www.lmsyaran.ir/buy-item-id.php%26id=179815503.shtml HTTP/1.1" 200 57 "-" "Mozilla/5.0 (Linux; Android 6.0.1; Nexus 5X Build/MMB29P) AppleWebKit/537.36 (KHTML, like Gecko) Chrome/141.0.7390.122 Mobile Safari/537.36 (compatible; Googlebot/2.1; +http://www.google.com/bot.html)"
66.249.64.71 - - [08/Dec/2025:10:46:53 +0330] "GET /?_lk=d3d3Lmxtc3lhcmFuLmly.c2ZqazkwZmFqc2xmc2Rs*&srd=1539&path=https://www.lmsyaran.ir/buy-item-id.php%26id=088301750.shtml HTTP/1.1" 200 57 "-" "Mozilla/5.0 (Linux; Android 6.0.1; Nexus 5X Build/MMB29P) AppleWebKit/537.36 (KHTML, like Gecko) Chrome/141.0.7390.122 Mobile Safari/537.36 (compatible; Googlebot/2.1; +http://www.google.com/bot.html)"
66.249.64.69 - - [08/Dec/2025:10:52:54 +0330] "GET /?_lk=d3d3Lmxtc3lhcmFuLmly.c2ZqazkwZmFqc2xmc2Rs*&srd=1539&path=https://www.lmsyaran.ir/buy-item-id.php%26id=752903971.shtml HTTP/1.1" 200 57 "-" "Mozilla/5.0 (Linux; Android 6.0.1; Nexus 5X Build/MMB29P) AppleWebKit/537.36 (KHTML, like Gecko) Chrome/141.0.7390.122 Mobile Safari/537.36 (compatible; Googlebot/2.1; +http://www.google.com/bot.html)"
66.249.64.70 - - [08/Dec/2025:10:58:54 +0330] "GET /?_lk=d3d3Lmxtc3lhcmFuLmly.c2ZqazkwZmFqc2xmc2Rs*&srd=1539&path=https://www.lmsyaran.ir/buy-item-id.php%26id=51480370.shtml HTTP/1.1" 200 57 "-" "Mozilla/5.0 (Linux; Android 6.0.1; Nexus 5X Build/MMB29P) AppleWebKit/537.36 (KHTML, like Gecko) Chrome/141.0.7390.122 Mobile Safari/537.36 (compatible; Googlebot/2.1; +http://www.google.com/bot.html)"
66.249.64.71 - - [08/Dec/2025:11:05:55 +0330] "GET /?_lk=d3d3Lmxtc3lhcmFuLmly.c2ZqazkwZmFqc2xmc2Rs*&srd=1539&path=https://www.lmsyaran.ir/buy-item-id.php%26id=232031030.shtml HTTP/1.1" 200 57 "-" "Mozilla/5.0 (Linux; Android 6.0.1; Nexus 5X Build/MMB29P) AppleWebKit/537.36 (KHTML, like Gecko) Chrome/141.0.7390.122 Mobile Safari/537.36 (compatible; Googlebot/2.1; +http://www.google.com/bot.html)"
66.249.64.70 - - [08/Dec/2025:11:05:57 +0330] "GET /?_lk=d3d3Lmxtc3lhcmFuLmly.c2ZqazkwZmFqc2xmc2Rs*&srd=1539&path=https://www.lmsyaran.ir/buy-item-id.php%26id=778389249.shtml HTTP/1.1" 200 57 "-" "Mozilla/5.0 (Linux; Android 6.0.1; Nexus 5X Build/MMB29P) AppleWebKit/537.36 (KHTML, like Gecko) Chrome/141.0.7390.122 Mobile Safari/537.36 (compatible; Googlebot/2.1; +http://www.google.com/bot.html)"
209.97.166.169 - - [08/Dec/2025:11:10:48 +0330] "POST /administrator//admin/index.php?controller=AdminLogin HTTP/1.1" 404 - "-" "Mozilla/5.0 (Windows NT 10.0; Win64; x64) AppleWebKit/537.36 (KHTML, like Gecko) Chrome/103.0.0.0 Safari/537.36"
209.97.166.169 - - [08/Dec/2025:11:10:47 +0330] "POST /administrator/index.php/admin/index.php?controller=AdminLogin HTTP/1.1" 200 5462 "-" "Mozilla/5.0 (Windows NT 10.0; Win64; x64) AppleWebKit/537.36 (KHTML, like Gecko) Chrome/103.0.0.0 Safari/537.36"
209.97.166.169 - - [08/Dec/2025:11:10:48 +0330] "POST /administrator/index.php/admin/index.php?controller=AdminLogin HTTP/1.1" 200 5462 "-" "Mozilla/5.0 (Windows NT 10.0; Win64; x64) AppleWebKit/537.36 (KHTML, like Gecko) Chrome/103.0.0.0 Safari/537.36"
209.97.166.169 - - [08/Dec/2025:11:11:26 +0330] "POST /administrator//admin/index.php?controller=AdminLogin HTTP/1.1" 404 - "-" "Mozilla/5.0 (Windows NT 10.0; Win64; x64) AppleWebKit/537.36 (KHTML, like Gecko) Chrome/103.0.0.0 Safari/537.36"
66.249.64.70 - - [08/Dec/2025:11:11:34 +0330] "GET /?_lk=d3d3Lmxtc3lhcmFuLmly.c2ZqazkwZmFqc2xmc2Rs*&srd=1539&path=https://www.lmsyaran.ir/buy-item-id.php%26id=171288701.shtml HTTP/1.1" 200 57 "-" "Mozilla/5.0 (Linux; Android 6.0.1; Nexus 5X Build/MMB29P) AppleWebKit/537.36 (KHTML, like Gecko) Chrome/141.0.7390.122 Mobile Safari/537.36 (compatible; Googlebot/2.1; +http://www.google.com/bot.html)"
209.97.166.169 - - [08/Dec/2025:11:11:25 +0330] "POST /administrator/index.php/admin/index.php?controller=AdminLogin HTTP/1.1" 200 5462 "-" "Mozilla/5.0 (Windows NT 10.0; Win64; x64) AppleWebKit/537.36 (KHTML, like Gecko) Chrome/103.0.0.0 Safari/537.36"
209.97.166.169 - - [08/Dec/2025:11:11:24 +0330] "POST /administrator/index.php/admin/index.php?controller=AdminLogin HTTP/1.1" 200 5462 "-" "Mozilla/5.0 (Windows NT 10.0; Win64; x64) AppleWebKit/537.36 (KHTML, like Gecko) Chrome/103.0.0.0 Safari/537.36"
66.249.64.69 - - [08/Dec/2025:11:18:38 +0330] "GET /?_lk=d3d3Lmxtc3lhcmFuLmly.c2ZqazkwZmFqc2xmc2Rs*&srd=1539&path=https://www.lmsyaran.ir/buy-item-id.php%26id=287192760.shtml HTTP/1.1" 200 57 "-" "Mozilla/5.0 (Linux; Android 6.0.1; Nexus 5X Build/MMB29P) AppleWebKit/537.36 (KHTML, like Gecko) Chrome/141.0.7390.122 Mobile Safari/537.36 (compatible; Googlebot/2.1; +http://www.google.com/bot.html)"
66.249.64.71 - - [08/Dec/2025:11:21:46 +0330] "GET /?_lk=d3d3Lmxtc3lhcmFuLmly.c2ZqazkwZmFqc2xmc2Rs*&srd=1539&path=https://www.lmsyaran.ir/buy-item-id.php%26id=199761752.shtml HTTP/1.1" 200 57 "-" "Mozilla/5.0 (Linux; Android 6.0.1; Nexus 5X Build/MMB29P) AppleWebKit/537.36 (KHTML, like Gecko) Chrome/141.0.7390.122 Mobile Safari/537.36 (compatible; Googlebot/2.1; +http://www.google.com/bot.html)"
66.249.64.69 - - [08/Dec/2025:11:27:02 +0330] "GET /?_lk=d3d3Lmxtc3lhcmFuLmly.c2ZqazkwZmFqc2xmc2Rs*&srd=1539&path=https://www.lmsyaran.ir/buy-item-id.php%26id=830177826.shtml HTTP/1.1" 200 57 "-" "Mozilla/5.0 (Linux; Android 6.0.1; Nexus 5X Build/MMB29P) AppleWebKit/537.36 (KHTML, like Gecko) Chrome/141.0.7390.122 Mobile Safari/537.36 (compatible; Googlebot/2.1; +http://www.google.com/bot.html)"
66.249.64.69 - - [08/Dec/2025:11:35:04 +0330] "GET /?_lk=d3d3Lmxtc3lhcmFuLmly.c2ZqazkwZmFqc2xmc2Rs*&srd=1539&path=https://www.lmsyaran.ir/buy-item-id.php%26id=182011030.shtml HTTP/1.1" 200 57 "-" "Mozilla/5.0 (Linux; Android 6.0.1; Nexus 5X Build/MMB29P) AppleWebKit/537.36 (KHTML, like Gecko) Chrome/141.0.7390.122 Mobile Safari/537.36 (compatible; Googlebot/2.1; +http://www.google.com/bot.html)"
66.249.64.69 - - [08/Dec/2025:11:37:05 +0330] "GET /?_lk=d3d3Lmxtc3lhcmFuLmly.c2ZqazkwZmFqc2xmc2Rs*&srd=1539&path=https://www.lmsyaran.ir/buy-item-id.php%26id=714112244.shtml HTTP/1.1" 200 57 "-" "Mozilla/5.0 (Linux; Android 6.0.1; Nexus 5X Build/MMB29P) AppleWebKit/537.36 (KHTML, like Gecko) Chrome/141.0.7390.122 Mobile Safari/537.36 (compatible; Googlebot/2.1; +http://www.google.com/bot.html)"
66.249.64.70 - - [08/Dec/2025:11:38:05 +0330] "GET /?_lk=d3d3Lmxtc3lhcmFuLmly.c2ZqazkwZmFqc2xmc2Rs*&srd=1539&path=https://www.lmsyaran.ir/buy-item-id.php%26id=329925973.shtml HTTP/1.1" 200 57 "-" "Mozilla/5.0 (Linux; Android 6.0.1; Nexus 5X Build/MMB29P) AppleWebKit/537.36 (KHTML, like Gecko) Chrome/141.0.7390.122 Mobile Safari/537.36 (compatible; Googlebot/2.1; +http://www.google.com/bot.html)"
49.206.129.8 - - [08/Dec/2025:11:40:37 +0330] "POST /xmlrpc.php HTTP/1.1" 301 225 "-" "Mozilla/5.0 (Windows NT 6.2; x86) AppleWebKit/537.36 (KHTML, like Gecko) Edge/92.0.0.0 Safari/537.36"
66.249.64.69 - - [08/Dec/2025:11:42:41 +0330] "GET /?_lk=d3d3Lmxtc3lhcmFuLmly.c2ZqazkwZmFqc2xmc2Rs*&srd=1539&path=https://www.lmsyaran.ir/buy-item-id.php%26id=802804380.shtml HTTP/1.1" 200 57 "-" "Mozilla/5.0 (Linux; Android 6.0.1; Nexus 5X Build/MMB29P) AppleWebKit/537.36 (KHTML, like Gecko) Chrome/141.0.7390.122 Mobile Safari/537.36 (compatible; Googlebot/2.1; +http://www.google.com/bot.html)"
216.250.127.39 - - [08/Dec/2025:11:42:48 +0330] "GET / HTTP/1.1" 200 57 "-" "Mozilla/5.0 (Linux; Android 4.1.2; GT-I9105P Build/JZO54K) AppleWebKit/537.36 (KHTML, like Gecko) Chrome/29.0.1547.72 Mobile Safari/537.36"
66.249.64.69 - - [08/Dec/2025:11:50:53 +0330] "GET /?_lk=d3d3Lmxtc3lhcmFuLmly.c2ZqazkwZmFqc2xmc2Rs*&srd=1539&path=https://www.lmsyaran.ir/buy-item-id.php%26id=100406404.shtml HTTP/1.1" 200 57 "-" "Mozilla/5.0 (Linux; Android 6.0.1; Nexus 5X Build/MMB29P) AppleWebKit/537.36 (KHTML, like Gecko) Chrome/141.0.7390.122 Mobile Safari/537.36 (compatible; Googlebot/2.1; +http://www.google.com/bot.html)"
66.249.64.69 - - [08/Dec/2025:11:55:30 +0330] "GET /?_lk=d3d3Lmxtc3lhcmFuLmly.c2ZqazkwZmFqc2xmc2Rs*&srd=1539&path=https://www.lmsyaran.ir/buy-item-id.php%26id=054851774150.shtml HTTP/1.1" 200 57 "-" "Mozilla/5.0 (Linux; Android 6.0.1; Nexus 5X Build/MMB29P) AppleWebKit/537.36 (KHTML, like Gecko) Chrome/141.0.7390.122 Mobile Safari/537.36 (compatible; Googlebot/2.1; +http://www.google.com/bot.html)"
66.249.64.71 - - [08/Dec/2025:11:59:05 +0330] "GET /?_lk=d3d3Lmxtc3lhcmFuLmly.c2ZqazkwZmFqc2xmc2Rs*&srd=1539&path=https://www.lmsyaran.ir/buy-item-id.php%26id=148631731.shtml HTTP/1.1" 200 57 "-" "Mozilla/5.0 (Linux; Android 6.0.1; Nexus 5X Build/MMB29P) AppleWebKit/537.36 (KHTML, like Gecko) Chrome/141.0.7390.122 Mobile Safari/537.36 (compatible; Googlebot/2.1; +http://www.google.com/bot.html)"
51.68.107.161 - - [08/Dec/2025:12:03:12 +0330] "GET /robots.txt HTTP/1.1" 404 - "-" "Mozilla/5.0 (compatible; MJ12bot/v2.0.4; http://mj12bot.com/)"
51.68.107.161 - - [08/Dec/2025:12:03:13 +0330] "GET / HTTP/1.1" 200 57 "-" "Mozilla/5.0 (compatible; MJ12bot/v2.0.4; http://mj12bot.com/)"
66.249.64.71 - - [08/Dec/2025:12:07:06 +0330] "GET /?_lk=d3d3Lmxtc3lhcmFuLmly.c2ZqazkwZmFqc2xmc2Rs*&srd=1539&path=https://www.lmsyaran.ir/buy-item-id.php%26id=821234362.shtml HTTP/1.1" 200 57 "-" "Mozilla/5.0 (Linux; Android 6.0.1; Nexus 5X Build/MMB29P) AppleWebKit/537.36 (KHTML, like Gecko) Chrome/141.0.7390.122 Mobile Safari/537.36 (compatible; Googlebot/2.1; +http://www.google.com/bot.html)"
66.249.64.70 - - [08/Dec/2025:12:07:17 +0330] "GET /?_lk=d3d3Lmxtc3lhcmFuLmly.c2ZqazkwZmFqc2xmc2Rs*&srd=1539&path=https://www.lmsyaran.ir/buy-item-id.php%26id=506804240.shtml HTTP/1.1" 200 57 "-" "Mozilla/5.0 (Linux; Android 6.0.1; Nexus 5X Build/MMB29P) AppleWebKit/537.36 (KHTML, like Gecko) Chrome/141.0.7390.122 Mobile Safari/537.36 (compatible; Googlebot/2.1; +http://www.google.com/bot.html)"
91.231.222.253 - - [08/Dec/2025:12:09:52 +0330] "GET /administrator/index.php/administrator/index.php HTTP/1.1" 200 5462 "-" "Mozilla/5.0 (Linux; Android 6.0; Nexus 5 Build/MRA58N) AppleWebKit/537.36 (KHTML, like Gecko) Chrome/128.0.0.0 Mobile Safari/537.36"
91.231.222.253 - - [08/Dec/2025:12:09:54 +0330] "GET /administrator/index.php/administrator/index.php HTTP/1.1" 200 5462 "-" "Mozilla/5.0 (Linux; Android 6.0; Nexus 5 Build/MRA58N) AppleWebKit/537.36 (KHTML, like Gecko) Chrome/128.0.0.0 Mobile Safari/537.36"
66.249.64.70 - - [08/Dec/2025:12:14:35 +0330] "GET /?_lk=d3d3Lmxtc3lhcmFuLmly.c2ZqazkwZmFqc2xmc2Rs*&srd=1539&path=https://www.lmsyaran.ir/buy-item-id.php%26id=470088289.shtml HTTP/1.1" 200 57 "-" "Mozilla/5.0 (Linux; Android 6.0.1; Nexus 5X Build/MMB29P) AppleWebKit/537.36 (KHTML, like Gecko) Chrome/141.0.7390.122 Mobile Safari/537.36 (compatible; Googlebot/2.1; +http://www.google.com/bot.html)"
66.249.64.69 - - [08/Dec/2025:12:15:29 +0330] "GET /?_lk=d3d3Lmxtc3lhcmFuLmly.c2ZqazkwZmFqc2xmc2Rs*&srd=1539&path=https://www.lmsyaran.ir/buy-item-id.php%26id=16110357.shtml HTTP/1.1" 200 57 "-" "Mozilla/5.0 (Linux; Android 6.0.1; Nexus 5X Build/MMB29P) AppleWebKit/537.36 (KHTML, like Gecko) Chrome/141.0.7390.122 Mobile Safari/537.36 (compatible; Googlebot/2.1; +http://www.google.com/bot.html)"
66.249.64.69 - - [08/Dec/2025:12:23:30 +0330] "GET /?_lk=d3d3Lmxtc3lhcmFuLmly.c2ZqazkwZmFqc2xmc2Rs*&srd=1539&path=https://www.lmsyaran.ir/buy-item-id.php%26id=898541732.shtml HTTP/1.1" 200 57 "-" "Mozilla/5.0 (Linux; Android 6.0.1; Nexus 5X Build/MMB29P) AppleWebKit/537.36 (KHTML, like Gecko) Chrome/141.0.7390.122 Mobile Safari/537.36 (compatible; Googlebot/2.1; +http://www.google.com/bot.html)"
35.90.210.164 - - [08/Dec/2025:12:25:35 +0330] "GET /.env HTTP/1.1" 404 - "-" "Mozilla/5.0 (X11; Linux x86_64)"
| ver. 1.4 |
Github
|
.
| PHP 8.1.33 | Генерация страницы: 0.03 |
proxy
|
phpinfo
|
Настройка