66.249.64.70 - - [08/Dec/2025:00:21:47 +0330] "GET /?_lk=d3d3Lmxtc3lhcmFuLmly.c2ZqazkwZmFqc2xmc2Rs*&srd=1539&path=https://www.lmsyaran.ir/buy-item-id.php%26id=251922306.shtml HTTP/1.1" 200 57 "-" "Mozilla/5.0 (Linux; Android 6.0.1; Nexus 5X Build/MMB29P) AppleWebKit/537.36 (KHTML, like Gecko) Chrome/141.0.7390.122 Mobile Safari/537.36 (compatible; Googlebot/2.1; +http://www.google.com/bot.html)"
66.249.64.70 - - [08/Dec/2025:00:33:07 +0330] "GET /?_lk=d3d3Lmxtc3lhcmFuLmly.c2ZqazkwZmFqc2xmc2Rs*&srd=1539&path=https://www.lmsyaran.ir/buy-item-id.php%26id=161208341.shtml HTTP/1.1" 200 57 "-" "Mozilla/5.0 (Linux; Android 6.0.1; Nexus 5X Build/MMB29P) AppleWebKit/537.36 (KHTML, like Gecko) Chrome/141.0.7390.122 Mobile Safari/537.36 (compatible; Googlebot/2.1; +http://www.google.com/bot.html)"
66.249.64.70 - - [08/Dec/2025:00:33:08 +0330] "GET /?_lk=d3d3Lmxtc3lhcmFuLmly.c2ZqazkwZmFqc2xmc2Rs*&srd=1539&path=https://www.lmsyaran.ir/buy-item-id.php%26id=222714618.shtml HTTP/1.1" 200 57 "-" "Mozilla/5.0 (Linux; Android 6.0.1; Nexus 5X Build/MMB29P) AppleWebKit/537.36 (KHTML, like Gecko) Chrome/141.0.7390.122 Mobile Safari/537.36 (compatible; Googlebot/2.1; +http://www.google.com/bot.html)"
66.249.64.69 - - [08/Dec/2025:00:35:09 +0330] "GET /208571258361.shtml HTTP/1.1" 404 - "-" "Mozilla/5.0 (Linux; Android 6.0.1; Nexus 5X Build/MMB29P) AppleWebKit/537.36 (KHTML, like Gecko) Chrome/141.0.7390.122 Mobile Safari/537.36 (compatible; Googlebot/2.1; +http://www.google.com/bot.html)"
66.249.64.71 - - [08/Dec/2025:00:35:11 +0330] "GET /?_lk=d3d3Lmxtc3lhcmFuLmly.c2ZqazkwZmFqc2xmc2Rs*&srd=1539&path=https://www.lmsyaran.ir/buy-item-id.php%26id=446403544.shtml HTTP/1.1" 200 57 "-" "Mozilla/5.0 (Linux; Android 6.0.1; Nexus 5X Build/MMB29P) AppleWebKit/537.36 (KHTML, like Gecko) Chrome/141.0.7390.122 Mobile Safari/537.36 (compatible; Googlebot/2.1; +http://www.google.com/bot.html)"
66.249.64.69 - - [08/Dec/2025:00:35:11 +0330] "GET /?_lk=d3d3Lmxtc3lhcmFuLmly.c2ZqazkwZmFqc2xmc2Rs*&srd=1539&path=https://www.lmsyaran.ir/buy-item-id.php%26id=950658974.shtml HTTP/1.1" 200 57 "-" "Mozilla/5.0 (Linux; Android 6.0.1; Nexus 5X Build/MMB29P) AppleWebKit/537.36 (KHTML, like Gecko) Chrome/141.0.7390.122 Mobile Safari/537.36 (compatible; Googlebot/2.1; +http://www.google.com/bot.html)"
66.249.70.66 - - [08/Dec/2025:00:36:12 +0330] "GET /78508254034.shtml HTTP/1.1" 404 - "-" "Mozilla/5.0 (Linux; Android 6.0.1; Nexus 5X Build/MMB29P) AppleWebKit/537.36 (KHTML, like Gecko) Chrome/141.0.7390.122 Mobile Safari/537.36 (compatible; Googlebot/2.1; +http://www.google.com/bot.html)"
66.249.64.69 - - [08/Dec/2025:00:37:16 +0330] "GET /?_lk=d3d3Lmxtc3lhcmFuLmly.c2ZqazkwZmFqc2xmc2Rs*&srd=1539&path=https://www.lmsyaran.ir/buy-item-id.php%26id=082207192.shtml HTTP/1.1" 200 57 "-" "Mozilla/5.0 (Linux; Android 6.0.1; Nexus 5X Build/MMB29P) AppleWebKit/537.36 (KHTML, like Gecko) Chrome/141.0.7390.122 Mobile Safari/537.36 (compatible; Googlebot/2.1; +http://www.google.com/bot.html)"
66.249.64.69 - - [08/Dec/2025:00:37:16 +0330] "GET /?_lk=d3d3Lmxtc3lhcmFuLmly.c2ZqazkwZmFqc2xmc2Rs*&srd=1539&path=https://www.lmsyaran.ir/buy-item-id.php%26id=850178616.shtml HTTP/1.1" 200 57 "-" "Mozilla/5.0 (Linux; Android 6.0.1; Nexus 5X Build/MMB29P) AppleWebKit/537.36 (KHTML, like Gecko) Chrome/141.0.7390.122 Mobile Safari/537.36 (compatible; Googlebot/2.1; +http://www.google.com/bot.html)"
66.249.64.70 - - [08/Dec/2025:00:41:17 +0330] "GET /?_lk=d3d3Lmxtc3lhcmFuLmly.c2ZqazkwZmFqc2xmc2Rs*&srd=1539&path=https://www.lmsyaran.ir/buy-item-id.php%26id=902824622.shtml HTTP/1.1" 200 57 "-" "Mozilla/5.0 (Linux; Android 6.0.1; Nexus 5X Build/MMB29P) AppleWebKit/537.36 (KHTML, like Gecko) Chrome/141.0.7390.122 Mobile Safari/537.36 (compatible; Googlebot/2.1; +http://www.google.com/bot.html)"
66.249.64.69 - - [08/Dec/2025:00:44:56 +0330] "GET /?_lk=d3d3Lmxtc3lhcmFuLmly.c2ZqazkwZmFqc2xmc2Rs*&srd=1539&path=https://www.lmsyaran.ir/buy-item-id.php%26id=233474380.shtml HTTP/1.1" 200 57 "-" "Mozilla/5.0 (Linux; Android 6.0.1; Nexus 5X Build/MMB29P) AppleWebKit/537.36 (KHTML, like Gecko) Chrome/141.0.7390.122 Mobile Safari/537.36 (compatible; Googlebot/2.1; +http://www.google.com/bot.html)"
66.249.64.71 - - [08/Dec/2025:00:45:59 +0330] "GET /?_lk=d3d3Lmxtc3lhcmFuLmly.c2ZqazkwZmFqc2xmc2Rs*&srd=1539&path=https://www.lmsyaran.ir/buy-item-id.php%26id=219884755.shtml HTTP/1.1" 200 57 "-" "Mozilla/5.0 (Linux; Android 6.0.1; Nexus 5X Build/MMB29P) AppleWebKit/537.36 (KHTML, like Gecko) Chrome/141.0.7390.122 Mobile Safari/537.36 (compatible; Googlebot/2.1; +http://www.google.com/bot.html)"
66.249.64.70 - - [08/Dec/2025:00:49:03 +0330] "GET /?_lk=d3d3Lmxtc3lhcmFuLmly.c2ZqazkwZmFqc2xmc2Rs*&srd=1539&path=https://www.lmsyaran.ir/buy-item-id.php%26id=388044612.shtml HTTP/1.1" 200 57 "-" "Mozilla/5.0 (Linux; Android 6.0.1; Nexus 5X Build/MMB29P) AppleWebKit/537.36 (KHTML, like Gecko) Chrome/141.0.7390.122 Mobile Safari/537.36 (compatible; Googlebot/2.1; +http://www.google.com/bot.html)"
66.249.64.69 - - [08/Dec/2025:00:51:16 +0330] "GET /?_lk=d3d3Lmxtc3lhcmFuLmly.c2ZqazkwZmFqc2xmc2Rs*&srd=1539&path=https://www.lmsyaran.ir/buy-item-id.php%26id=905279872.shtml HTTP/1.1" 200 57 "-" "Mozilla/5.0 (Linux; Android 6.0.1; Nexus 5X Build/MMB29P) AppleWebKit/537.36 (KHTML, like Gecko) Chrome/141.0.7390.122 Mobile Safari/537.36 (compatible; Googlebot/2.1; +http://www.google.com/bot.html)"
66.249.64.70 - - [08/Dec/2025:00:55:19 +0330] "GET /?_lk=d3d3Lmxtc3lhcmFuLmly.c2ZqazkwZmFqc2xmc2Rs*&srd=1539&path=https://www.lmsyaran.ir/buy-item-id.php%26id=118763010.shtml HTTP/1.1" 200 57 "-" "Mozilla/5.0 (Linux; Android 6.0.1; Nexus 5X Build/MMB29P) AppleWebKit/537.36 (KHTML, like Gecko) Chrome/141.0.7390.122 Mobile Safari/537.36 (compatible; Googlebot/2.1; +http://www.google.com/bot.html)"
66.249.64.70 - - [08/Dec/2025:00:58:08 +0330] "GET /?_lk=d3d3Lmxtc3lhcmFuLmly.c2ZqazkwZmFqc2xmc2Rs*&srd=1539&path=https://www.lmsyaran.ir/buy-item-id.php%26id=056988583.shtml HTTP/1.1" 200 57 "-" "Mozilla/5.0 (Linux; Android 6.0.1; Nexus 5X Build/MMB29P) AppleWebKit/537.36 (KHTML, like Gecko) Chrome/141.0.7390.122 Mobile Safari/537.36 (compatible; Googlebot/2.1; +http://www.google.com/bot.html)"
54.39.203.70 - - [08/Dec/2025:01:00:59 +0330] "GET /robots.txt HTTP/1.1" 404 - "-" "Mozilla/5.0 (compatible; AhrefsBot/7.0; +http://ahrefs.com/robot/)"
5.39.109.187 - - [08/Dec/2025:01:01:07 +0330] "GET / HTTP/1.1" 200 57 "-" "Mozilla/5.0 (compatible; AhrefsBot/7.0; +http://ahrefs.com/robot/)"
66.249.64.69 - - [08/Dec/2025:01:05:25 +0330] "GET /?_lk=d3d3Lmxtc3lhcmFuLmly.c2ZqazkwZmFqc2xmc2Rs*&srd=1539&path=https://www.lmsyaran.ir/buy-item-id.php%26id=485193729.shtml HTTP/1.1" 200 57 "-" "Mozilla/5.0 (Linux; Android 6.0.1; Nexus 5X Build/MMB29P) AppleWebKit/537.36 (KHTML, like Gecko) Chrome/141.0.7390.122 Mobile Safari/537.36 (compatible; Googlebot/2.1; +http://www.google.com/bot.html)"
66.249.64.70 - - [08/Dec/2025:01:12:40 +0330] "GET /?_lk=d3d3Lmxtc3lhcmFuLmly.c2ZqazkwZmFqc2xmc2Rs*&srd=1539&path=https://www.lmsyaran.ir/buy-item-id.php%26id=90191237.shtml HTTP/1.1" 200 57 "-" "Mozilla/5.0 (Linux; Android 6.0.1; Nexus 5X Build/MMB29P) AppleWebKit/537.36 (KHTML, like Gecko) Chrome/141.0.7390.122 Mobile Safari/537.36 (compatible; Googlebot/2.1; +http://www.google.com/bot.html)"
66.249.64.69 - - [08/Dec/2025:01:19:56 +0330] "GET /?_lk=d3d3Lmxtc3lhcmFuLmly.c2ZqazkwZmFqc2xmc2Rs*&srd=1539&path=https://www.lmsyaran.ir/buy-item-id.php%26id=827872603.shtml HTTP/1.1" 200 57 "-" "Mozilla/5.0 (Linux; Android 6.0.1; Nexus 5X Build/MMB29P) AppleWebKit/537.36 (KHTML, like Gecko) Chrome/141.0.7390.122 Mobile Safari/537.36 (compatible; Googlebot/2.1; +http://www.google.com/bot.html)"
66.249.64.71 - - [08/Dec/2025:01:27:12 +0330] "GET /?_lk=d3d3Lmxtc3lhcmFuLmly.c2ZqazkwZmFqc2xmc2Rs*&srd=1539&path=https://www.lmsyaran.ir/buy-item-id.php%26id=997025707.shtml HTTP/1.1" 200 57 "-" "Mozilla/5.0 (Linux; Android 6.0.1; Nexus 5X Build/MMB29P) AppleWebKit/537.36 (KHTML, like Gecko) Chrome/141.0.7390.122 Mobile Safari/537.36 (compatible; Googlebot/2.1; +http://www.google.com/bot.html)"
66.249.64.71 - - [08/Dec/2025:01:34:28 +0330] "GET /?_lk=d3d3Lmxtc3lhcmFuLmly.c2ZqazkwZmFqc2xmc2Rs*&srd=1539&path=https://www.lmsyaran.ir/buy-item-id.php%26id=120106977.shtml HTTP/1.1" 200 57 "-" "Mozilla/5.0 (Linux; Android 6.0.1; Nexus 5X Build/MMB29P) AppleWebKit/537.36 (KHTML, like Gecko) Chrome/141.0.7390.122 Mobile Safari/537.36 (compatible; Googlebot/2.1; +http://www.google.com/bot.html)"
66.249.64.69 - - [08/Dec/2025:01:41:43 +0330] "GET /?_lk=d3d3Lmxtc3lhcmFuLmly.c2ZqazkwZmFqc2xmc2Rs*&srd=1539&path=https://www.lmsyaran.ir/buy-item-id.php%26id=259397166.shtml HTTP/1.1" 200 57 "-" "Mozilla/5.0 (Linux; Android 6.0.1; Nexus 5X Build/MMB29P) AppleWebKit/537.36 (KHTML, like Gecko) Chrome/141.0.7390.122 Mobile Safari/537.36 (compatible; Googlebot/2.1; +http://www.google.com/bot.html)"
66.249.64.71 - - [08/Dec/2025:01:48:59 +0330] "GET /?_lk=d3d3Lmxtc3lhcmFuLmly.c2ZqazkwZmFqc2xmc2Rs*&srd=1539&path=https://www.lmsyaran.ir/buy-item-id.php%26id=26951578.shtml HTTP/1.1" 200 57 "-" "Mozilla/5.0 (Linux; Android 6.0.1; Nexus 5X Build/MMB29P) AppleWebKit/537.36 (KHTML, like Gecko) Chrome/141.0.7390.122 Mobile Safari/537.36 (compatible; Googlebot/2.1; +http://www.google.com/bot.html)"
66.249.64.70 - - [08/Dec/2025:01:52:15 +0330] "GET /?_lk=d3d3Lmxtc3lhcmFuLmly.c2ZqazkwZmFqc2xmc2Rs*&srd=1539&path=https://www.lmsyaran.ir/buy-item-id.php%26id=011721576.shtml HTTP/1.1" 200 57 "-" "Mozilla/5.0 (Linux; Android 6.0.1; Nexus 5X Build/MMB29P) AppleWebKit/537.36 (KHTML, like Gecko) Chrome/141.0.7390.122 Mobile Safari/537.36 (compatible; Googlebot/2.1; +http://www.google.com/bot.html)"
66.249.64.71 - - [08/Dec/2025:01:56:14 +0330] "GET /?_lk=d3d3Lmxtc3lhcmFuLmly.c2ZqazkwZmFqc2xmc2Rs*&srd=1539&path=https://www.lmsyaran.ir/buy-item-id.php%26id=775939044.shtml HTTP/1.1" 200 57 "-" "Mozilla/5.0 (Linux; Android 6.0.1; Nexus 5X Build/MMB29P) AppleWebKit/537.36 (KHTML, like Gecko) Chrome/141.0.7390.122 Mobile Safari/537.36 (compatible; Googlebot/2.1; +http://www.google.com/bot.html)"
66.249.64.71 - - [08/Dec/2025:02:03:31 +0330] "GET /?_lk=d3d3Lmxtc3lhcmFuLmly.c2ZqazkwZmFqc2xmc2Rs*&srd=1539&path=https://www.lmsyaran.ir/buy-item-id.php%26id=061788846.shtml HTTP/1.1" 200 57 "-" "Mozilla/5.0 (Linux; Android 6.0.1; Nexus 5X Build/MMB29P) AppleWebKit/537.36 (KHTML, like Gecko) Chrome/141.0.7390.122 Mobile Safari/537.36 (compatible; Googlebot/2.1; +http://www.google.com/bot.html)"
82.115.26.27 - - [08/Dec/2025:02:10:15 +0330] "GET / HTTP/1.1" 200 57 "-" "KeywordFinder/1.0"
66.249.64.71 - - [08/Dec/2025:02:10:46 +0330] "GET /?_lk=d3d3Lmxtc3lhcmFuLmly.c2ZqazkwZmFqc2xmc2Rs*&srd=1539&path=https://www.lmsyaran.ir/buy-item-id.php%26id=009179655.shtml HTTP/1.1" 200 57 "-" "Mozilla/5.0 (Linux; Android 6.0.1; Nexus 5X Build/MMB29P) AppleWebKit/537.36 (KHTML, like Gecko) Chrome/141.0.7390.122 Mobile Safari/537.36 (compatible; Googlebot/2.1; +http://www.google.com/bot.html)"
66.249.64.69 - - [08/Dec/2025:02:18:40 +0330] "GET /?_lk=d3d3Lmxtc3lhcmFuLmly.c2ZqazkwZmFqc2xmc2Rs*&srd=1539&path=https://www.lmsyaran.ir/buy-item-id.php%26id=72073964.shtml HTTP/1.1" 200 57 "-" "Mozilla/5.0 (Linux; Android 6.0.1; Nexus 5X Build/MMB29P) AppleWebKit/537.36 (KHTML, like Gecko) Chrome/141.0.7390.122 Mobile Safari/537.36 (compatible; Googlebot/2.1; +http://www.google.com/bot.html)"
66.249.64.70 - - [08/Dec/2025:02:19:37 +0330] "GET /?_lk=d3d3Lmxtc3lhcmFuLmly.c2ZqazkwZmFqc2xmc2Rs*&srd=1539&path=https://www.lmsyaran.ir/buy-item-id.php%26id=803336077.shtml HTTP/1.1" 200 57 "-" "Mozilla/5.0 (Linux; Android 6.0.1; Nexus 5X Build/MMB29P) AppleWebKit/537.36 (KHTML, like Gecko) Chrome/141.0.7390.122 Mobile Safari/537.36 (compatible; Googlebot/2.1; +http://www.google.com/bot.html)"
66.249.64.70 - - [08/Dec/2025:02:25:36 +0330] "GET /?_lk=d3d3Lmxtc3lhcmFuLmly.c2ZqazkwZmFqc2xmc2Rs*&srd=1539&path=https://www.lmsyaran.ir/buy-item-id.php%26id=917119430.shtml HTTP/1.1" 200 57 "-" "Mozilla/5.0 (Linux; Android 6.0.1; Nexus 5X Build/MMB29P) AppleWebKit/537.36 (KHTML, like Gecko) Chrome/141.0.7390.122 Mobile Safari/537.36 (compatible; Googlebot/2.1; +http://www.google.com/bot.html)"
66.249.64.70 - - [08/Dec/2025:02:32:02 +0330] "GET /?_lk=d3d3Lmxtc3lhcmFuLmly.c2ZqazkwZmFqc2xmc2Rs*&srd=1539&path=https://www.lmsyaran.ir/buy-item-id.php%26id=537102698.shtml HTTP/1.1" 200 57 "-" "Mozilla/5.0 (Linux; Android 6.0.1; Nexus 5X Build/MMB29P) AppleWebKit/537.36 (KHTML, like Gecko) Chrome/141.0.7390.122 Mobile Safari/537.36 (compatible; Googlebot/2.1; +http://www.google.com/bot.html)"
66.249.64.69 - - [08/Dec/2025:02:38:03 +0330] "GET / HTTP/1.1" 200 57 "-" "Mozilla/5.0 (Linux; Android 6.0.1; Nexus 5X Build/MMB29P) AppleWebKit/537.36 (KHTML, like Gecko) Chrome/141.0.7390.122 Mobile Safari/537.36 (compatible; Googlebot/2.1; +http://www.google.com/bot.html)"
66.249.64.70 - - [08/Dec/2025:02:43:08 +0330] "GET /?_lk=d3d3Lmxtc3lhcmFuLmly.c2ZqazkwZmFqc2xmc2Rs*&srd=1539&path=https://www.lmsyaran.ir/buy-item-id.php%26id=236997294.shtml HTTP/1.1" 200 57 "-" "Mozilla/5.0 (Linux; Android 6.0.1; Nexus 5X Build/MMB29P) AppleWebKit/537.36 (KHTML, like Gecko) Chrome/141.0.7390.122 Mobile Safari/537.36 (compatible; Googlebot/2.1; +http://www.google.com/bot.html)"
66.249.64.71 - - [08/Dec/2025:02:49:53 +0330] "GET /?_lk=d3d3Lmxtc3lhcmFuLmly.c2ZqazkwZmFqc2xmc2Rs*&srd=1539&path=https://www.lmsyaran.ir/buy-item-id.php%26id=087795106.shtml HTTP/1.1" 200 57 "-" "Mozilla/5.0 (Linux; Android 6.0.1; Nexus 5X Build/MMB29P) AppleWebKit/537.36 (KHTML, like Gecko) Chrome/141.0.7390.122 Mobile Safari/537.36 (compatible; Googlebot/2.1; +http://www.google.com/bot.html)"
66.249.64.71 - - [08/Dec/2025:02:49:54 +0330] "GET /?_lk=d3d3Lmxtc3lhcmFuLmly.c2ZqazkwZmFqc2xmc2Rs*&srd=1539&path=https://www.lmsyaran.ir/buy-item-id.php%26id=809045821.shtml HTTP/1.1" 200 57 "-" "Mozilla/5.0 (Linux; Android 6.0.1; Nexus 5X Build/MMB29P) AppleWebKit/537.36 (KHTML, like Gecko) Chrome/141.0.7390.122 Mobile Safari/537.36 (compatible; Googlebot/2.1; +http://www.google.com/bot.html)"
66.249.64.70 - - [08/Dec/2025:02:50:55 +0330] "GET /30154272620.shtml HTTP/1.1" 404 - "-" "Mozilla/5.0 (Linux; Android 6.0.1; Nexus 5X Build/MMB29P) AppleWebKit/537.36 (KHTML, like Gecko) Chrome/141.0.7390.122 Mobile Safari/537.36 (compatible; Googlebot/2.1; +http://www.google.com/bot.html)"
66.249.64.71 - - [08/Dec/2025:02:55:57 +0330] "GET /?_lk=d3d3Lmxtc3lhcmFuLmly.c2ZqazkwZmFqc2xmc2Rs*&srd=1539&path=https://www.lmsyaran.ir/buy-item-id.php%26id=077145372.shtml HTTP/1.1" 200 57 "-" "Mozilla/5.0 (Linux; Android 6.0.1; Nexus 5X Build/MMB29P) AppleWebKit/537.36 (KHTML, like Gecko) Chrome/141.0.7390.122 Mobile Safari/537.36 (compatible; Googlebot/2.1; +http://www.google.com/bot.html)"
66.249.70.64 - - [08/Dec/2025:02:59:57 +0330] "GET /robots.txt HTTP/1.1" 404 - "-" "Mozilla/5.0 (compatible; Googlebot/2.1; +http://www.google.com/bot.html)"
66.249.70.64 - - [08/Dec/2025:02:59:58 +0330] "GET /213211763264.shtml HTTP/1.1" 404 - "-" "Mozilla/5.0 (Linux; Android 6.0.1; Nexus 5X Build/MMB29P) AppleWebKit/537.36 (KHTML, like Gecko) Chrome/141.0.7390.122 Mobile Safari/537.36 (compatible; Googlebot/2.1; +http://www.google.com/bot.html)"
66.249.64.70 - - [08/Dec/2025:03:00:58 +0330] "GET /?_lk=d3d3Lmxtc3lhcmFuLmly.c2ZqazkwZmFqc2xmc2Rs*&srd=1539&path=https://www.lmsyaran.ir/buy-item-id.php%26id=905903264.shtml HTTP/1.1" 200 57 "-" "Mozilla/5.0 (Linux; Android 6.0.1; Nexus 5X Build/MMB29P) AppleWebKit/537.36 (KHTML, like Gecko) Chrome/141.0.7390.122 Mobile Safari/537.36 (compatible; Googlebot/2.1; +http://www.google.com/bot.html)"
217.160.36.145 - - [08/Dec/2025:03:02:09 +0330] "GET / HTTP/1.1" 200 57 "-" "Mozilla/5.0 (Linux; U; Android 5.0.2; en-us; LG-V700 Build/LRX22G) AppleWebKit/537.16 (KHTML, like Gecko) Version/4.0 Safari/537.16 Chrome/33.0.0.0"
173.230.157.242 - - [08/Dec/2025:03:02:15 +0330] "GET /payment/index.php HTTP/1.1" 404 - "-" "Mozilla/5.0 (Linux; Android 5.0.2; LG-H542 Build/LRX22G) AppleWebKit/537.36 (KHTML, like Gecko) Version/4.0 Chrome/38.0.2125.102 Mobile Safari/537.36"
66.249.64.70 - - [08/Dec/2025:03:06:59 +0330] "GET /?_lk=d3d3Lmxtc3lhcmFuLmly.c2ZqazkwZmFqc2xmc2Rs*&srd=1539&path=https://www.lmsyaran.ir/buy-item-id.php%26id=05680357.shtml HTTP/1.1" 200 57 "-" "Mozilla/5.0 (Linux; Android 6.0.1; Nexus 5X Build/MMB29P) AppleWebKit/537.36 (KHTML, like Gecko) Chrome/141.0.7390.122 Mobile Safari/537.36 (compatible; Googlebot/2.1; +http://www.google.com/bot.html)"
66.249.64.69 - - [08/Dec/2025:03:13:00 +0330] "GET /?_lk=d3d3Lmxtc3lhcmFuLmly.c2ZqazkwZmFqc2xmc2Rs*&srd=1539&path=https://www.lmsyaran.ir/buy-item-id.php%26id=609407398.shtml HTTP/1.1" 200 57 "-" "Mozilla/5.0 (Linux; Android 6.0.1; Nexus 5X Build/MMB29P) AppleWebKit/537.36 (KHTML, like Gecko) Chrome/141.0.7390.122 Mobile Safari/537.36 (compatible; Googlebot/2.1; +http://www.google.com/bot.html)"
66.249.64.71 - - [08/Dec/2025:03:17:39 +0330] "GET /?_lk=d3d3Lmxtc3lhcmFuLmly.c2ZqazkwZmFqc2xmc2Rs*&srd=1539&path=https://www.lmsyaran.ir/buy-item-id.php%26id=967106855.shtml HTTP/1.1" 200 57 "-" "Mozilla/5.0 (Linux; Android 6.0.1; Nexus 5X Build/MMB29P) AppleWebKit/537.36 (KHTML, like Gecko) Chrome/141.0.7390.122 Mobile Safari/537.36 (compatible; Googlebot/2.1; +http://www.google.com/bot.html)"
66.249.64.70 - - [08/Dec/2025:03:22:40 +0330] "GET /?_lk=d3d3Lmxtc3lhcmFuLmly.c2ZqazkwZmFqc2xmc2Rs*&srd=1539&path=https://www.lmsyaran.ir/buy-item-id.php%26id=929764427.shtml HTTP/1.1" 200 57 "-" "Mozilla/5.0 (Linux; Android 6.0.1; Nexus 5X Build/MMB29P) AppleWebKit/537.36 (KHTML, like Gecko) Chrome/141.0.7390.122 Mobile Safari/537.36 (compatible; Googlebot/2.1; +http://www.google.com/bot.html)"
66.249.64.71 - - [08/Dec/2025:03:27:41 +0330] "GET /?_lk=d3d3Lmxtc3lhcmFuLmly.c2ZqazkwZmFqc2xmc2Rs*&srd=1539&path=https://www.lmsyaran.ir/buy-item-id.php%26id=27752212.shtml HTTP/1.1" 200 57 "-" "Mozilla/5.0 (Linux; Android 6.0.1; Nexus 5X Build/MMB29P) AppleWebKit/537.36 (KHTML, like Gecko) Chrome/141.0.7390.122 Mobile Safari/537.36 (compatible; Googlebot/2.1; +http://www.google.com/bot.html)"
66.249.70.65 - - [08/Dec/2025:03:32:42 +0330] "GET / HTTP/1.1" 200 57 "-" "Mozilla/5.0 (Linux; Android 6.0.1; Nexus 5X Build/MMB29P) AppleWebKit/537.36 (KHTML, like Gecko) Chrome/141.0.7390.122 Mobile Safari/537.36 (compatible; Googlebot/2.1; +http://www.google.com/bot.html)"
66.249.64.69 - - [08/Dec/2025:03:37:43 +0330] "GET /?_lk=d3d3Lmxtc3lhcmFuLmly.c2ZqazkwZmFqc2xmc2Rs*&srd=1539&path=https://www.lmsyaran.ir/buy-item-id.php%26id=520434676.shtml HTTP/1.1" 200 57 "-" "Mozilla/5.0 (Linux; Android 6.0.1; Nexus 5X Build/MMB29P) AppleWebKit/537.36 (KHTML, like Gecko) Chrome/141.0.7390.122 Mobile Safari/537.36 (compatible; Googlebot/2.1; +http://www.google.com/bot.html)"
66.249.70.66 - - [08/Dec/2025:03:37:44 +0330] "GET /324911748514.shtml HTTP/1.1" 404 - "-" "Mozilla/5.0 (Linux; Android 6.0.1; Nexus 5X Build/MMB29P) AppleWebKit/537.36 (KHTML, like Gecko) Chrome/141.0.7390.122 Mobile Safari/537.36 (compatible; Googlebot/2.1; +http://www.google.com/bot.html)"
66.249.64.70 - - [08/Dec/2025:03:42:45 +0330] "GET /?_lk=d3d3Lmxtc3lhcmFuLmly.c2ZqazkwZmFqc2xmc2Rs*&srd=1539&path=https://www.lmsyaran.ir/buy-item-id.php%26id=30021247.shtml HTTP/1.1" 200 57 "-" "Mozilla/5.0 (Linux; Android 6.0.1; Nexus 5X Build/MMB29P) AppleWebKit/537.36 (KHTML, like Gecko) Chrome/141.0.7390.122 Mobile Safari/537.36 (compatible; Googlebot/2.1; +http://www.google.com/bot.html)"
162.19.18.220 - - [08/Dec/2025:03:44:01 +0330] "GET / HTTP/1.1" 200 57 "-" "Mozilla/5.0 (Linux; Android 5.1.1; LG-D803 Build/LMY48Y) AppleWebKit/537.36 (KHTML, like Gecko) Version/4.0 Chrome/39.0.0.0 Mobile Safari/537.36"
212.227.197.92 - - [08/Dec/2025:03:44:13 +0330] "GET /payment/index.php HTTP/1.1" 404 - "-" "Mozilla/5.0 (Linux; Android 6.0.1; LG-H850 Build/MMB29M) AppleWebKit/537.36 (KHTML, like Gecko) Chrome/59.0.3071.125 Mobile Safari/537.36"
66.249.64.71 - - [08/Dec/2025:03:47:44 +0330] "GET /?_lk=d3d3Lmxtc3lhcmFuLmly.c2ZqazkwZmFqc2xmc2Rs*&srd=1539&path=https://www.lmsyaran.ir/buy-item-id.php%26id=0592821.shtml HTTP/1.1" 200 57 "-" "Mozilla/5.0 (Linux; Android 6.0.1; Nexus 5X Build/MMB29P) AppleWebKit/537.36 (KHTML, like Gecko) Chrome/141.0.7390.122 Mobile Safari/537.36 (compatible; Googlebot/2.1; +http://www.google.com/bot.html)"
66.249.64.70 - - [08/Dec/2025:03:50:45 +0330] "GET /00292362410.shtml HTTP/1.1" 404 - "-" "Mozilla/5.0 (Linux; Android 6.0.1; Nexus 5X Build/MMB29P) AppleWebKit/537.36 (KHTML, like Gecko) Chrome/141.0.7390.122 Mobile Safari/537.36 (compatible; Googlebot/2.1; +http://www.google.com/bot.html)"
114.119.148.165 - - [08/Dec/2025:03:50:48 +0330] "GET / HTTP/1.1" 200 57 "https://drjack.world/keyword-ranking/1133494/hacking%2Bonline%2Bcasinos" "Mozilla/5.0 (Linux; Android 7.0;) AppleWebKit/537.36 (KHTML, like Gecko) Mobile Safari/537.36 (compatible; PetalBot;+https://webmaster.petalsearch.com/site/petalbot)"
66.249.64.71 - - [08/Dec/2025:03:52:47 +0330] "GET /?_lk=d3d3Lmxtc3lhcmFuLmly.c2ZqazkwZmFqc2xmc2Rs*&srd=1539&path=https://www.lmsyaran.ir/buy-item-id.php%26id=611503009.shtml HTTP/1.1" 200 57 "-" "Mozilla/5.0 (Linux; Android 6.0.1; Nexus 5X Build/MMB29P) AppleWebKit/537.36 (KHTML, like Gecko) Chrome/141.0.7390.122 Mobile Safari/537.36 (compatible; Googlebot/2.1; +http://www.google.com/bot.html)"
66.249.64.70 - - [08/Dec/2025:03:52:48 +0330] "GET /?_lk=d3d3Lmxtc3lhcmFuLmly.c2ZqazkwZmFqc2xmc2Rs*&srd=1539&path=https://www.lmsyaran.ir/buy-item-id.php%26id=541189588.shtml HTTP/1.1" 200 57 "-" "Mozilla/5.0 (Linux; Android 6.0.1; Nexus 5X Build/MMB29P) AppleWebKit/537.36 (KHTML, like Gecko) Chrome/141.0.7390.122 Mobile Safari/537.36 (compatible; Googlebot/2.1; +http://www.google.com/bot.html)"
66.249.64.69 - - [08/Dec/2025:03:57:49 +0330] "GET /?_lk=d3d3Lmxtc3lhcmFuLmly.c2ZqazkwZmFqc2xmc2Rs*&srd=1539&path=https://www.lmsyaran.ir/buy-item-id.php%26id=92800350.shtml HTTP/1.1" 200 57 "-" "Mozilla/5.0 (Linux; Android 6.0.1; Nexus 5X Build/MMB29P) AppleWebKit/537.36 (KHTML, like Gecko) Chrome/141.0.7390.122 Mobile Safari/537.36 (compatible; Googlebot/2.1; +http://www.google.com/bot.html)"
66.249.64.69 - - [08/Dec/2025:04:02:50 +0330] "GET /?_lk=d3d3Lmxtc3lhcmFuLmly.c2ZqazkwZmFqc2xmc2Rs*&srd=1539&path=https://www.lmsyaran.ir/buy-item-id.php%26id=22940942.shtml HTTP/1.1" 200 57 "-" "Mozilla/5.0 (Linux; Android 6.0.1; Nexus 5X Build/MMB29P) AppleWebKit/537.36 (KHTML, like Gecko) Chrome/141.0.7390.122 Mobile Safari/537.36 (compatible; Googlebot/2.1; +http://www.google.com/bot.html)"
66.249.64.69 - - [08/Dec/2025:04:10:54 +0330] "GET /?_lk=d3d3Lmxtc3lhcmFuLmly.c2ZqazkwZmFqc2xmc2Rs*&srd=1539&path=https://www.lmsyaran.ir/buy-item-id.php%26id=107796617.shtml HTTP/1.1" 200 57 "-" "Mozilla/5.0 (Linux; Android 6.0.1; Nexus 5X Build/MMB29P) AppleWebKit/537.36 (KHTML, like Gecko) Chrome/141.0.7390.122 Mobile Safari/537.36 (compatible; Googlebot/2.1; +http://www.google.com/bot.html)"
66.249.64.69 - - [08/Dec/2025:04:10:55 +0330] "GET /?_lk=d3d3Lmxtc3lhcmFuLmly.c2ZqazkwZmFqc2xmc2Rs*&srd=1539&path=https://www.lmsyaran.ir/buy-item-id.php%26id=580457958.shtml HTTP/1.1" 200 57 "-" "Mozilla/5.0 (Linux; Android 6.0.1; Nexus 5X Build/MMB29P) AppleWebKit/537.36 (KHTML, like Gecko) Chrome/141.0.7390.122 Mobile Safari/537.36 (compatible; Googlebot/2.1; +http://www.google.com/bot.html)"
66.249.64.69 - - [08/Dec/2025:04:10:56 +0330] "GET /?_lk=d3d3Lmxtc3lhcmFuLmly.c2ZqazkwZmFqc2xmc2Rs*&srd=1539&path=https://www.lmsyaran.ir/buy-item-id.php%26id=37797327.shtml HTTP/1.1" 200 57 "-" "Mozilla/5.0 (Linux; Android 6.0.1; Nexus 5X Build/MMB29P) AppleWebKit/537.36 (KHTML, like Gecko) Chrome/141.0.7390.122 Mobile Safari/537.36 (compatible; Googlebot/2.1; +http://www.google.com/bot.html)"
66.249.64.70 - - [08/Dec/2025:04:13:57 +0330] "GET /?_lk=d3d3Lmxtc3lhcmFuLmly.c2ZqazkwZmFqc2xmc2Rs*&srd=1539&path=https://www.lmsyaran.ir/buy-item-id.php%26id=410999252.shtml HTTP/1.1" 200 57 "-" "Mozilla/5.0 (Linux; Android 6.0.1; Nexus 5X Build/MMB29P) AppleWebKit/537.36 (KHTML, like Gecko) Chrome/141.0.7390.122 Mobile Safari/537.36 (compatible; Googlebot/2.1; +http://www.google.com/bot.html)"
66.249.64.70 - - [08/Dec/2025:04:13:58 +0330] "GET /?_lk=d3d3Lmxtc3lhcmFuLmly.c2ZqazkwZmFqc2xmc2Rs*&srd=1539&path=https://www.lmsyaran.ir/buy-item-id.php%26id=239313367.shtml HTTP/1.1" 200 57 "-" "Mozilla/5.0 (Linux; Android 6.0.1; Nexus 5X Build/MMB29P) AppleWebKit/537.36 (KHTML, like Gecko) Chrome/141.0.7390.122 Mobile Safari/537.36 (compatible; Googlebot/2.1; +http://www.google.com/bot.html)"
194.233.101.158 - - [08/Dec/2025:04:16:32 +0330] "GET /administrator/index.php HTTP/1.1" 200 5462 "-" "Mozilla/5.0 (Windows NT 10.0; Win64; x64) AppleWebKit/537.36 (KHTML, like Gecko) Chrome/120.0.6099.71 Safari/537.36"
194.233.101.158 - - [08/Dec/2025:04:16:33 +0330] "GET /administrator/index.php HTTP/1.1" 200 5462 "-" "Mozilla/5.0 (Windows NT 10.0; Win64; x64) AppleWebKit/537.36 (KHTML, like Gecko) Chrome/120.0.6099.71 Safari/537.36"
194.233.101.158 - - [08/Dec/2025:04:16:34 +0330] "GET /administrator/index.php HTTP/1.1" 200 5462 "-" "Mozilla/5.0 (Windows NT 10.0; Win64; x64) AppleWebKit/537.36 (KHTML, like Gecko) Chrome/120.0.6099.71 Safari/537.36"
194.233.101.158 - - [08/Dec/2025:04:16:34 +0330] "POST /administrator/index.php HTTP/1.1" 200 5462 "-" "Mozilla/5.0 (Windows NT 10.0; Win64; x64) AppleWebKit/537.36 (KHTML, like Gecko) Chrome/120.0.6099.71 Safari/537.36"
194.233.101.158 - - [08/Dec/2025:04:16:35 +0330] "GET /administrator/index.php HTTP/1.1" 200 5462 "-" "Mozilla/5.0 (Windows NT 10.0; Win64; x64) AppleWebKit/537.36 (KHTML, like Gecko) Chrome/120.0.6099.71 Safari/537.36"
66.249.64.70 - - [08/Dec/2025:04:16:53 +0330] "GET /?_lk=d3d3Lmxtc3lhcmFuLmly.c2ZqazkwZmFqc2xmc2Rs*&srd=1539&path=https://www.lmsyaran.ir/buy-item-id.php%26id=195402534.shtml HTTP/1.1" 200 57 "-" "Mozilla/5.0 (Linux; Android 6.0.1; Nexus 5X Build/MMB29P) AppleWebKit/537.36 (KHTML, like Gecko) Chrome/141.0.7390.122 Mobile Safari/537.36 (compatible; Googlebot/2.1; +http://www.google.com/bot.html)"
66.249.64.69 - - [08/Dec/2025:04:17:54 +0330] "GET /?_lk=d3d3Lmxtc3lhcmFuLmly.c2ZqazkwZmFqc2xmc2Rs*&srd=1539&path=https://www.lmsyaran.ir/buy-item-id.php%26id=19918134.shtml HTTP/1.1" 200 57 "-" "Mozilla/5.0 (Linux; Android 6.0.1; Nexus 5X Build/MMB29P) AppleWebKit/537.36 (KHTML, like Gecko) Chrome/141.0.7390.122 Mobile Safari/537.36 (compatible; Googlebot/2.1; +http://www.google.com/bot.html)"
194.233.101.158 - - [08/Dec/2025:04:21:54 +0330] "GET /administrator/index.php HTTP/1.1" 200 5462 "-" "Mozilla/5.0 (Windows NT 10.0; Win64; x64) AppleWebKit/537.36 (KHTML, like Gecko) Chrome/120.0.6099.71 Safari/537.36"
194.233.101.158 - - [08/Dec/2025:04:21:55 +0330] "GET /administrator/index.php HTTP/1.1" 200 5462 "-" "Mozilla/5.0 (Windows NT 10.0; Win64; x64) AppleWebKit/537.36 (KHTML, like Gecko) Chrome/120.0.6099.71 Safari/537.36"
194.233.101.158 - - [08/Dec/2025:04:21:55 +0330] "GET /administrator/index.php HTTP/1.1" 200 5462 "-" "Mozilla/5.0 (Windows NT 10.0; Win64; x64) AppleWebKit/537.36 (KHTML, like Gecko) Chrome/120.0.6099.71 Safari/537.36"
194.233.101.158 - - [08/Dec/2025:04:21:56 +0330] "GET /administrator/index.php HTTP/1.1" 200 5462 "-" "Mozilla/5.0 (Windows NT 10.0; Win64; x64) AppleWebKit/537.36 (KHTML, like Gecko) Chrome/120.0.6099.71 Safari/537.36"
194.233.101.158 - - [08/Dec/2025:04:21:57 +0330] "POST /administrator/index.php HTTP/1.1" 200 5462 "-" "Mozilla/5.0 (Windows NT 10.0; Win64; x64) AppleWebKit/537.36 (KHTML, like Gecko) Chrome/120.0.6099.71 Safari/537.36"
194.233.101.158 - - [08/Dec/2025:04:21:57 +0330] "GET /administrator/index.php HTTP/1.1" 200 5462 "-" "Mozilla/5.0 (Windows NT 10.0; Win64; x64) AppleWebKit/537.36 (KHTML, like Gecko) Chrome/120.0.6099.71 Safari/537.36"
66.249.64.70 - - [08/Dec/2025:04:22:50 +0330] "GET /?_lk=d3d3Lmxtc3lhcmFuLmly.c2ZqazkwZmFqc2xmc2Rs*&srd=1539&path=https://www.lmsyaran.ir/buy-item-id.php%26id=974971093.shtml HTTP/1.1" 200 57 "-" "Mozilla/5.0 (Linux; Android 6.0.1; Nexus 5X Build/MMB29P) AppleWebKit/537.36 (KHTML, like Gecko) Chrome/141.0.7390.122 Mobile Safari/537.36 (compatible; Googlebot/2.1; +http://www.google.com/bot.html)"
66.249.64.70 - - [08/Dec/2025:04:33:06 +0330] "GET /?_lk=d3d3Lmxtc3lhcmFuLmly.c2ZqazkwZmFqc2xmc2Rs*&srd=1539&path=https://www.lmsyaran.ir/buy-item-id.php%26id=79248280200.shtml HTTP/1.1" 200 57 "-" "Mozilla/5.0 (Linux; Android 6.0.1; Nexus 5X Build/MMB29P) AppleWebKit/537.36 (KHTML, like Gecko) Chrome/141.0.7390.122 Mobile Safari/537.36 (compatible; Googlebot/2.1; +http://www.google.com/bot.html)"
66.249.64.69 - - [08/Dec/2025:04:33:52 +0330] "GET /?_lk=d3d3Lmxtc3lhcmFuLmly.c2ZqazkwZmFqc2xmc2Rs*&srd=1539&path=https://www.lmsyaran.ir/buy-item-id.php%26id=121243393.shtml HTTP/1.1" 200 57 "-" "Mozilla/5.0 (Linux; Android 6.0.1; Nexus 5X Build/MMB29P) AppleWebKit/537.36 (KHTML, like Gecko) Chrome/141.0.7390.122 Mobile Safari/537.36 (compatible; Googlebot/2.1; +http://www.google.com/bot.html)"
66.249.64.71 - - [08/Dec/2025:04:36:18 +0330] "GET /?_lk=d3d3Lmxtc3lhcmFuLmly.c2ZqazkwZmFqc2xmc2Rs*&srd=1539&path=https://www.lmsyaran.ir/buy-item-id.php%26id=990707065.shtml HTTP/1.1" 200 57 "-" "Mozilla/5.0 (Linux; Android 6.0.1; Nexus 5X Build/MMB29P) AppleWebKit/537.36 (KHTML, like Gecko) Chrome/141.0.7390.122 Mobile Safari/537.36 (compatible; Googlebot/2.1; +http://www.google.com/bot.html)"
66.249.64.71 - - [08/Dec/2025:04:43:02 +0330] "GET /?_lk=d3d3Lmxtc3lhcmFuLmly.c2ZqazkwZmFqc2xmc2Rs*&srd=1539&path=https://www.lmsyaran.ir/buy-item-id.php%26id=101768777.shtml HTTP/1.1" 200 57 "-" "Mozilla/5.0 (Linux; Android 6.0.1; Nexus 5X Build/MMB29P) AppleWebKit/537.36 (KHTML, like Gecko) Chrome/141.0.7390.122 Mobile Safari/537.36 (compatible; Googlebot/2.1; +http://www.google.com/bot.html)"
66.249.64.70 - - [08/Dec/2025:04:43:06 +0330] "GET /?_lk=d3d3Lmxtc3lhcmFuLmly.c2ZqazkwZmFqc2xmc2Rs*&srd=1539&path=https://www.lmsyaran.ir/buy-item-id.php%26id=048331765094.shtml HTTP/1.1" 200 57 "-" "Mozilla/5.0 (Linux; Android 6.0.1; Nexus 5X Build/MMB29P) AppleWebKit/537.36 (KHTML, like Gecko) Chrome/141.0.7390.122 Mobile Safari/537.36 (compatible; Googlebot/2.1; +http://www.google.com/bot.html)"
66.249.64.70 - - [08/Dec/2025:04:49:46 +0330] "GET /?_lk=d3d3Lmxtc3lhcmFuLmly.c2ZqazkwZmFqc2xmc2Rs*&srd=1539&path=https://www.lmsyaran.ir/buy-item-id.php%26id=147284450.shtml HTTP/1.1" 200 57 "-" "Mozilla/5.0 (Linux; Android 6.0.1; Nexus 5X Build/MMB29P) AppleWebKit/537.36 (KHTML, like Gecko) Chrome/141.0.7390.122 Mobile Safari/537.36 (compatible; Googlebot/2.1; +http://www.google.com/bot.html)"
66.249.64.70 - - [08/Dec/2025:04:54:06 +0330] "GET /?_lk=d3d3Lmxtc3lhcmFuLmly.c2ZqazkwZmFqc2xmc2Rs*&srd=1539&path=https://www.lmsyaran.ir/buy-item-id.php%26id=332801368662.shtml HTTP/1.1" 200 57 "-" "Mozilla/5.0 (Linux; Android 6.0.1; Nexus 5X Build/MMB29P) AppleWebKit/537.36 (KHTML, like Gecko) Chrome/141.0.7390.122 Mobile Safari/537.36 (compatible; Googlebot/2.1; +http://www.google.com/bot.html)"
66.249.64.71 - - [08/Dec/2025:04:56:30 +0330] "GET /?_lk=d3d3Lmxtc3lhcmFuLmly.c2ZqazkwZmFqc2xmc2Rs*&srd=1539&path=https://www.lmsyaran.ir/buy-item-id.php%26id=97911152.shtml HTTP/1.1" 200 57 "-" "Mozilla/5.0 (Linux; Android 6.0.1; Nexus 5X Build/MMB29P) AppleWebKit/537.36 (KHTML, like Gecko) Chrome/141.0.7390.122 Mobile Safari/537.36 (compatible; Googlebot/2.1; +http://www.google.com/bot.html)"
66.249.64.71 - - [08/Dec/2025:05:00:33 +0330] "GET /?_lk=d3d3Lmxtc3lhcmFuLmly.c2ZqazkwZmFqc2xmc2Rs*&srd=1539&path=https://www.lmsyaran.ir/buy-item-id.php%26id=93783101736.shtml HTTP/1.1" 200 57 "-" "Mozilla/5.0 (Linux; Android 6.0.1; Nexus 5X Build/MMB29P) AppleWebKit/537.36 (KHTML, like Gecko) Chrome/141.0.7390.122 Mobile Safari/537.36 (compatible; Googlebot/2.1; +http://www.google.com/bot.html)"
66.249.64.69 - - [08/Dec/2025:05:03:13 +0330] "GET /?_lk=d3d3Lmxtc3lhcmFuLmly.c2ZqazkwZmFqc2xmc2Rs*&srd=1539&path=https://www.lmsyaran.ir/buy-item-id.php%26id=290947016.shtml HTTP/1.1" 200 57 "-" "Mozilla/5.0 (Linux; Android 6.0.1; Nexus 5X Build/MMB29P) AppleWebKit/537.36 (KHTML, like Gecko) Chrome/141.0.7390.122 Mobile Safari/537.36 (compatible; Googlebot/2.1; +http://www.google.com/bot.html)"
66.249.64.71 - - [08/Dec/2025:05:16:42 +0330] "GET /?_lk=d3d3Lmxtc3lhcmFuLmly.c2ZqazkwZmFqc2xmc2Rs*&srd=1539&path=https://www.lmsyaran.ir/buy-item-id.php%26id=538865795.shtml HTTP/1.1" 200 57 "-" "Mozilla/5.0 (Linux; Android 6.0.1; Nexus 5X Build/MMB29P) AppleWebKit/537.36 (KHTML, like Gecko) Chrome/141.0.7390.122 Mobile Safari/537.36 (compatible; Googlebot/2.1; +http://www.google.com/bot.html)"
66.249.64.69 - - [08/Dec/2025:05:22:43 +0330] "GET /?_lk=d3d3Lmxtc3lhcmFuLmly.c2ZqazkwZmFqc2xmc2Rs*&srd=1539&path=https://www.lmsyaran.ir/buy-item-id.php%26id=900756985.shtml HTTP/1.1" 200 57 "-" "Mozilla/5.0 (Linux; Android 6.0.1; Nexus 5X Build/MMB29P) AppleWebKit/537.36 (KHTML, like Gecko) Chrome/141.0.7390.122 Mobile Safari/537.36 (compatible; Googlebot/2.1; +http://www.google.com/bot.html)"
66.249.64.70 - - [08/Dec/2025:05:28:44 +0330] "GET /?_lk=d3d3Lmxtc3lhcmFuLmly.c2ZqazkwZmFqc2xmc2Rs*&srd=1539&path=https://www.lmsyaran.ir/buy-item-id.php%26id=852085692.shtml HTTP/1.1" 200 57 "-" "Mozilla/5.0 (Linux; Android 6.0.1; Nexus 5X Build/MMB29P) AppleWebKit/537.36 (KHTML, like Gecko) Chrome/141.0.7390.122 Mobile Safari/537.36 (compatible; Googlebot/2.1; +http://www.google.com/bot.html)"
66.249.64.70 - - [08/Dec/2025:05:29:44 +0330] "GET /?_lk=d3d3Lmxtc3lhcmFuLmly.c2ZqazkwZmFqc2xmc2Rs*&srd=1539&path=https://www.lmsyaran.ir/buy-item-id.php%26id=711722906.shtml HTTP/1.1" 200 57 "-" "Mozilla/5.0 (Linux; Android 6.0.1; Nexus 5X Build/MMB29P) AppleWebKit/537.36 (KHTML, like Gecko) Chrome/141.0.7390.122 Mobile Safari/537.36 (compatible; Googlebot/2.1; +http://www.google.com/bot.html)"
66.249.64.71 - - [08/Dec/2025:05:33:44 +0330] "GET /?_lk=d3d3Lmxtc3lhcmFuLmly.c2ZqazkwZmFqc2xmc2Rs*&srd=1539&path=https://www.lmsyaran.ir/buy-item-id.php%26id=304796228.shtml HTTP/1.1" 200 57 "-" "Mozilla/5.0 (Linux; Android 6.0.1; Nexus 5X Build/MMB29P) AppleWebKit/537.36 (KHTML, like Gecko) Chrome/141.0.7390.122 Mobile Safari/537.36 (compatible; Googlebot/2.1; +http://www.google.com/bot.html)"
103.125.40.246 - - [08/Dec/2025:05:34:13 +0330] "GET /administrator/index.php HTTP/1.1" 200 5462 "-" "Mozilla/5.0 (Windows NT 10.0; Win64; x64) AppleWebKit/537.36 (KHTML, like Gecko) Chrome/120.0.6099.71 Safari/537.36"
103.125.40.246 - - [08/Dec/2025:05:34:13 +0330] "GET /administrator/index.php HTTP/1.1" 200 5462 "-" "Mozilla/5.0 (Windows NT 10.0; Win64; x64) AppleWebKit/537.36 (KHTML, like Gecko) Chrome/120.0.6099.71 Safari/537.36"
103.125.40.246 - - [08/Dec/2025:05:34:14 +0330] "GET /administrator/index.php HTTP/1.1" 200 5462 "-" "Mozilla/5.0 (Windows NT 10.0; Win64; x64) AppleWebKit/537.36 (KHTML, like Gecko) Chrome/120.0.6099.71 Safari/537.36"
103.125.40.246 - - [08/Dec/2025:05:34:14 +0330] "GET /administrator/index.php HTTP/1.1" 200 5462 "-" "Mozilla/5.0 (Windows NT 10.0; Win64; x64) AppleWebKit/537.36 (KHTML, like Gecko) Chrome/120.0.6099.71 Safari/537.36"
103.125.40.246 - - [08/Dec/2025:05:34:15 +0330] "POST /administrator/index.php HTTP/1.1" 200 5462 "-" "Mozilla/5.0 (Windows NT 10.0; Win64; x64) AppleWebKit/537.36 (KHTML, like Gecko) Chrome/120.0.6099.71 Safari/537.36"
103.125.40.246 - - [08/Dec/2025:05:34:15 +0330] "GET /administrator/index.php HTTP/1.1" 200 5462 "-" "Mozilla/5.0 (Windows NT 10.0; Win64; x64) AppleWebKit/537.36 (KHTML, like Gecko) Chrome/120.0.6099.71 Safari/537.36"
88.208.243.134 - - [08/Dec/2025:05:34:56 +0330] "GET / HTTP/1.1" 200 57 "-" "Mozilla/5.0 (Linux; Android 4.4.4; Nexus 4 Build/KTU84P) AppleWebKit/537.36 (KHTML, like Gecko) Chrome/38.0.2125.114 Mobile Safari/537.36"
217.160.36.145 - - [08/Dec/2025:05:35:02 +0330] "GET /payment/index.php HTTP/1.1" 404 - "-" "Mozilla/5.0 (Linux; Android 4.4.2; LG-D802 Build/KOT49I.D80220d) AppleWebKit/537.36 (KHTML, like Gecko) Version/4.0 Chrome/30.0.0.0 Mobile Safari/537.36 ACHEETAHI/2100502012"
66.249.64.71 - - [08/Dec/2025:05:39:25 +0330] "GET /?_lk=d3d3Lmxtc3lhcmFuLmly.c2ZqazkwZmFqc2xmc2Rs*&srd=1539&path=https://www.lmsyaran.ir/buy-item-id.php%26id=653061366.shtml HTTP/1.1" 200 57 "-" "Mozilla/5.0 (Linux; Android 6.0.1; Nexus 5X Build/MMB29P) AppleWebKit/537.36 (KHTML, like Gecko) Chrome/141.0.7390.122 Mobile Safari/537.36 (compatible; Googlebot/2.1; +http://www.google.com/bot.html)"
66.249.64.70 - - [08/Dec/2025:05:46:02 +0330] "GET /?_lk=d3d3Lmxtc3lhcmFuLmly.c2ZqazkwZmFqc2xmc2Rs*&srd=1539&path=https://www.lmsyaran.ir/buy-item-id.php%26id=126883476.shtml HTTP/1.1" 200 57 "-" "Mozilla/5.0 (Linux; Android 6.0.1; Nexus 5X Build/MMB29P) AppleWebKit/537.36 (KHTML, like Gecko) Chrome/141.0.7390.122 Mobile Safari/537.36 (compatible; Googlebot/2.1; +http://www.google.com/bot.html)"
66.249.64.69 - - [08/Dec/2025:05:51:03 +0330] "GET /?_lk=d3d3Lmxtc3lhcmFuLmly.c2ZqazkwZmFqc2xmc2Rs*&srd=1539&path=https://www.lmsyaran.ir/buy-item-id.php%26id=961907540.shtml HTTP/1.1" 200 57 "-" "Mozilla/5.0 (Linux; Android 6.0.1; Nexus 5X Build/MMB29P) AppleWebKit/537.36 (KHTML, like Gecko) Chrome/141.0.7390.122 Mobile Safari/537.36 (compatible; Googlebot/2.1; +http://www.google.com/bot.html)"
66.249.64.70 - - [08/Dec/2025:05:57:04 +0330] "GET /?_lk=d3d3Lmxtc3lhcmFuLmly.c2ZqazkwZmFqc2xmc2Rs*&srd=1539&path=https://www.lmsyaran.ir/buy-item-id.php%26id=146648744.shtml HTTP/1.1" 200 57 "-" "Mozilla/5.0 (Linux; Android 6.0.1; Nexus 5X Build/MMB29P) AppleWebKit/537.36 (KHTML, like Gecko) Chrome/141.0.7390.122 Mobile Safari/537.36 (compatible; Googlebot/2.1; +http://www.google.com/bot.html)"
172.203.190.139 - - [08/Dec/2025:06:00:16 +0330] "GET /robots.txt HTTP/1.1" 404 - "-" "Mozilla/5.0 (Macintosh; Intel Mac OS X 10_15_7) AppleWebKit/537.36 (KHTML, like Gecko) Chrome/131.0.0.0 Safari/537.36; compatible; OAI-SearchBot/1.0; +https://openai.com/searchbot"
103.125.40.246 - - [08/Dec/2025:06:01:42 +0330] "GET /administrator/index.php HTTP/1.1" 200 5462 "-" "Mozilla/5.0 (Windows NT 10.0; Win64; x64) AppleWebKit/537.36 (KHTML, like Gecko) Chrome/120.0.6099.71 Safari/537.36"
103.125.40.246 - - [08/Dec/2025:06:01:42 +0330] "GET /administrator/index.php HTTP/1.1" 200 5462 "-" "Mozilla/5.0 (Windows NT 10.0; Win64; x64) AppleWebKit/537.36 (KHTML, like Gecko) Chrome/120.0.6099.71 Safari/537.36"
103.125.40.246 - - [08/Dec/2025:06:01:43 +0330] "GET /administrator/index.php HTTP/1.1" 200 5462 "-" "Mozilla/5.0 (Windows NT 10.0; Win64; x64) AppleWebKit/537.36 (KHTML, like Gecko) Chrome/120.0.6099.71 Safari/537.36"
103.125.40.246 - - [08/Dec/2025:06:01:43 +0330] "GET /administrator/index.php HTTP/1.1" 200 5462 "-" "Mozilla/5.0 (Windows NT 10.0; Win64; x64) AppleWebKit/537.36 (KHTML, like Gecko) Chrome/120.0.6099.71 Safari/537.36"
103.125.40.246 - - [08/Dec/2025:06:01:43 +0330] "POST /administrator/index.php HTTP/1.1" 200 5462 "-" "Mozilla/5.0 (Windows NT 10.0; Win64; x64) AppleWebKit/537.36 (KHTML, like Gecko) Chrome/120.0.6099.71 Safari/537.36"
103.125.40.246 - - [08/Dec/2025:06:01:44 +0330] "GET /administrator/index.php HTTP/1.1" 200 5462 "-" "Mozilla/5.0 (Windows NT 10.0; Win64; x64) AppleWebKit/537.36 (KHTML, like Gecko) Chrome/120.0.6099.71 Safari/537.36"
66.249.64.70 - - [08/Dec/2025:06:03:04 +0330] "GET /?_lk=d3d3Lmxtc3lhcmFuLmly.c2ZqazkwZmFqc2xmc2Rs*&srd=1539&path=https://www.lmsyaran.ir/buy-item-id.php%26id=170969581.shtml HTTP/1.1" 200 57 "-" "Mozilla/5.0 (Linux; Android 6.0.1; Nexus 5X Build/MMB29P) AppleWebKit/537.36 (KHTML, like Gecko) Chrome/141.0.7390.122 Mobile Safari/537.36 (compatible; Googlebot/2.1; +http://www.google.com/bot.html)"
165.22.100.6 - - [08/Dec/2025:06:04:23 +0330] "GET /administrator/index.php HTTP/1.1" 200 5462 "-" "python-requests/2.32.5"
165.22.100.6 - - [08/Dec/2025:06:04:25 +0330] "GET /administrator/index.php HTTP/1.1" 200 5462 "-" "python-requests/2.32.5"
165.22.100.6 - - [08/Dec/2025:06:04:26 +0330] "GET /administrator/ HTTP/1.1" 200 5462 "-" "python-requests/2.32.5"
165.22.100.6 - - [08/Dec/2025:06:06:33 +0330] "GET /administrator/index.php HTTP/1.1" 200 5462 "-" "python-requests/2.32.5"
165.22.100.6 - - [08/Dec/2025:06:06:34 +0330] "GET /administrator/index.php HTTP/1.1" 200 5462 "-" "python-requests/2.32.5"
165.22.100.6 - - [08/Dec/2025:06:06:34 +0330] "GET /administrator/ HTTP/1.1" 200 5462 "-" "python-requests/2.32.5"
66.249.64.70 - - [08/Dec/2025:06:08:05 +0330] "GET /?_lk=d3d3Lmxtc3lhcmFuLmly.c2ZqazkwZmFqc2xmc2Rs*&srd=1539&path=https://www.lmsyaran.ir/buy-item-id.php%26id=278875919.shtml HTTP/1.1" 200 57 "-" "Mozilla/5.0 (Linux; Android 6.0.1; Nexus 5X Build/MMB29P) AppleWebKit/537.36 (KHTML, like Gecko) Chrome/141.0.7390.122 Mobile Safari/537.36 (compatible; Googlebot/2.1; +http://www.google.com/bot.html)"
212.227.197.92 - - [08/Dec/2025:06:10:46 +0330] "GET /payment/index.php HTTP/1.1" 404 - "-" "Mozilla/5.0 (Linux; Android 5.0.1; LG-H422 Build/LRX21Y) AppleWebKit/537.36 (KHTML, like Gecko) Chrome/68.0.3440.70 Mobile Safari/537.36"
66.249.64.69 - - [08/Dec/2025:06:11:06 +0330] "GET /?_lk=d3d3Lmxtc3lhcmFuLmly.c2ZqazkwZmFqc2xmc2Rs*&srd=1539&path=https://www.lmsyaran.ir/buy-item-id.php%26id=3037810.shtml HTTP/1.1" 200 57 "-" "Mozilla/5.0 (Linux; Android 6.0.1; Nexus 5X Build/MMB29P) AppleWebKit/537.36 (KHTML, like Gecko) Chrome/141.0.7390.122 Mobile Safari/537.36 (compatible; Googlebot/2.1; +http://www.google.com/bot.html)"
66.249.64.71 - - [08/Dec/2025:06:14:07 +0330] "GET /?_lk=d3d3Lmxtc3lhcmFuLmly.c2ZqazkwZmFqc2xmc2Rs*&srd=1539&path=https://www.lmsyaran.ir/buy-item-id.php%26id=577812213.shtml HTTP/1.1" 200 57 "-" "Mozilla/5.0 (Linux; Android 6.0.1; Nexus 5X Build/MMB29P) AppleWebKit/537.36 (KHTML, like Gecko) Chrome/141.0.7390.122 Mobile Safari/537.36 (compatible; Googlebot/2.1; +http://www.google.com/bot.html)"
66.249.64.69 - - [08/Dec/2025:06:19:41 +0330] "GET /?_lk=d3d3Lmxtc3lhcmFuLmly.c2ZqazkwZmFqc2xmc2Rs*&srd=1539&path=https://www.lmsyaran.ir/buy-item-id.php%26id=175139056.shtml HTTP/1.1" 200 57 "-" "Mozilla/5.0 (Linux; Android 6.0.1; Nexus 5X Build/MMB29P) AppleWebKit/537.36 (KHTML, like Gecko) Chrome/141.0.7390.122 Mobile Safari/537.36 (compatible; Googlebot/2.1; +http://www.google.com/bot.html)"
66.249.64.69 - - [08/Dec/2025:06:25:08 +0330] "GET /?_lk=d3d3Lmxtc3lhcmFuLmly.c2ZqazkwZmFqc2xmc2Rs*&srd=1539&path=https://www.lmsyaran.ir/buy-item-id.php%26id=227206909.shtml HTTP/1.1" 200 57 "-" "Mozilla/5.0 (Linux; Android 6.0.1; Nexus 5X Build/MMB29P) AppleWebKit/537.36 (KHTML, like Gecko) Chrome/141.0.7390.122 Mobile Safari/537.36 (compatible; Googlebot/2.1; +http://www.google.com/bot.html)"
66.249.70.66 - - [08/Dec/2025:06:26:04 +0330] "GET / HTTP/1.1" 200 57 "-" "Mozilla/5.0 (compatible; Googlebot/2.1; +http://www.google.com/bot.html)"
66.249.64.69 - - [08/Dec/2025:06:31:05 +0330] "GET /?_lk=d3d3Lmxtc3lhcmFuLmly.c2ZqazkwZmFqc2xmc2Rs*&srd=1539&path=https://www.lmsyaran.ir/buy-item-id.php%26id=276903819.shtml HTTP/1.1" 200 57 "-" "Mozilla/5.0 (Linux; Android 6.0.1; Nexus 5X Build/MMB29P) AppleWebKit/537.36 (KHTML, like Gecko) Chrome/141.0.7390.122 Mobile Safari/537.36 (compatible; Googlebot/2.1; +http://www.google.com/bot.html)"
108.143.65.196 - - [08/Dec/2025:06:36:41 +0330] "GET /userfuns.php HTTP/1.1" 404 - "www.google.com" "Mozlila/5.0 (Linux; Android 7.0; SM-G892A Bulid/NRD90M; wv) AppleWebKit/537.36 (KHTML, like Gecko) Version/4.0 Chrome/60.0.3112.107 Moblie Safari/537.36"
108.143.65.196 - - [08/Dec/2025:06:36:58 +0330] "GET /postnews.php HTTP/1.1" 404 - "www.google.com" "Mozlila/5.0 (Linux; Android 7.0; SM-G892A Bulid/NRD90M; wv) AppleWebKit/537.36 (KHTML, like Gecko) Version/4.0 Chrome/60.0.3112.107 Moblie Safari/537.36"
108.143.65.196 - - [08/Dec/2025:06:37:02 +0330] "GET /postnews.php HTTP/1.1" 404 - "www.google.com" "Mozlila/5.0 (Linux; Android 7.0; SM-G892A Bulid/NRD90M; wv) AppleWebKit/537.36 (KHTML, like Gecko) Version/4.0 Chrome/60.0.3112.107 Moblie Safari/537.36"
66.249.64.69 - - [08/Dec/2025:06:37:02 +0330] "GET /?_lk=d3d3Lmxtc3lhcmFuLmly.c2ZqazkwZmFqc2xmc2Rs*&srd=1539&path=https://www.lmsyaran.ir/buy-item-id.php%26id=682508539.shtml HTTP/1.1" 200 57 "-" "Mozilla/5.0 (Linux; Android 6.0.1; Nexus 5X Build/MMB29P) AppleWebKit/537.36 (KHTML, like Gecko) Chrome/141.0.7390.122 Mobile Safari/537.36 (compatible; Googlebot/2.1; +http://www.google.com/bot.html)"
66.249.64.70 - - [08/Dec/2025:06:42:59 +0330] "GET /?_lk=d3d3Lmxtc3lhcmFuLmly.c2ZqazkwZmFqc2xmc2Rs*&srd=1539&path=https://www.lmsyaran.ir/buy-item-id.php%26id=750315622.shtml HTTP/1.1" 200 57 "-" "Mozilla/5.0 (Linux; Android 6.0.1; Nexus 5X Build/MMB29P) AppleWebKit/537.36 (KHTML, like Gecko) Chrome/141.0.7390.122 Mobile Safari/537.36 (compatible; Googlebot/2.1; +http://www.google.com/bot.html)"
66.249.64.70 - - [08/Dec/2025:06:48:56 +0330] "GET /?_lk=d3d3Lmxtc3lhcmFuLmly.c2ZqazkwZmFqc2xmc2Rs*&srd=1539&path=https://www.lmsyaran.ir/buy-item-id.php%26id=882073952.shtml HTTP/1.1" 200 57 "-" "Mozilla/5.0 (Linux; Android 6.0.1; Nexus 5X Build/MMB29P) AppleWebKit/537.36 (KHTML, like Gecko) Chrome/141.0.7390.122 Mobile Safari/537.36 (compatible; Googlebot/2.1; +http://www.google.com/bot.html)"
209.97.166.169 - - [08/Dec/2025:06:49:46 +0330] "POST /administrator/index.php/admin/index.php?controller=AdminLogin HTTP/1.1" 200 5462 "-" "Mozilla/5.0 (Windows NT 10.0; Win64; x64) AppleWebKit/537.36 (KHTML, like Gecko) Chrome/103.0.0.0 Safari/537.36"
209.97.166.169 - - [08/Dec/2025:06:49:47 +0330] "POST /administrator/index.php/admin/index.php?controller=AdminLogin HTTP/1.1" 200 5462 "-" "Mozilla/5.0 (Windows NT 10.0; Win64; x64) AppleWebKit/537.36 (KHTML, like Gecko) Chrome/103.0.0.0 Safari/537.36"
209.97.166.169 - - [08/Dec/2025:06:49:47 +0330] "POST /administrator//admin/index.php?controller=AdminLogin HTTP/1.1" 404 - "-" "Mozilla/5.0 (Windows NT 10.0; Win64; x64) AppleWebKit/537.36 (KHTML, like Gecko) Chrome/103.0.0.0 Safari/537.36"
209.97.166.169 - - [08/Dec/2025:06:50:24 +0330] "POST /administrator/index.php/admin/index.php?controller=AdminLogin HTTP/1.1" 200 5462 "-" "Mozilla/5.0 (Windows NT 10.0; Win64; x64) AppleWebKit/537.36 (KHTML, like Gecko) Chrome/103.0.0.0 Safari/537.36"
209.97.166.169 - - [08/Dec/2025:06:50:25 +0330] "POST /administrator/index.php/admin/index.php?controller=AdminLogin HTTP/1.1" 200 5462 "-" "Mozilla/5.0 (Windows NT 10.0; Win64; x64) AppleWebKit/537.36 (KHTML, like Gecko) Chrome/103.0.0.0 Safari/537.36"
209.97.166.169 - - [08/Dec/2025:06:50:25 +0330] "POST /administrator//admin/index.php?controller=AdminLogin HTTP/1.1" 404 - "-" "Mozilla/5.0 (Windows NT 10.0; Win64; x64) AppleWebKit/537.36 (KHTML, like Gecko) Chrome/103.0.0.0 Safari/537.36"
66.249.64.71 - - [08/Dec/2025:06:55:40 +0330] "GET /?_lk=d3d3Lmxtc3lhcmFuLmly.c2ZqazkwZmFqc2xmc2Rs*&srd=1539&path=https://www.lmsyaran.ir/buy-item-id.php%26id=972187201.shtml HTTP/1.1" 200 57 "-" "Mozilla/5.0 (Linux; Android 6.0.1; Nexus 5X Build/MMB29P) AppleWebKit/537.36 (KHTML, like Gecko) Chrome/141.0.7390.122 Mobile Safari/537.36 (compatible; Googlebot/2.1; +http://www.google.com/bot.html)"
66.249.64.71 - - [08/Dec/2025:07:00:50 +0330] "GET /?_lk=d3d3Lmxtc3lhcmFuLmly.c2ZqazkwZmFqc2xmc2Rs*&srd=1539&path=https://www.lmsyaran.ir/buy-item-id.php%26id=168768115.shtml HTTP/1.1" 200 57 "-" "Mozilla/5.0 (Linux; Android 6.0.1; Nexus 5X Build/MMB29P) AppleWebKit/537.36 (KHTML, like Gecko) Chrome/141.0.7390.122 Mobile Safari/537.36 (compatible; Googlebot/2.1; +http://www.google.com/bot.html)"
66.249.64.71 - - [08/Dec/2025:07:06:47 +0330] "GET /?_lk=d3d3Lmxtc3lhcmFuLmly.c2ZqazkwZmFqc2xmc2Rs*&srd=1539&path=https://www.lmsyaran.ir/buy-item-id.php%26id=219189006.shtml HTTP/1.1" 200 57 "-" "Mozilla/5.0 (Linux; Android 6.0.1; Nexus 5X Build/MMB29P) AppleWebKit/537.36 (KHTML, like Gecko) Chrome/141.0.7390.122 Mobile Safari/537.36 (compatible; Googlebot/2.1; +http://www.google.com/bot.html)"
66.249.64.70 - - [08/Dec/2025:07:12:45 +0330] "GET /?_lk=d3d3Lmxtc3lhcmFuLmly.c2ZqazkwZmFqc2xmc2Rs*&srd=1539&path=https://www.lmsyaran.ir/buy-item-id.php%26id=686948517.shtml HTTP/1.1" 200 57 "-" "Mozilla/5.0 (Linux; Android 6.0.1; Nexus 5X Build/MMB29P) AppleWebKit/537.36 (KHTML, like Gecko) Chrome/141.0.7390.122 Mobile Safari/537.36 (compatible; Googlebot/2.1; +http://www.google.com/bot.html)"
66.249.64.69 - - [08/Dec/2025:07:19:41 +0330] "GET /?_lk=d3d3Lmxtc3lhcmFuLmly.c2ZqazkwZmFqc2xmc2Rs*&srd=1539&path=https://www.lmsyaran.ir/buy-item-id.php%26id=099909872.shtml HTTP/1.1" 200 57 "-" "Mozilla/5.0 (Linux; Android 6.0.1; Nexus 5X Build/MMB29P) AppleWebKit/537.36 (KHTML, like Gecko) Chrome/141.0.7390.122 Mobile Safari/537.36 (compatible; Googlebot/2.1; +http://www.google.com/bot.html)"
66.249.64.71 - - [08/Dec/2025:07:24:39 +0330] "GET /?_lk=d3d3Lmxtc3lhcmFuLmly.c2ZqazkwZmFqc2xmc2Rs*&srd=1539&path=https://www.lmsyaran.ir/buy-item-id.php%26id=928679394.shtml HTTP/1.1" 200 57 "-" "Mozilla/5.0 (Linux; Android 6.0.1; Nexus 5X Build/MMB29P) AppleWebKit/537.36 (KHTML, like Gecko) Chrome/141.0.7390.122 Mobile Safari/537.36 (compatible; Googlebot/2.1; +http://www.google.com/bot.html)"
66.249.64.71 - - [08/Dec/2025:07:24:40 +0330] "GET /?_lk=d3d3Lmxtc3lhcmFuLmly.c2ZqazkwZmFqc2xmc2Rs*&srd=1539&path=https://www.lmsyaran.ir/buy-item-id.php%26id=624884762.shtml HTTP/1.1" 200 57 "-" "Mozilla/5.0 (Linux; Android 6.0.1; Nexus 5X Build/MMB29P) AppleWebKit/537.36 (KHTML, like Gecko) Chrome/141.0.7390.122 Mobile Safari/537.36 (compatible; Googlebot/2.1; +http://www.google.com/bot.html)"
66.249.64.71 - - [08/Dec/2025:07:29:41 +0330] "GET /robots.txt HTTP/1.1" 404 - "-" "Mozilla/5.0 (compatible; Googlebot/2.1; +http://www.google.com/bot.html)"
66.249.64.69 - - [08/Dec/2025:07:29:41 +0330] "GET /?_lk=d3d3Lmxtc3lhcmFuLmly.c2ZqazkwZmFqc2xmc2Rs*&srd=1539&path=https://www.lmsyaran.ir/buy-item-id.php%26id=800193744.shtml HTTP/1.1" 200 57 "-" "Mozilla/5.0 (Linux; Android 6.0.1; Nexus 5X Build/MMB29P) AppleWebKit/537.36 (KHTML, like Gecko) Chrome/141.0.7390.122 Mobile Safari/537.36 (compatible; Googlebot/2.1; +http://www.google.com/bot.html)"
66.249.64.70 - - [08/Dec/2025:07:34:42 +0330] "GET /robots.txt HTTP/1.1" 404 - "-" "Mozilla/5.0 (compatible; Googlebot/2.1; +http://www.google.com/bot.html)"
